{"id":92,"date":"2017-06-30T21:37:49","date_gmt":"2017-07-01T00:37:49","guid":{"rendered":"https:\/\/wp.ufpel.edu.br\/jbs\/?page_id=92"},"modified":"2019-11-23T02:10:47","modified_gmt":"2019-11-23T05:10:47","slug":"comissao","status":"publish","type":"page","link":"https:\/\/wp.ufpel.edu.br\/jbs\/comissao\/","title":{"rendered":"Organiza\u00e7\u00e3o"},"content":{"rendered":"<p>Profa. Dra. Elaine da Silveira Leite (PPGS)<br \/>\nDra. Ana Paula F. D&#8217;Avila (PPGS \u2013 PNPD\/CAPES).<br \/>\nDra. Camila Prates (PPGS \u2013 PNPD\/CAPES).<br \/>\nDr. Lucas Trindade da Silva (PPGS \u2013 PNPD\/CAPES).<br \/>\nAline Elias Lamas \u00a0(Doutoranda em Sociologia\/PGGS)<br \/>\nEstevan de Freitas Garcia (Mestrando em Sociologia\/PPGS)<br \/>\nCarolina Freitas de Oliveira Silva (Doutoranda em Sociologia\/PGGS)<br \/>\nNeidi\u00e2ne Cardoso da Silva (Mestranda em Sociologia\/PGGS)<br \/>\nNikolas Yoshitaka de Oliveira Konishi \u00a0(Mestrando em Sociologia\/ PGGS)<br \/>\nMara Beatriz Nunes Gomes (Mestranda \u00a0em Sociologia\/PGGS)<br \/>\nMabielle Pedra Fanti (Mestranda \u00a0em Sociologia\/PGGS)<br \/>\nM\u00e1ximo \u00cdtalo D&#8217;Almeida Athayde \u00c1vila (Mestrando em Sociologia\/PGGS)<br \/>\nLeonardo Tajes Ferreira \u00a0(Mestrando em Sociologia\/PGGS)<br \/>\nMatheus Lira Bento \u00a0(Mestrando em Sociologia\/ PGGS)<br \/>\nSandro Ari de Andrade Miranda (Doutorando em Sociologia\/ PGGS)<br \/>\nSandro Adams (Mestrando em Sociologia\/PGGS)<br \/>\nJulio Marinho Ferreira (Doutorando em Sociologia\/ PGGS)<\/p>\n","protected":false},"excerpt":{"rendered":"<p>Profa. Dra. Elaine da Silveira Leite (PPGS) Dra. Ana Paula F. D&#8217;Avila (PPGS \u2013 PNPD\/CAPES). Dra. Camila Prates (PPGS \u2013 PNPD\/CAPES). Dr. Lucas Trindade da Silva (PPGS \u2013 PNPD\/CAPES). Aline Elias Lamas \u00a0(Doutoranda em Sociologia\/PGGS) Estevan de Freitas Garcia (Mestrando em Sociologia\/PPGS) Carolina Freitas de Oliveira Silva (Doutoranda em Sociologia\/PGGS) Neidi\u00e2ne Cardoso da Silva (Mestranda [&hellip;]<\/p>\n","protected":false},"author":731,"featured_media":0,"parent":0,"menu_order":0,"comment_status":"closed","ping_status":"closed","template":"","meta":{"footnotes":""},"class_list":["post-92","page","type-page","status-publish","hentry"],"jetpack_sharing_enabled":true,"_links":{"self":[{"href":"https:\/\/wp.ufpel.edu.br\/jbs\/wp-json\/wp\/v2\/pages\/92","targetHints":{"allow":["GET"]}}],"collection":[{"href":"https:\/\/wp.ufpel.edu.br\/jbs\/wp-json\/wp\/v2\/pages"}],"about":[{"href":"https:\/\/wp.ufpel.edu.br\/jbs\/wp-json\/wp\/v2\/types\/page"}],"author":[{"embeddable":true,"href":"https:\/\/wp.ufpel.edu.br\/jbs\/wp-json\/wp\/v2\/users\/731"}],"replies":[{"embeddable":true,"href":"https:\/\/wp.ufpel.edu.br\/jbs\/wp-json\/wp\/v2\/comments?post=92"}],"version-history":[{"count":12,"href":"https:\/\/wp.ufpel.edu.br\/jbs\/wp-json\/wp\/v2\/pages\/92\/revisions"}],"predecessor-version":[{"id":849,"href":"https:\/\/wp.ufpel.edu.br\/jbs\/wp-json\/wp\/v2\/pages\/92\/revisions\/849"}],"wp:attachment":[{"href":"https:\/\/wp.ufpel.edu.br\/jbs\/wp-json\/wp\/v2\/media?parent=92"}],"curies":[{"name":"wp","href":"https:\/\/api.w.org\/{rel}","templated":true}]}}