{"id":208,"date":"2017-08-28T13:36:30","date_gmt":"2017-08-28T16:36:30","guid":{"rendered":"https:\/\/wp.ufpel.edu.br\/jbs\/?page_id=208"},"modified":"2020-09-21T10:30:27","modified_gmt":"2020-09-21T13:30:27","slug":"expediente","status":"publish","type":"page","link":"https:\/\/wp.ufpel.edu.br\/jbs\/anais\/expediente\/","title":{"rendered":"Expediente"},"content":{"rendered":"<div class=\"gmail_default\"><strong>Corpo editorial<\/strong><\/div>\n<div><\/div>\n<div class=\"gmail_default\">Profa. Dra. Elaine da Silveira Leite (PPGS)<br \/>\nDra. Ana Paula F. D&#8217;Avila (PPGS \u2013 PNPD\/CAPES).<br \/>\nDra. Camila Prates (PPGS \u2013 PNPD\/CAPES).<br \/>\nDr. Lucas Trindade da Silva (PPGS \u2013 PNPD\/CAPES).<br \/>\nProf\u00aa Dr\u00aa Simone Gomes (PPGS).<br \/>\nProf. Dr. L\u00e9o Peixoto Rodrigues (PPGS).<br \/>\nProf. Dr. Pedro Robertt (PPGS).<br \/>\nProf. Dr. M\u00e1rcio Barcelos (FAT\/UFPel).<\/div>\n<div class=\"gmail_default\">Prof. Dr. Rafael Braz (PPGS).<\/div>\n<div class=\"gmail_default\">Prof. Dr. Attila Barbosa (PPGS).<\/div>\n<div class=\"gmail_default\">Prof. Dr. Marcus Vinicius Spolle (PPGS).<br \/>\nProf. Dr. S\u00e9rgio Barcellos (PPGS e ICHI\/FURG).<br \/>\nProf. Dr. William G\u00f3mez Soto (PPGS).<\/div>\n<div><\/div>\n<div class=\"gmail_default\">\n<p><strong>Responsav\u00e9l t\u00e9cnico e de edi\u00e7\u00e3o<\/strong>: Estevan Garcia.<br \/>\n<strong>Respons\u00e1vel Sites de Redes Sociais: <\/strong>Leonardo Ferreira.<br \/>\n<strong>Respons\u00e1vel E-mail: <\/strong>Nikolas Konishi.<\/p>\n<hr \/>\n<p><strong>Periodicidade<\/strong>: Bienal.<\/p>\n<p><strong>Idiomas aceitos para publica\u00e7\u00e3o<\/strong>: Portugu\u00eas, Espanhol e Ingl\u00eas.<\/p>\n<p><strong>ISSN<\/strong> 2675-6382<\/p>\n<hr \/>\n<p><strong>Programa de P\u00f3s-Gradua\u00e7\u00e3o em Sociologia (PPGS) |\u00a0 Instituto de Filosofia, Sociologia e Pol\u00edtica (IFISP) |\u00a0 Universidade Federal de Pelotas (UFPel)\u00a0<\/strong><\/p>\n<p><strong>R. Cel. Alberto Rosa, 154 \u2013 Centro, Pelotas \u2013 RS<\/strong><\/p>\n<p>&nbsp;<\/p>\n<\/div>\n","protected":false},"excerpt":{"rendered":"<p>Corpo editorial Profa. Dra. Elaine da Silveira Leite (PPGS) Dra. Ana Paula F. D&#8217;Avila (PPGS \u2013 PNPD\/CAPES). Dra. Camila Prates (PPGS \u2013 PNPD\/CAPES). Dr. Lucas Trindade da Silva (PPGS \u2013 PNPD\/CAPES). Prof\u00aa Dr\u00aa Simone Gomes (PPGS). Prof. Dr. L\u00e9o Peixoto Rodrigues (PPGS). Prof. Dr. Pedro Robertt (PPGS). Prof. Dr. M\u00e1rcio Barcelos (FAT\/UFPel). Prof. Dr. Rafael [&hellip;]<\/p>\n","protected":false},"author":731,"featured_media":0,"parent":29,"menu_order":3,"comment_status":"closed","ping_status":"closed","template":"","meta":{"footnotes":""},"class_list":["post-208","page","type-page","status-publish","hentry"],"jetpack_sharing_enabled":true,"_links":{"self":[{"href":"https:\/\/wp.ufpel.edu.br\/jbs\/wp-json\/wp\/v2\/pages\/208","targetHints":{"allow":["GET"]}}],"collection":[{"href":"https:\/\/wp.ufpel.edu.br\/jbs\/wp-json\/wp\/v2\/pages"}],"about":[{"href":"https:\/\/wp.ufpel.edu.br\/jbs\/wp-json\/wp\/v2\/types\/page"}],"author":[{"embeddable":true,"href":"https:\/\/wp.ufpel.edu.br\/jbs\/wp-json\/wp\/v2\/users\/731"}],"replies":[{"embeddable":true,"href":"https:\/\/wp.ufpel.edu.br\/jbs\/wp-json\/wp\/v2\/comments?post=208"}],"version-history":[{"count":14,"href":"https:\/\/wp.ufpel.edu.br\/jbs\/wp-json\/wp\/v2\/pages\/208\/revisions"}],"predecessor-version":[{"id":872,"href":"https:\/\/wp.ufpel.edu.br\/jbs\/wp-json\/wp\/v2\/pages\/208\/revisions\/872"}],"up":[{"embeddable":true,"href":"https:\/\/wp.ufpel.edu.br\/jbs\/wp-json\/wp\/v2\/pages\/29"}],"wp:attachment":[{"href":"https:\/\/wp.ufpel.edu.br\/jbs\/wp-json\/wp\/v2\/media?parent=208"}],"curies":[{"name":"wp","href":"https:\/\/api.w.org\/{rel}","templated":true}]}}