{"id":20,"date":"2017-06-23T09:51:00","date_gmt":"2017-06-23T12:51:00","guid":{"rendered":"https:\/\/wp.ufpel.edu.br\/jbs\/?page_id=20"},"modified":"2019-10-09T13:49:28","modified_gmt":"2019-10-09T16:49:28","slug":"inscricoes","status":"publish","type":"page","link":"https:\/\/wp.ufpel.edu.br\/jbs\/inscricoes\/","title":{"rendered":"Inscri\u00e7\u00f5es"},"content":{"rendered":"<p><strong>Inscri\u00e7\u00f5es para ouvintes**:<\/strong> ser\u00e3o realizadas durante o credenciamento do evento.<\/p>\n<p><strong>Contribui\u00e7\u00e3o volunt\u00e1ria:<\/strong> R$ 10*<\/p>\n<p>&nbsp;<\/p>\n<p><strong>Submiss\u00e3o de resumos simples**:<\/strong> de <del>24\/06\/2019 at\u00e9 22\/08\/2019\u00a0<\/del><\/p>\n<p><strong>PRORROGADO! Submiss\u00e3o de resumos simples at\u00e9 29\/08\/2019<\/strong><\/p>\n<p><strong>Contribui\u00e7\u00e3o volunt\u00e1ria para apresenta\u00e7\u00e3o de trabalho nos Gt&#8217;s:<\/strong> R$ 20*<\/p>\n<p>&nbsp;<\/p>\n<p>*A contribui\u00e7\u00e3o poder\u00e1 ser realizada no credenciamento e durante o evento.<\/p>\n<p>&nbsp;<\/p>\n<p>**Todos os participantes do evento receber\u00e3o certificados de acordo com a sua modalidade. Nos certificados dos ouvintes constar\u00e3o as horas proporcionais \u00e0 participa\u00e7\u00e3o na jornada.<\/p>\n","protected":false},"excerpt":{"rendered":"<p>Inscri\u00e7\u00f5es para ouvintes**: ser\u00e3o realizadas durante o credenciamento do evento. Contribui\u00e7\u00e3o volunt\u00e1ria: R$ 10* &nbsp; Submiss\u00e3o de resumos simples**: de 24\/06\/2019 at\u00e9 22\/08\/2019\u00a0 PRORROGADO! Submiss\u00e3o de resumos simples at\u00e9 29\/08\/2019 Contribui\u00e7\u00e3o volunt\u00e1ria para apresenta\u00e7\u00e3o de trabalho nos Gt&#8217;s: R$ 20* &nbsp; *A contribui\u00e7\u00e3o poder\u00e1 ser realizada no credenciamento e durante o evento. &nbsp; **Todos os [&hellip;]<\/p>\n","protected":false},"author":731,"featured_media":0,"parent":0,"menu_order":0,"comment_status":"closed","ping_status":"closed","template":"","meta":{"footnotes":""},"class_list":["post-20","page","type-page","status-publish","hentry"],"jetpack_sharing_enabled":true,"_links":{"self":[{"href":"https:\/\/wp.ufpel.edu.br\/jbs\/wp-json\/wp\/v2\/pages\/20","targetHints":{"allow":["GET"]}}],"collection":[{"href":"https:\/\/wp.ufpel.edu.br\/jbs\/wp-json\/wp\/v2\/pages"}],"about":[{"href":"https:\/\/wp.ufpel.edu.br\/jbs\/wp-json\/wp\/v2\/types\/page"}],"author":[{"embeddable":true,"href":"https:\/\/wp.ufpel.edu.br\/jbs\/wp-json\/wp\/v2\/users\/731"}],"replies":[{"embeddable":true,"href":"https:\/\/wp.ufpel.edu.br\/jbs\/wp-json\/wp\/v2\/comments?post=20"}],"version-history":[{"count":22,"href":"https:\/\/wp.ufpel.edu.br\/jbs\/wp-json\/wp\/v2\/pages\/20\/revisions"}],"predecessor-version":[{"id":598,"href":"https:\/\/wp.ufpel.edu.br\/jbs\/wp-json\/wp\/v2\/pages\/20\/revisions\/598"}],"wp:attachment":[{"href":"https:\/\/wp.ufpel.edu.br\/jbs\/wp-json\/wp\/v2\/media?parent=20"}],"curies":[{"name":"wp","href":"https:\/\/api.w.org\/{rel}","templated":true}]}}