{"id":27,"date":"2025-08-13T23:01:26","date_gmt":"2025-08-14T02:01:26","guid":{"rendered":"https:\/\/wp.ufpel.edu.br\/ivmostradeensinodehistoria\/?page_id=27"},"modified":"2025-10-14T15:35:19","modified_gmt":"2025-10-14T18:35:19","slug":"inscricoes","status":"publish","type":"page","link":"https:\/\/wp.ufpel.edu.br\/ivmostradeensinodehistoria\/inscricoes\/","title":{"rendered":"Cronograma e Inscri\u00e7\u00f5es"},"content":{"rendered":"<p><strong>CRONOGRAMA<\/strong><\/p>\n<p>As inscri\u00e7\u00f5es para apresentadores\/as de trabalho estar\u00e3o abertas entre os dias <span style=\"color: #ff0000;\"><strong>01\/09\/2025 e\u00a0 20\/10\/2025.<\/strong><\/span><\/p>\n<p>As inscri\u00e7\u00f5es para ouvintes estar\u00e3o abertas entre os dias <strong><span style=\"color: #ff0000;\">01\/09\/2025 e 14\/11\/2025.<\/span><\/strong><\/p>\n<p>A certifica\u00e7\u00e3o ser\u00e1 de <strong><span style=\"color: #ff0000;\">40 horas<\/span><\/strong>, desde que observada a frequ\u00eancia m\u00ednima de 75% na participa\u00e7\u00e3o das atividades. O evento \u00e9 presencial e gratuito.<\/p>\n<p style=\"text-align: center;\">_______________________________________________________________<\/p>\n<p><strong>FORMUL\u00c1RIO DE INSCRI\u00c7\u00d5ES<\/strong><\/p>\n<ul>\n<li>Para se inscrever no evento como apresentador de trabalho, <a href=\"https:\/\/forms.gle\/Tz515oyLtK5UdNQf9\">clique aqui.<\/a><\/li>\n<\/ul>\n<p>&nbsp;<\/p>\n<ul>\n<li>Para se increver no evento como ouvinte, <a href=\"https:\/\/docs.google.com\/forms\/d\/e\/1FAIpQLSfXvLL_w5CnJ8vIA9c2kZCeQd8hApFfQKF6rVZPzn_Ps5Cbtw\/viewform?usp=sharing&amp;ouid=109561621368403248182\">clique aqui<\/a>.<\/li>\n<\/ul>\n<p>&nbsp;<\/p>\n<p style=\"text-align: center;\">_______________________________________________________________<\/p>\n<p><strong>MODELO DE RESUMOS:<\/strong><\/p>\n<ul>\n<li style=\"text-align: justify;\">Modelo 1 de resumos na modalidade de pesquisa (IC\/TCC\/Mestrado\/Doutorado) &#8211; <a href=\"https:\/\/docs.google.com\/document\/d\/1hiy6fCCIICPOFLQ0nv8o6fr1-UQB0GYZ\/edit?usp=sharing&amp;ouid=109561621368403248182&amp;rtpof=true&amp;sd=true\">Clique aqui<\/a><\/li>\n<\/ul>\n<ul style=\"text-align: justify;\">\n<li>Modelo 2 de resumos na modalidade de Ensino\/Extens\u00e3o\/Est\u00e1gio\/Monitorias &#8211; <a href=\"https:\/\/docs.google.com\/document\/d\/1hFvHzhHB_0IylFgisB-ERFBfdPMNR4nX\/edit?usp=sharing&amp;ouid=109561621368403248182&amp;rtpof=true&amp;sd=true\">Clique aqui<\/a><\/li>\n<\/ul>\n<p style=\"text-align: justify;\"><strong>Observa\u00e7\u00e3o:<\/strong> seguir estritamemte conforme cada um dos modelos, sem retirar ou acrescentar subst\u00edtulos. Resumos fora das nomas ser\u00e3o reprovados.<\/p>\n<p><span style=\"color: #ff0000;\"><strong>Total de P\u00e1ginas:<\/strong> <strong>de 2 a 5 p\u00e1ginas (excluindo refer\u00eancias bibliogr\u00e1ficas)<\/strong><\/span><\/p>\n","protected":false},"excerpt":{"rendered":"<p>CRONOGRAMA As inscri\u00e7\u00f5es para apresentadores\/as de trabalho estar\u00e3o abertas entre os dias 01\/09\/2025 e\u00a0 20\/10\/2025. As inscri\u00e7\u00f5es para ouvintes estar\u00e3o abertas entre os dias 01\/09\/2025 e 14\/11\/2025. A certifica\u00e7\u00e3o ser\u00e1 de 40 horas, desde que observada a frequ\u00eancia m\u00ednima de 75% na participa\u00e7\u00e3o das atividades. O evento \u00e9 presencial e gratuito. _______________________________________________________________ FORMUL\u00c1RIO DE INSCRI\u00c7\u00d5ES &hellip; <\/p>\n<p><a class=\"more-link btn\" href=\"https:\/\/wp.ufpel.edu.br\/ivmostradeensinodehistoria\/inscricoes\/\">Continue lendo<\/a><\/p>\n","protected":false},"author":1274,"featured_media":0,"parent":0,"menu_order":2,"comment_status":"closed","ping_status":"closed","template":"","meta":{"footnotes":""},"class_list":["post-27","page","type-page","status-publish","hentry","nodate","item-wrap"],"_links":{"self":[{"href":"https:\/\/wp.ufpel.edu.br\/ivmostradeensinodehistoria\/wp-json\/wp\/v2\/pages\/27","targetHints":{"allow":["GET"]}}],"collection":[{"href":"https:\/\/wp.ufpel.edu.br\/ivmostradeensinodehistoria\/wp-json\/wp\/v2\/pages"}],"about":[{"href":"https:\/\/wp.ufpel.edu.br\/ivmostradeensinodehistoria\/wp-json\/wp\/v2\/types\/page"}],"author":[{"embeddable":true,"href":"https:\/\/wp.ufpel.edu.br\/ivmostradeensinodehistoria\/wp-json\/wp\/v2\/users\/1274"}],"replies":[{"embeddable":true,"href":"https:\/\/wp.ufpel.edu.br\/ivmostradeensinodehistoria\/wp-json\/wp\/v2\/comments?post=27"}],"version-history":[{"count":3,"href":"https:\/\/wp.ufpel.edu.br\/ivmostradeensinodehistoria\/wp-json\/wp\/v2\/pages\/27\/revisions"}],"predecessor-version":[{"id":98,"href":"https:\/\/wp.ufpel.edu.br\/ivmostradeensinodehistoria\/wp-json\/wp\/v2\/pages\/27\/revisions\/98"}],"wp:attachment":[{"href":"https:\/\/wp.ufpel.edu.br\/ivmostradeensinodehistoria\/wp-json\/wp\/v2\/media?parent=27"}],"curies":[{"name":"wp","href":"https:\/\/api.w.org\/{rel}","templated":true}]}}