{"id":39,"date":"2022-06-24T16:31:39","date_gmt":"2022-06-24T19:31:39","guid":{"rendered":"https:\/\/wp.ufpel.edu.br\/ipab\/?page_id=39"},"modified":"2024-07-01T14:51:21","modified_gmt":"2024-07-01T17:51:21","slug":"abordagens-psicossociais","status":"publish","type":"page","link":"https:\/\/wp.ufpel.edu.br\/ipab\/abordagens-psicossociais\/","title":{"rendered":"Abordagens"},"content":{"rendered":"<p>Neste menu voc\u00ea ter\u00e1 acesso aos materiais que explicam algumas t\u00e9cnicas para uso na pr\u00e1tica da aten\u00e7\u00e3o b\u00e1sica, sejam individuais, como a Terapia de Resolu\u00e7\u00e3o de Problemas e a Entrevista Motivacional, ou grupais, como os Grupos Operativos e as Tert\u00falias. Outras abordagens, como o Enfrentando Problemas Plus (EP+) da Organiza\u00e7\u00e3o Mundial da Sa\u00fade, incluem t\u00e9cnicas individuais e grupais.<\/p>\n","protected":false},"excerpt":{"rendered":"<p>Neste menu voc\u00ea ter\u00e1 acesso aos materiais que explicam algumas t\u00e9cnicas para uso na pr\u00e1tica da aten\u00e7\u00e3o b\u00e1sica, sejam individuais, como a Terapia de Resolu\u00e7\u00e3o de Problemas e a Entrevista Motivacional, ou grupais, como os Grupos Operativos e as Tert\u00falias. Outras abordagens, como o Enfrentando Problemas Plus (EP+) da Organiza\u00e7\u00e3o Mundial da Sa\u00fade, incluem t\u00e9cnicas [&hellip;]<\/p>\n","protected":false},"author":1240,"featured_media":0,"parent":0,"menu_order":1,"comment_status":"closed","ping_status":"closed","template":"","meta":{"footnotes":""},"class_list":["post-39","page","type-page","status-publish","hentry"],"_links":{"self":[{"href":"https:\/\/wp.ufpel.edu.br\/ipab\/wp-json\/wp\/v2\/pages\/39","targetHints":{"allow":["GET"]}}],"collection":[{"href":"https:\/\/wp.ufpel.edu.br\/ipab\/wp-json\/wp\/v2\/pages"}],"about":[{"href":"https:\/\/wp.ufpel.edu.br\/ipab\/wp-json\/wp\/v2\/types\/page"}],"author":[{"embeddable":true,"href":"https:\/\/wp.ufpel.edu.br\/ipab\/wp-json\/wp\/v2\/users\/1240"}],"replies":[{"embeddable":true,"href":"https:\/\/wp.ufpel.edu.br\/ipab\/wp-json\/wp\/v2\/comments?post=39"}],"version-history":[{"count":8,"href":"https:\/\/wp.ufpel.edu.br\/ipab\/wp-json\/wp\/v2\/pages\/39\/revisions"}],"predecessor-version":[{"id":230,"href":"https:\/\/wp.ufpel.edu.br\/ipab\/wp-json\/wp\/v2\/pages\/39\/revisions\/230"}],"wp:attachment":[{"href":"https:\/\/wp.ufpel.edu.br\/ipab\/wp-json\/wp\/v2\/media?parent=39"}],"curies":[{"name":"wp","href":"https:\/\/api.w.org\/{rel}","templated":true}]}}