{"id":379,"date":"2025-06-23T15:23:24","date_gmt":"2025-06-23T18:23:24","guid":{"rendered":"https:\/\/wp.ufpel.edu.br\/ipab\/?page_id=379"},"modified":"2025-06-26T18:11:17","modified_gmt":"2025-06-26T21:11:17","slug":"abordando-o-sofrimento-mental","status":"publish","type":"page","link":"https:\/\/wp.ufpel.edu.br\/ipab\/kit-basico\/abordando-o-sofrimento-mental\/","title":{"rendered":"Abordando o sofrimento mental"},"content":{"rendered":"<p>O sofrimento mental n\u00e3o \u00e9 um transtorno mental, como aqueles descritos nas classifica\u00e7\u00f5es de doen\u00e7as (CID, DSM), mas problemas que geralmente envolvem fatores emocionais e sociais, capazes de gerar sintomas, muitas vezes afetando o corpo e se manifestado por queixas f\u00edsicas, como dor, tontura, falta de ar, etc. S\u00e3o motivos de consultas frequentes na aten\u00e7\u00e3o prim\u00e1ria \u00e0 sa\u00fade, que precisam ser identificados e tratados como tal.<\/p>\n<p>\u00b4\u00c9 comum serem confundidos com o termo &#8220;somatiza\u00e7\u00e3o&#8221;, ou pessoas &#8220;poliqueixosas&#8221;, mas \u00e9 bom lembrar que esse pode ser um dos diagn\u00f3sticos da CID, como os transtornos somatoformes, que podem requerer um tratamento mais especializado.<\/p>\n<p>O sofrimento mental faz parte da vida, mas as pessoas podem buscar ajuda para enfrent\u00e1-lo ou, pelo menos, suport\u00e1~lo!<\/p>\n<p>A abordagem do sofrimento mental est\u00e1 sintetizada nesse mapa: <a href=\"https:\/\/wp.ufpel.edu.br\/ipab\/files\/2025\/06\/Abordando-o-sofrimento-mental.pdf\">Abordando o sofrimento mental<\/a><\/p>\n<p>Conhe\u00e7a mais sobre essa abordagem: <a href=\"https:\/\/wp.ufpel.edu.br\/ipab\/files\/2023\/06\/Cartilha-Abordando-o-Sofrimento-Mental-em-7-passos-1.pdf\">Cartilha &#8211; Abordando o Sofrimento Mental em 7 passos (1)<\/a><\/p>\n","protected":false},"excerpt":{"rendered":"<p>O sofrimento mental n\u00e3o \u00e9 um transtorno mental, como aqueles descritos nas classifica\u00e7\u00f5es de doen\u00e7as (CID, DSM), mas problemas que geralmente envolvem fatores emocionais e sociais, capazes de gerar sintomas, muitas vezes afetando o corpo e se manifestado por queixas f\u00edsicas, como dor, tontura, falta de ar, etc. S\u00e3o motivos de consultas frequentes na aten\u00e7\u00e3o [&hellip;]<\/p>\n","protected":false},"author":1240,"featured_media":0,"parent":353,"menu_order":0,"comment_status":"closed","ping_status":"closed","template":"","meta":{"footnotes":""},"class_list":["post-379","page","type-page","status-publish","hentry"],"_links":{"self":[{"href":"https:\/\/wp.ufpel.edu.br\/ipab\/wp-json\/wp\/v2\/pages\/379","targetHints":{"allow":["GET"]}}],"collection":[{"href":"https:\/\/wp.ufpel.edu.br\/ipab\/wp-json\/wp\/v2\/pages"}],"about":[{"href":"https:\/\/wp.ufpel.edu.br\/ipab\/wp-json\/wp\/v2\/types\/page"}],"author":[{"embeddable":true,"href":"https:\/\/wp.ufpel.edu.br\/ipab\/wp-json\/wp\/v2\/users\/1240"}],"replies":[{"embeddable":true,"href":"https:\/\/wp.ufpel.edu.br\/ipab\/wp-json\/wp\/v2\/comments?post=379"}],"version-history":[{"count":4,"href":"https:\/\/wp.ufpel.edu.br\/ipab\/wp-json\/wp\/v2\/pages\/379\/revisions"}],"predecessor-version":[{"id":388,"href":"https:\/\/wp.ufpel.edu.br\/ipab\/wp-json\/wp\/v2\/pages\/379\/revisions\/388"}],"up":[{"embeddable":true,"href":"https:\/\/wp.ufpel.edu.br\/ipab\/wp-json\/wp\/v2\/pages\/353"}],"wp:attachment":[{"href":"https:\/\/wp.ufpel.edu.br\/ipab\/wp-json\/wp\/v2\/media?parent=379"}],"curies":[{"name":"wp","href":"https:\/\/api.w.org\/{rel}","templated":true}]}}