{"id":316,"date":"2024-08-27T10:29:01","date_gmt":"2024-08-27T13:29:01","guid":{"rendered":"https:\/\/wp.ufpel.edu.br\/ipab\/?page_id=316"},"modified":"2024-10-04T09:58:43","modified_gmt":"2024-10-04T12:58:43","slug":"abordagens-em-situacoes-de-catastrofe","status":"publish","type":"page","link":"https:\/\/wp.ufpel.edu.br\/ipab\/abordagens-psicossociais\/abordagens-em-situacoes-de-catastrofe\/","title":{"rendered":"Abordagens em situa\u00e7\u00f5es de cat\u00e1strofe"},"content":{"rendered":"<p style=\"text-align: left;\">+ Cuidados psicoemocionais em situa\u00e7\u00f5es de cat\u00e1strofe: <a href=\"https:\/\/youtu.be\/nfAGT-shyTw?si=12duiaQWHQvM01rg\">https:\/\/youtu.be\/nfAGT-shyTw?si=12duiaQWHQvM01rg<\/a><\/p>\n<p style=\"text-align: left;\">+ Uso de psicof\u00e1rmacos em situa\u00e7\u00f5es de emerg\u00eancia clim\u00e1tica:\u00a0 <a href=\"https:\/\/youtu.be\/Brp0tjUbH4c\">https:\/\/youtu.be\/Brp0tjUbH4c<\/a><\/p>\n<p>+ <a href=\"https:\/\/wp.ufpel.edu.br\/ipab\/files\/2024\/10\/Protocolos-para-Organizacao-do-Cuidado-Local-ou-Remoto-em-Emergencias-ou-Desastres.pdf\">Protocolos para Organiza\u00e7\u00e3o do Cuidado Local ou Remoto em Emerg\u00eancias ou Desastres<\/a><\/p>\n<p>&nbsp;<\/p>\n<p>&nbsp;<\/p>\n","protected":false},"excerpt":{"rendered":"<p>+ Cuidados psicoemocionais em situa\u00e7\u00f5es de cat\u00e1strofe: https:\/\/youtu.be\/nfAGT-shyTw?si=12duiaQWHQvM01rg + Uso de psicof\u00e1rmacos em situa\u00e7\u00f5es de emerg\u00eancia clim\u00e1tica:\u00a0 https:\/\/youtu.be\/Brp0tjUbH4c + Protocolos para Organiza\u00e7\u00e3o do Cuidado Local ou Remoto em Emerg\u00eancias ou Desastres &nbsp; &nbsp;<\/p>\n","protected":false},"author":1240,"featured_media":0,"parent":39,"menu_order":7,"comment_status":"closed","ping_status":"closed","template":"","meta":{"footnotes":""},"class_list":["post-316","page","type-page","status-publish","hentry"],"_links":{"self":[{"href":"https:\/\/wp.ufpel.edu.br\/ipab\/wp-json\/wp\/v2\/pages\/316","targetHints":{"allow":["GET"]}}],"collection":[{"href":"https:\/\/wp.ufpel.edu.br\/ipab\/wp-json\/wp\/v2\/pages"}],"about":[{"href":"https:\/\/wp.ufpel.edu.br\/ipab\/wp-json\/wp\/v2\/types\/page"}],"author":[{"embeddable":true,"href":"https:\/\/wp.ufpel.edu.br\/ipab\/wp-json\/wp\/v2\/users\/1240"}],"replies":[{"embeddable":true,"href":"https:\/\/wp.ufpel.edu.br\/ipab\/wp-json\/wp\/v2\/comments?post=316"}],"version-history":[{"count":4,"href":"https:\/\/wp.ufpel.edu.br\/ipab\/wp-json\/wp\/v2\/pages\/316\/revisions"}],"predecessor-version":[{"id":343,"href":"https:\/\/wp.ufpel.edu.br\/ipab\/wp-json\/wp\/v2\/pages\/316\/revisions\/343"}],"up":[{"embeddable":true,"href":"https:\/\/wp.ufpel.edu.br\/ipab\/wp-json\/wp\/v2\/pages\/39"}],"wp:attachment":[{"href":"https:\/\/wp.ufpel.edu.br\/ipab\/wp-json\/wp\/v2\/media?parent=316"}],"curies":[{"name":"wp","href":"https:\/\/api.w.org\/{rel}","templated":true}]}}