{"id":288,"date":"2024-07-05T16:28:09","date_gmt":"2024-07-05T19:28:09","guid":{"rendered":"https:\/\/wp.ufpel.edu.br\/ipab\/?page_id=288"},"modified":"2024-07-05T16:44:11","modified_gmt":"2024-07-05T19:44:11","slug":"atividade-fisica","status":"publish","type":"page","link":"https:\/\/wp.ufpel.edu.br\/ipab\/abordagens-psicossociais\/atividade-fisica\/","title":{"rendered":"Atividade f\u00edsica"},"content":{"rendered":"<p>A p\u00b4r\u00e1tica de atividade f\u00edsica pode ser realizada tanto nas abordagens individuais como grupais, de modo complementar \u00e0s outras pr\u00e1ticas, pois al\u00e9m de promover a sa\u00fade de modo integral tem um efeito positivo no tratamento de problemas mentais.<\/p>\n<p>Aqui voc\u00ea encontra o <em>Guia de atividade f\u00edsica para a popula\u00e7\u00e3o brasileira<\/em>, publicado pelo Minist\u00e9rio da Sa\u00fade em 2021: <a href=\"https:\/\/wp.ufpel.edu.br\/ipab\/files\/2024\/07\/guia_atividade_fisica_populacao_brasileira.pdf\">guia_atividade_fisica_populacao_brasileira<\/a><\/p>\n","protected":false},"excerpt":{"rendered":"<p>A p\u00b4r\u00e1tica de atividade f\u00edsica pode ser realizada tanto nas abordagens individuais como grupais, de modo complementar \u00e0s outras pr\u00e1ticas, pois al\u00e9m de promover a sa\u00fade de modo integral tem um efeito positivo no tratamento de problemas mentais. Aqui voc\u00ea encontra o Guia de atividade f\u00edsica para a popula\u00e7\u00e3o brasileira, publicado pelo Minist\u00e9rio da Sa\u00fade [&hellip;]<\/p>\n","protected":false},"author":1240,"featured_media":0,"parent":39,"menu_order":5,"comment_status":"closed","ping_status":"closed","template":"","meta":{"footnotes":""},"class_list":["post-288","page","type-page","status-publish","hentry"],"_links":{"self":[{"href":"https:\/\/wp.ufpel.edu.br\/ipab\/wp-json\/wp\/v2\/pages\/288","targetHints":{"allow":["GET"]}}],"collection":[{"href":"https:\/\/wp.ufpel.edu.br\/ipab\/wp-json\/wp\/v2\/pages"}],"about":[{"href":"https:\/\/wp.ufpel.edu.br\/ipab\/wp-json\/wp\/v2\/types\/page"}],"author":[{"embeddable":true,"href":"https:\/\/wp.ufpel.edu.br\/ipab\/wp-json\/wp\/v2\/users\/1240"}],"replies":[{"embeddable":true,"href":"https:\/\/wp.ufpel.edu.br\/ipab\/wp-json\/wp\/v2\/comments?post=288"}],"version-history":[{"count":1,"href":"https:\/\/wp.ufpel.edu.br\/ipab\/wp-json\/wp\/v2\/pages\/288\/revisions"}],"predecessor-version":[{"id":291,"href":"https:\/\/wp.ufpel.edu.br\/ipab\/wp-json\/wp\/v2\/pages\/288\/revisions\/291"}],"up":[{"embeddable":true,"href":"https:\/\/wp.ufpel.edu.br\/ipab\/wp-json\/wp\/v2\/pages\/39"}],"wp:attachment":[{"href":"https:\/\/wp.ufpel.edu.br\/ipab\/wp-json\/wp\/v2\/media?parent=288"}],"curies":[{"name":"wp","href":"https:\/\/api.w.org\/{rel}","templated":true}]}}