{"id":138,"date":"2024-04-04T17:15:22","date_gmt":"2024-04-04T20:15:22","guid":{"rendered":"https:\/\/wp.ufpel.edu.br\/ipab\/?page_id=138"},"modified":"2026-02-03T15:27:26","modified_gmt":"2026-02-03T18:27:26","slug":"psicoterapia-para-medicos-de-familia","status":"publish","type":"page","link":"https:\/\/wp.ufpel.edu.br\/ipab\/abordagens-psicossociais\/abordagens-individuais\/psicoterapia-para-medicos-de-familia\/","title":{"rendered":"Conversando com o paciente"},"content":{"rendered":"<p>A nossa vers\u00e3o de &#8220;Conversando com o paciente&#8221; \u00e9 baseada no livro &#8220;Psicoterapia para m\u00e9dicos de fam\u00edlia&#8221;, uma publica\u00e7\u00e3o da Editora Blucher, lan\u00e7ada em 2023, que traz as bases te\u00f3ricas e t\u00e9cnicas da escuta qualificada na aten\u00e7\u00e3o prim\u00e1ria \u00e0 sa\u00fade.<\/p>\n<p>O autor, Marco Aur\u00e9lio Crespo Albuquerque, \u00e9 m\u00e9dico com p\u00f3s-gradua\u00e7\u00e3o em Medicina de Fam\u00edlia e Comunidade (UFPel) e Psiquiatria (Funda\u00e7\u00e3o Universit\u00e1ria M\u00e1rio Martins), sendo tamb\u00e9m Psicanalista pela Sociedade Brasileira de Psican\u00e1lise de Porto Alegre.<\/p>\n<p>Nessa publica\u00e7\u00e3o original o autor traduz sua longa experi\u00eancia como preceptor de MFC no Grupo Hospitalar Concei\u00e7\u00e3o, em Porto Alegre, facilitando ao m\u00e9dico de fam\u00edlia, assim como a outros profissionais e estudantes da Sa\u00fade, as t\u00e9cnicas e habilidades de comunica\u00e7\u00e3o necess\u00e1rias para o atendimento integral dos seus pacientes.<\/p>\n<p>O livro pode ser adquirido na Amazon: <a href=\"https:\/\/www.amazon.com.br\/Psicoterapia-Para-M%C3%A9dicos-Fam%C3%ADlia-Conversar\/dp\/6555066830\/ref=sr_1_11?__mk_pt_BR=%C3%85M%C3%85%C5%BD%C3%95%C3%91&amp;crid=2X3BRYUE06OLE&amp;dib=eyJ2IjoiMSJ9.LkxK0ONFSDS2NmZppGSvKgWuBKNz1GLaLiy5vjOMgfOefPSmw9WXVSx2M5y8Q4hmtRhIVEF_v1oGfL3hsXXM6By_7JrS53Kn4dyi-9fTtcJUe2oyUGeWFUxOuljl9QBTQjUSZZi5WHyHtEDgEaceffaAA1LS7ApduBI7p0LF4p9-2OlcFmeQATh55R1cnaJL5C89RyTRH7v1X8YbaM7blQ.f_81MgqmbwkcojLSXuPS59sjMynuZBBHHoWnWwaafGE&amp;dib_tag=se&amp;keywords=marco+aurelio+albuquerque&amp;qid=1709670020&amp;sprefix=marco+aurelio+albuquerque%2Caps%2C515&amp;sr=8-11\">https:\/\/www.amazon.com.br\/Psicoterapia-Para-M%C3%A9dicos-Fam%C3%ADlia-Conversar\/dp\/6555066830\/ref=sr_1_11?__mk_pt_BR=%C3%85M%C3%85%C5%BD%C3%95%C3%91&amp;crid=2X3BRYUE06OLE&amp;dib=eyJ2IjoiMSJ9.LkxK0ONFSDS2NmZppGSvKgWuBKNz1GLaLiy5vjOMgfOefPSmw9WXVSx2M5y8Q4hmtRhIVEF_v1oGfL3hsXXM6By_7JrS53Kn4dyi-9fTtcJUe2oyUGeWFUxOuljl9QBTQjUSZZi5WHyHtEDgEaceffaAA1LS7ApduBI7p0LF4p9-2OlcFmeQATh55R1cnaJL5C89RyTRH7v1X8YbaM7blQ.f_81MgqmbwkcojLSXuPS59sjMynuZBBHHoWnWwaafGE&amp;dib_tag=se&amp;keywords=marco+aurelio+albuquerque&amp;qid=1709670020&amp;sprefix=marco+aurelio+albuquerque%2Caps%2C515&amp;sr=8-11<\/a><\/p>\n<p>Veja o v\u00eddeo sobre interven\u00e7\u00f5es psicossociais na aten\u00e7\u00e3o prim\u00e1ria, onde o autor discute v\u00e1rios t\u00f3picos presentes no livro:\u00a0<a href=\"https:\/\/youtu.be\/7rDTm1JHgns\">https:\/\/youtu.be\/7rDTm1JHgns<\/a><\/p>\n<p style=\"text-align: justify;\">E uma segunda aula online, enfocando o cap\u00edtulo sobre as &#8220;Estrat\u00e9gias e t\u00e1ticas da psicoterapia m\u00e9dica&#8221;:\u00a0<a href=\"https:\/\/youtu.be\/UBDoHfNSLZk\">https:\/\/youtu.be\/UBDoHfNSLZk<\/a><\/p>\n<p>Acesse um resumo do cap\u00edtulo sobre as estrat\u00e9gias e t\u00e1ticas na psicoterapia m\u00e9dica: <a href=\"https:\/\/wp.ufpel.edu.br\/ipab\/files\/2024\/08\/Brasi\u0301lia-2024-Estrate\u0301gias-e-ta\u0301ticas-na-psicoterapia-me\u0301dica-resumo-5-pa\u0301gs.pdf\">Brasi\u0301lia 2024 &#8211; Estrate\u0301gias e ta\u0301ticas na psicoterapia me\u0301dica (resumo 5 pa\u0301gs)<\/a><\/p>\n<p>e uma apresenta\u00e7\u00e3o sobre o mesmo cap\u00edtulo: <a href=\"https:\/\/wp.ufpel.edu.br\/ipab\/files\/2024\/08\/Brasilia-2024-APRESENTACAO-Estrategias-e-Taticas-1.pdf\">Bras\u00edlia 2024 &#8211; APRESENTA\u00c7\u00c3O Estrat\u00e9gias e T\u00e1ticas 1<\/a><\/p>\n<p>&nbsp;<\/p>\n","protected":false},"excerpt":{"rendered":"<p>A nossa vers\u00e3o de &#8220;Conversando com o paciente&#8221; \u00e9 baseada no livro &#8220;Psicoterapia para m\u00e9dicos de fam\u00edlia&#8221;, uma publica\u00e7\u00e3o da Editora Blucher, lan\u00e7ada em 2023, que traz as bases te\u00f3ricas e t\u00e9cnicas da escuta qualificada na aten\u00e7\u00e3o prim\u00e1ria \u00e0 sa\u00fade. O autor, Marco Aur\u00e9lio Crespo Albuquerque, \u00e9 m\u00e9dico com p\u00f3s-gradua\u00e7\u00e3o em Medicina de Fam\u00edlia e [&hellip;]<\/p>\n","protected":false},"author":1240,"featured_media":0,"parent":167,"menu_order":0,"comment_status":"closed","ping_status":"closed","template":"","meta":{"footnotes":""},"class_list":["post-138","page","type-page","status-publish","hentry"],"_links":{"self":[{"href":"https:\/\/wp.ufpel.edu.br\/ipab\/wp-json\/wp\/v2\/pages\/138","targetHints":{"allow":["GET"]}}],"collection":[{"href":"https:\/\/wp.ufpel.edu.br\/ipab\/wp-json\/wp\/v2\/pages"}],"about":[{"href":"https:\/\/wp.ufpel.edu.br\/ipab\/wp-json\/wp\/v2\/types\/page"}],"author":[{"embeddable":true,"href":"https:\/\/wp.ufpel.edu.br\/ipab\/wp-json\/wp\/v2\/users\/1240"}],"replies":[{"embeddable":true,"href":"https:\/\/wp.ufpel.edu.br\/ipab\/wp-json\/wp\/v2\/comments?post=138"}],"version-history":[{"count":3,"href":"https:\/\/wp.ufpel.edu.br\/ipab\/wp-json\/wp\/v2\/pages\/138\/revisions"}],"predecessor-version":[{"id":418,"href":"https:\/\/wp.ufpel.edu.br\/ipab\/wp-json\/wp\/v2\/pages\/138\/revisions\/418"}],"up":[{"embeddable":true,"href":"https:\/\/wp.ufpel.edu.br\/ipab\/wp-json\/wp\/v2\/pages\/167"}],"wp:attachment":[{"href":"https:\/\/wp.ufpel.edu.br\/ipab\/wp-json\/wp\/v2\/media?parent=138"}],"curies":[{"name":"wp","href":"https:\/\/api.w.org\/{rel}","templated":true}]}}