{"id":128,"date":"2023-07-28T09:53:52","date_gmt":"2023-07-28T12:53:52","guid":{"rendered":"https:\/\/wp.ufpel.edu.br\/ipab\/?page_id=128"},"modified":"2024-06-21T16:20:49","modified_gmt":"2024-06-21T19:20:49","slug":"low-intensity-interventions","status":"publish","type":"page","link":"https:\/\/wp.ufpel.edu.br\/ipab\/abordagens-psicossociais\/abordagens-combinadas\/low-intensity-interventions\/","title":{"rendered":"Interven\u00e7\u00f5es de baixa intensidade &#8211; OMS"},"content":{"rendered":"<p>Acesse aqui o site da rede de inova\u00e7\u00f5es em sa\u00fade mental da OMS com interven\u00e7\u00f5es de baixa intensidade adaptadas para v\u00e1rios pa\u00b4\u00edses (: <a href=\"https:\/\/www.mhinnovation.net\/collaborations\/toolkit-low-intensity-interventions\">https:\/\/www.mhinnovation.net\/collaborations\/toolkit-low-intensity-interventions<\/a><\/p>\n<p>Esquema de integra\u00e7\u00e3o da sa\u00fade mental aos servi\u00e7os gerais de sa\u00fade:\u00a0<a href=\"https:\/\/www.mhinnovation.net\/collaborations\/IMC-Mental-Health-Integration-Toolkit\">https:\/\/www.mhinnovation.net\/collaborations\/IMC-Mental-Health-Integration-Toolkit<\/a><\/p>\n","protected":false},"excerpt":{"rendered":"<p>Acesse aqui o site da rede de inova\u00e7\u00f5es em sa\u00fade mental da OMS com interven\u00e7\u00f5es de baixa intensidade adaptadas para v\u00e1rios pa\u00b4\u00edses (: https:\/\/www.mhinnovation.net\/collaborations\/toolkit-low-intensity-interventions Esquema de integra\u00e7\u00e3o da sa\u00fade mental aos servi\u00e7os gerais de sa\u00fade:\u00a0https:\/\/www.mhinnovation.net\/collaborations\/IMC-Mental-Health-Integration-Toolkit<\/p>\n","protected":false},"author":1240,"featured_media":0,"parent":180,"menu_order":0,"comment_status":"closed","ping_status":"closed","template":"","meta":{"footnotes":""},"class_list":["post-128","page","type-page","status-publish","hentry"],"_links":{"self":[{"href":"https:\/\/wp.ufpel.edu.br\/ipab\/wp-json\/wp\/v2\/pages\/128","targetHints":{"allow":["GET"]}}],"collection":[{"href":"https:\/\/wp.ufpel.edu.br\/ipab\/wp-json\/wp\/v2\/pages"}],"about":[{"href":"https:\/\/wp.ufpel.edu.br\/ipab\/wp-json\/wp\/v2\/types\/page"}],"author":[{"embeddable":true,"href":"https:\/\/wp.ufpel.edu.br\/ipab\/wp-json\/wp\/v2\/users\/1240"}],"replies":[{"embeddable":true,"href":"https:\/\/wp.ufpel.edu.br\/ipab\/wp-json\/wp\/v2\/comments?post=128"}],"version-history":[{"count":3,"href":"https:\/\/wp.ufpel.edu.br\/ipab\/wp-json\/wp\/v2\/pages\/128\/revisions"}],"predecessor-version":[{"id":132,"href":"https:\/\/wp.ufpel.edu.br\/ipab\/wp-json\/wp\/v2\/pages\/128\/revisions\/132"}],"up":[{"embeddable":true,"href":"https:\/\/wp.ufpel.edu.br\/ipab\/wp-json\/wp\/v2\/pages\/180"}],"wp:attachment":[{"href":"https:\/\/wp.ufpel.edu.br\/ipab\/wp-json\/wp\/v2\/media?parent=128"}],"curies":[{"name":"wp","href":"https:\/\/api.w.org\/{rel}","templated":true}]}}