{"id":116,"date":"2023-07-05T10:51:32","date_gmt":"2023-07-05T13:51:32","guid":{"rendered":"https:\/\/wp.ufpel.edu.br\/ipab\/?page_id=116"},"modified":"2024-06-17T11:06:04","modified_gmt":"2024-06-17T14:06:04","slug":"terapia-comunitaria-integrativa","status":"publish","type":"page","link":"https:\/\/wp.ufpel.edu.br\/ipab\/abordagens-psicossociais\/abordagens-grupais\/terapia-comunitaria-integrativa\/","title":{"rendered":"Terapia Comunit\u00e1ria Integrativa"},"content":{"rendered":"<p>A Terapia Comunit\u00e1ria Integrativa foi inventada no Brasil e se disseminou pelos servi\u00e7os do SUS em todo o territ\u00f3rio nacional. Saiba mais em\u00a0<a href=\"https:\/\/abratecom.org.br\/\">https:\/\/abratecom.org.br\/<\/a><\/p>\n<p>A Enfermeira Jussara Otaviano recebeu um pr\u00eamio internacional por seu trabalho com a TCI. Veja a not\u00edcia:\u00a0<a href=\"https:\/\/veja.abril.com.br\/saude\/ganhei-meu-nobel-diz-1a-enfermeira-negra-a-receber-premio-sueco\/\">https:\/\/veja.abril.com.br\/saude\/ganhei-meu-nobel-diz-1a-enfermeira-negra-a-receber-premio-sueco\/<\/a><\/p>\n","protected":false},"excerpt":{"rendered":"<p>A Terapia Comunit\u00e1ria Integrativa foi inventada no Brasil e se disseminou pelos servi\u00e7os do SUS em todo o territ\u00f3rio nacional. Saiba mais em\u00a0https:\/\/abratecom.org.br\/ A Enfermeira Jussara Otaviano recebeu um pr\u00eamio internacional por seu trabalho com a TCI. Veja a not\u00edcia:\u00a0https:\/\/veja.abril.com.br\/saude\/ganhei-meu-nobel-diz-1a-enfermeira-negra-a-receber-premio-sueco\/<\/p>\n","protected":false},"author":1240,"featured_media":0,"parent":170,"menu_order":0,"comment_status":"closed","ping_status":"closed","template":"","meta":{"footnotes":""},"class_list":["post-116","page","type-page","status-publish","hentry"],"_links":{"self":[{"href":"https:\/\/wp.ufpel.edu.br\/ipab\/wp-json\/wp\/v2\/pages\/116","targetHints":{"allow":["GET"]}}],"collection":[{"href":"https:\/\/wp.ufpel.edu.br\/ipab\/wp-json\/wp\/v2\/pages"}],"about":[{"href":"https:\/\/wp.ufpel.edu.br\/ipab\/wp-json\/wp\/v2\/types\/page"}],"author":[{"embeddable":true,"href":"https:\/\/wp.ufpel.edu.br\/ipab\/wp-json\/wp\/v2\/users\/1240"}],"replies":[{"embeddable":true,"href":"https:\/\/wp.ufpel.edu.br\/ipab\/wp-json\/wp\/v2\/comments?post=116"}],"version-history":[{"count":2,"href":"https:\/\/wp.ufpel.edu.br\/ipab\/wp-json\/wp\/v2\/pages\/116\/revisions"}],"predecessor-version":[{"id":122,"href":"https:\/\/wp.ufpel.edu.br\/ipab\/wp-json\/wp\/v2\/pages\/116\/revisions\/122"}],"up":[{"embeddable":true,"href":"https:\/\/wp.ufpel.edu.br\/ipab\/wp-json\/wp\/v2\/pages\/170"}],"wp:attachment":[{"href":"https:\/\/wp.ufpel.edu.br\/ipab\/wp-json\/wp\/v2\/media?parent=116"}],"curies":[{"name":"wp","href":"https:\/\/api.w.org\/{rel}","templated":true}]}}