{"id":49,"date":"2019-05-29T22:02:10","date_gmt":"2019-05-30T01:02:10","guid":{"rendered":"https:\/\/wp.ufpel.edu.br\/inventar\/?page_id=49"},"modified":"2020-10-06T12:37:36","modified_gmt":"2020-10-06T15:37:36","slug":"extensao","status":"publish","type":"page","link":"https:\/\/wp.ufpel.edu.br\/inventar\/extensao\/","title":{"rendered":"Extens\u00e3o"},"content":{"rendered":"<p>Materiais utilizados pelos projetos de extens\u00e3o do Inventar.<\/p>\n\n\n<h2 class=\"wp-block-heading\"> #DireitoAmarelo &#8211; Advocacia <\/h2>\n\n\n\n<p> V\u00eddeo produzido pelo projeto de ensino, pesquisa e extens\u00e3o <strong>Imagens da Justi\u00e7a, Interculturalidade e Direitos Constitucionais<\/strong>: nos anos finais do ensino fundamental na Rede P\u00fablica Municipal de Educa\u00e7\u00e3o de Pelotas\/RS.   <\/p>\n\n\n\n<figure class=\"wp-block-video\"><video height=\"1080\" style=\"aspect-ratio: 1920 \/ 1080;\" width=\"1920\" controls src=\"https:\/\/wp.ufpel.edu.br\/inventar\/files\/2020\/04\/DireitoAmarelo-Advocacia.mp4\"><\/video><\/figure>\n\n\n\n<p> <\/p>\n\n\n\n<h2 class=\"wp-block-heading\">Hist\u00f3ria em Quadrinhos da Jade na Faculdade de Direito\/UFPel (primeira parte)<\/h2>\n\n\n\n<div class=\"wp-block-file\"><a href=\"https:\/\/wp.ufpel.edu.br\/inventar\/files\/2020\/10\/Parte-1-J.A.D.E.-HQ-1.pdf\">Parte 1 &#8211; J.A.D.E. HQ<\/a><a href=\"https:\/\/wp.ufpel.edu.br\/inventar\/files\/2020\/10\/Parte-1-J.A.D.E.-HQ-1.pdf\" class=\"wp-block-file__button\" download>Baixar<\/a><\/div>\n","protected":false},"excerpt":{"rendered":"<p>Materiais utilizados pelos projetos de extens\u00e3o do Inventar. #DireitoAmarelo &#8211; Advocacia V\u00eddeo produzido pelo projeto de ensino, pesquisa e extens\u00e3o Imagens da Justi\u00e7a, Interculturalidade e Direitos Constitucionais: nos anos finais do ensino fundamental na&#46;&#46;&#46;<\/p>\n","protected":false},"author":836,"featured_media":0,"parent":0,"menu_order":0,"comment_status":"closed","ping_status":"closed","template":"","meta":{"footnotes":""},"class_list":["post-49","page","type-page","status-publish","hentry"],"_links":{"self":[{"href":"https:\/\/wp.ufpel.edu.br\/inventar\/wp-json\/wp\/v2\/pages\/49","targetHints":{"allow":["GET"]}}],"collection":[{"href":"https:\/\/wp.ufpel.edu.br\/inventar\/wp-json\/wp\/v2\/pages"}],"about":[{"href":"https:\/\/wp.ufpel.edu.br\/inventar\/wp-json\/wp\/v2\/types\/page"}],"author":[{"embeddable":true,"href":"https:\/\/wp.ufpel.edu.br\/inventar\/wp-json\/wp\/v2\/users\/836"}],"replies":[{"embeddable":true,"href":"https:\/\/wp.ufpel.edu.br\/inventar\/wp-json\/wp\/v2\/comments?post=49"}],"version-history":[{"count":22,"href":"https:\/\/wp.ufpel.edu.br\/inventar\/wp-json\/wp\/v2\/pages\/49\/revisions"}],"predecessor-version":[{"id":418,"href":"https:\/\/wp.ufpel.edu.br\/inventar\/wp-json\/wp\/v2\/pages\/49\/revisions\/418"}],"wp:attachment":[{"href":"https:\/\/wp.ufpel.edu.br\/inventar\/wp-json\/wp\/v2\/media?parent=49"}],"curies":[{"name":"wp","href":"https:\/\/api.w.org\/{rel}","templated":true}]}}