{"id":37,"date":"2019-06-12T15:19:43","date_gmt":"2019-06-12T18:19:43","guid":{"rendered":"https:\/\/wp.ufpel.edu.br\/inventar\/?page_id=37"},"modified":"2020-03-08T17:38:15","modified_gmt":"2020-03-08T20:38:15","slug":"parceiros","status":"publish","type":"page","link":"https:\/\/wp.ufpel.edu.br\/inventar\/parceiros\/","title":{"rendered":"Parceiros"},"content":{"rendered":"\n<figure class=\"wp-block-image size-thumbnail\"><a href=\"https:\/\/www.facebook.com\/paginadoCAFV\/\"><img loading=\"lazy\" decoding=\"async\" width=\"150\" height=\"150\" src=\"https:\/\/wp.ufpel.edu.br\/inventar\/files\/2020\/03\/CAFV-1-150x150.png\" alt=\"\" class=\"wp-image-221\" srcset=\"https:\/\/wp.ufpel.edu.br\/inventar\/files\/2020\/03\/CAFV-1-150x150.png 150w, https:\/\/wp.ufpel.edu.br\/inventar\/files\/2020\/03\/CAFV-1-300x300.png 300w, https:\/\/wp.ufpel.edu.br\/inventar\/files\/2020\/03\/CAFV-1-768x768.png 768w, https:\/\/wp.ufpel.edu.br\/inventar\/files\/2020\/03\/CAFV-1-280x280.png 280w, https:\/\/wp.ufpel.edu.br\/inventar\/files\/2020\/03\/CAFV-1-100x100.png 100w, https:\/\/wp.ufpel.edu.br\/inventar\/files\/2020\/03\/CAFV-1-200x200.png 200w, https:\/\/wp.ufpel.edu.br\/inventar\/files\/2020\/03\/CAFV-1.png 925w\" sizes=\"auto, (max-width: 150px) 100vw, 150px\" \/><\/a><figcaption>Centro Acad\u00eamico Ferreira Vianna\/DireitoUFPel<\/figcaption><\/figure>\n\n\n\n<div style=\"height:100px\" aria-hidden=\"true\" class=\"wp-block-spacer\"><\/div>\n\n\n\n<figure class=\"wp-block-image size-thumbnail\"><a href=\"https:\/\/www.facebook.com\/nosotrasufpel\/\"><img loading=\"lazy\" decoding=\"async\" width=\"150\" height=\"150\" src=\"https:\/\/wp.ufpel.edu.br\/inventar\/files\/2020\/03\/nosotras-150x150.jpg\" alt=\"\" class=\"wp-image-222\" srcset=\"https:\/\/wp.ufpel.edu.br\/inventar\/files\/2020\/03\/nosotras-150x150.jpg 150w, https:\/\/wp.ufpel.edu.br\/inventar\/files\/2020\/03\/nosotras-300x300.jpg 300w, https:\/\/wp.ufpel.edu.br\/inventar\/files\/2020\/03\/nosotras-280x280.jpg 280w, https:\/\/wp.ufpel.edu.br\/inventar\/files\/2020\/03\/nosotras-100x100.jpg 100w, https:\/\/wp.ufpel.edu.br\/inventar\/files\/2020\/03\/nosotras-200x200.jpg 200w, https:\/\/wp.ufpel.edu.br\/inventar\/files\/2020\/03\/nosotras.jpg 512w\" sizes=\"auto, (max-width: 150px) 100vw, 150px\" \/><\/a><figcaption>Nosotras &#8211; Grupo Feminista\/Direito UFPel<\/figcaption><\/figure>\n\n\n\n<div style=\"height:100px\" aria-hidden=\"true\" class=\"wp-block-spacer\"><\/div>\n\n\n\n<figure class=\"wp-block-image size-thumbnail\"><a href=\"https:\/\/www.facebook.com\/NUAADCAPEUFPel\/\"><img loading=\"lazy\" decoding=\"async\" width=\"150\" height=\"139\" src=\"https:\/\/wp.ufpel.edu.br\/inventar\/files\/2020\/03\/NUAAD-150x139.jpg\" alt=\"\" class=\"wp-image-223\" srcset=\"https:\/\/wp.ufpel.edu.br\/inventar\/files\/2020\/03\/NUAAD-150x139.jpg 150w, https:\/\/wp.ufpel.edu.br\/inventar\/files\/2020\/03\/NUAAD-300x279.jpg 300w, https:\/\/wp.ufpel.edu.br\/inventar\/files\/2020\/03\/NUAAD-215x200.jpg 215w, https:\/\/wp.ufpel.edu.br\/inventar\/files\/2020\/03\/NUAAD.jpg 524w\" sizes=\"auto, (max-width: 150px) 100vw, 150px\" \/><\/a><figcaption>N\u00facleo de A\u00e7\u00f5es Afirmativas e Diversidade\/UFPel<\/figcaption><\/figure>\n\n\n\n<div style=\"height:100px\" aria-hidden=\"true\" class=\"wp-block-spacer\"><\/div>\n\n\n\n<figure class=\"wp-block-image size-thumbnail\"><a href=\"https:\/\/wp.ufpel.edu.br\/ppgd\/\"><img loading=\"lazy\" decoding=\"async\" width=\"150\" height=\"110\" src=\"https:\/\/wp.ufpel.edu.br\/inventar\/files\/2020\/03\/ppgd2-150x110.png\" alt=\"\" class=\"wp-image-237\" srcset=\"https:\/\/wp.ufpel.edu.br\/inventar\/files\/2020\/03\/ppgd2-150x110.png 150w, https:\/\/wp.ufpel.edu.br\/inventar\/files\/2020\/03\/ppgd2-300x220.png 300w, https:\/\/wp.ufpel.edu.br\/inventar\/files\/2020\/03\/ppgd2-272x200.png 272w, https:\/\/wp.ufpel.edu.br\/inventar\/files\/2020\/03\/ppgd2.png 429w\" sizes=\"auto, (max-width: 150px) 100vw, 150px\" \/><\/a><figcaption>Programa de P\u00f3s-Gradua\u00e7\u00e3o em Direito\/UFPel<\/figcaption><\/figure>\n\n\n\n<div style=\"height:100px\" aria-hidden=\"true\" class=\"wp-block-spacer\"><\/div>\n\n\n\n<figure class=\"wp-block-image size-thumbnail\"><a href=\"https:\/\/www.facebook.com\/tocoufpel\/\"><img loading=\"lazy\" decoding=\"async\" width=\"150\" height=\"150\" src=\"https:\/\/wp.ufpel.edu.br\/inventar\/files\/2020\/03\/Toco-1-150x150.png\" alt=\"\" class=\"wp-image-241\" srcset=\"https:\/\/wp.ufpel.edu.br\/inventar\/files\/2020\/03\/Toco-1-150x150.png 150w, https:\/\/wp.ufpel.edu.br\/inventar\/files\/2020\/03\/Toco-1-300x300.png 300w, https:\/\/wp.ufpel.edu.br\/inventar\/files\/2020\/03\/Toco-1-1024x1024.png 1024w, https:\/\/wp.ufpel.edu.br\/inventar\/files\/2020\/03\/Toco-1-768x768.png 768w, https:\/\/wp.ufpel.edu.br\/inventar\/files\/2020\/03\/Toco-1-1536x1536.png 1536w, https:\/\/wp.ufpel.edu.br\/inventar\/files\/2020\/03\/Toco-1-280x280.png 280w, https:\/\/wp.ufpel.edu.br\/inventar\/files\/2020\/03\/Toco-1-100x100.png 100w, https:\/\/wp.ufpel.edu.br\/inventar\/files\/2020\/03\/Toco-1-200x200.png 200w, https:\/\/wp.ufpel.edu.br\/inventar\/files\/2020\/03\/Toco-1.png 2048w\" sizes=\"auto, (max-width: 150px) 100vw, 150px\" \/><\/a><figcaption>Teatro do Oprimido na Comunidade\/UFPel<\/figcaption><\/figure>\n\n\n\n<p><\/p>\n","protected":false},"excerpt":{"rendered":"","protected":false},"author":836,"featured_media":0,"parent":0,"menu_order":0,"comment_status":"closed","ping_status":"closed","template":"","meta":{"footnotes":""},"class_list":["post-37","page","type-page","status-publish","hentry"],"_links":{"self":[{"href":"https:\/\/wp.ufpel.edu.br\/inventar\/wp-json\/wp\/v2\/pages\/37","targetHints":{"allow":["GET"]}}],"collection":[{"href":"https:\/\/wp.ufpel.edu.br\/inventar\/wp-json\/wp\/v2\/pages"}],"about":[{"href":"https:\/\/wp.ufpel.edu.br\/inventar\/wp-json\/wp\/v2\/types\/page"}],"author":[{"embeddable":true,"href":"https:\/\/wp.ufpel.edu.br\/inventar\/wp-json\/wp\/v2\/users\/836"}],"replies":[{"embeddable":true,"href":"https:\/\/wp.ufpel.edu.br\/inventar\/wp-json\/wp\/v2\/comments?post=37"}],"version-history":[{"count":15,"href":"https:\/\/wp.ufpel.edu.br\/inventar\/wp-json\/wp\/v2\/pages\/37\/revisions"}],"predecessor-version":[{"id":243,"href":"https:\/\/wp.ufpel.edu.br\/inventar\/wp-json\/wp\/v2\/pages\/37\/revisions\/243"}],"wp:attachment":[{"href":"https:\/\/wp.ufpel.edu.br\/inventar\/wp-json\/wp\/v2\/media?parent=37"}],"curies":[{"name":"wp","href":"https:\/\/api.w.org\/{rel}","templated":true}]}}

<figure class="wp-block-image size-thumbnail"><a href="https://www.facebook.com/paginadoCAFV/"><img loading="lazy" decoding="async" width="150" height="150" src="https://wp.ufpel.edu.br/inventar/files/2020/03/CAFV-1-150x150.png" alt="" class="wp-image-221" srcset="https://wp.ufpel.edu.br/inventar/files/2020/03/CAFV-1-150x150.png 150w, https://wp.ufpel.edu.br/inventar/files/2020/03/CAFV-1-300x300.png 300w, https://wp.ufpel.edu.br/inventar/files/2020/03/CAFV-1-768x768.png 768w, https://wp.ufpel.edu.br/inventar/files/2020/03/CAFV-1-280x280.png 280w, https://wp.ufpel.edu.br/inventar/files/2020/03/CAFV-1-100x100.png 100w, https://wp.ufpel.edu.br/inventar/files/2020/03/CAFV-1-200x200.png 200w, https://wp.ufpel.edu.br/inventar/files/2020/03/CAFV-1.png 925w" sizes="auto, (max-width: 150px) 100vw, 150px" /></a><figcaption>Centro Acadêmico Ferreira Vianna/DireitoUFPel</figcaption></figure>



<div style="height:100px" aria-hidden="true" class="wp-block-spacer"></div>



<figure class="wp-block-image size-thumbnail"><a href="https://www.facebook.com/nosotrasufpel/"><img loading="lazy" decoding="async" width="150" height="150" src="https://wp.ufpel.edu.br/inventar/files/2020/03/nosotras-150x150.jpg" alt="" class="wp-image-222" srcset="https://wp.ufpel.edu.br/inventar/files/2020/03/nosotras-150x150.jpg 150w, https://wp.ufpel.edu.br/inventar/files/2020/03/nosotras-300x300.jpg 300w, https://wp.ufpel.edu.br/inventar/files/2020/03/nosotras-280x280.jpg 280w, https://wp.ufpel.edu.br/inventar/files/2020/03/nosotras-100x100.jpg 100w, https://wp.ufpel.edu.br/inventar/files/2020/03/nosotras-200x200.jpg 200w, https://wp.ufpel.edu.br/inventar/files/2020/03/nosotras.jpg 512w" sizes="auto, (max-width: 150px) 100vw, 150px" /></a><figcaption>Nosotras &#8211; Grupo Feminista/Direito UFPel</figcaption></figure>



<div style="height:100px" aria-hidden="true" class="wp-block-spacer"></div>



<figure class="wp-block-image size-thumbnail"><a href="https://www.facebook.com/NUAADCAPEUFPel/"><img loading="lazy" decoding="async" width="150" height="139" src="https://wp.ufpel.edu.br/inventar/files/2020/03/NUAAD-150x139.jpg" alt="" class="wp-image-223" srcset="https://wp.ufpel.edu.br/inventar/files/2020/03/NUAAD-150x139.jpg 150w, https://wp.ufpel.edu.br/inventar/files/2020/03/NUAAD-300x279.jpg 300w, https://wp.ufpel.edu.br/inventar/files/2020/03/NUAAD-215x200.jpg 215w, https://wp.ufpel.edu.br/inventar/files/2020/03/NUAAD.jpg 524w" sizes="auto, (max-width: 150px) 100vw, 150px" /></a><figcaption>Núcleo de Ações Afirmativas e Diversidade/UFPel</figcaption></figure>



<div style="height:100px" aria-hidden="true" class="wp-block-spacer"></div>



<figure class="wp-block-image size-thumbnail"><a href="https://wp.ufpel.edu.br/ppgd/"><img loading="lazy" decoding="async" width="150" height="110" src="https://wp.ufpel.edu.br/inventar/files/2020/03/ppgd2-150x110.png" alt="" class="wp-image-237" srcset="https://wp.ufpel.edu.br/inventar/files/2020/03/ppgd2-150x110.png 150w, https://wp.ufpel.edu.br/inventar/files/2020/03/ppgd2-300x220.png 300w, https://wp.ufpel.edu.br/inventar/files/2020/03/ppgd2-272x200.png 272w, https://wp.ufpel.edu.br/inventar/files/2020/03/ppgd2.png 429w" sizes="auto, (max-width: 150px) 100vw, 150px" /></a><figcaption>Programa de Pós-Graduação em Direito/UFPel</figcaption></figure>



<div style="height:100px" aria-hidden="true" class="wp-block-spacer"></div>



<figure class="wp-block-image size-thumbnail"><a href="https://www.facebook.com/tocoufpel/"><img loading="lazy" decoding="async" width="150" height="150" src="https://wp.ufpel.edu.br/inventar/files/2020/03/Toco-1-150x150.png" alt="" class="wp-image-241" srcset="https://wp.ufpel.edu.br/inventar/files/2020/03/Toco-1-150x150.png 150w, https://wp.ufpel.edu.br/inventar/files/2020/03/Toco-1-300x300.png 300w, https://wp.ufpel.edu.br/inventar/files/2020/03/Toco-1-1024x1024.png 1024w, https://wp.ufpel.edu.br/inventar/files/2020/03/Toco-1-768x768.png 768w, https://wp.ufpel.edu.br/inventar/files/2020/03/Toco-1-1536x1536.png 1536w, https://wp.ufpel.edu.br/inventar/files/2020/03/Toco-1-280x280.png 280w, https://wp.ufpel.edu.br/inventar/files/2020/03/Toco-1-100x100.png 100w, https://wp.ufpel.edu.br/inventar/files/2020/03/Toco-1-200x200.png 200w, https://wp.ufpel.edu.br/inventar/files/2020/03/Toco-1.png 2048w" sizes="auto, (max-width: 150px) 100vw, 150px" /></a><figcaption>Teatro do Oprimido na Comunidade/UFPel</figcaption></figure>



<p></p>
