{"id":29,"date":"2019-06-12T15:19:43","date_gmt":"2019-06-12T18:19:43","guid":{"rendered":"https:\/\/wp.ufpel.edu.br\/inventar\/?page_id=29"},"modified":"2020-04-24T18:11:21","modified_gmt":"2020-04-24T21:11:21","slug":"publicacoes","status":"publish","type":"page","link":"https:\/\/wp.ufpel.edu.br\/inventar\/publicacoes\/","title":{"rendered":"Publica\u00e7\u00f5es"},"content":{"rendered":"\n<h3 class=\"wp-block-heading\">Artigos completos em peri\u00f3dicos<\/h3>\n\n\n\n<h4 class=\"wp-block-heading\">2017<\/h4>\n\n\n\n<p><a href=\"https:\/\/periodicos.ufsc.br\/index.php\/sequencia\/article\/view\/2177-7055.2017v38n77p51\/35701\">Aportes Saidianos para um Direito (Des)Colonial: sobre iconologias de revolu\u00e7\u00f5es e odaliscas<\/a> <\/p>\n\n\n\n<p>Autoria: Antonio Carlos Wolkmer, Ana Clara Correa Henning <\/p>\n\n\n\n<p>Palavras-chave:  Edward Said; Arte Europeia do s\u00e9culo XIX; M\u00e9todo Iconol\u00f3gico; Direito Colonial; Direito Descolonial. <\/p>\n\n\n\n<div style=\"height:100px\" aria-hidden=\"true\" class=\"wp-block-spacer\"><\/div>\n\n\n\n<p><a href=\"https:\/\/cognitiojuris.000webhostapp.com\/artigos\/17\/EDICAO_17.pdf\">&#8220;Cara pra bater, mas sem covardia, o tapa vai doer, barriga vazia&#8221;: problematizando o sistema de justi\u00e7a criminal e suas verdades a partir da pesquisa emp\u00edrica com compositores de rap<\/a><\/p>\n\n\n\n<p>Autoria:  Mari Cristina de Freitas Fagundes, Ana Clara Correa Henning <\/p>\n\n\n\n<p>Palavras-chave:  Rap; Virtualidades; Sujei\u00e7\u00e3o criminal; Sistema de Justi\u00e7a criminal. <\/p>\n\n\n\n<div style=\"height:100px\" aria-hidden=\"true\" class=\"wp-block-spacer\"><\/div>\n\n\n\n<p> <a href=\"https:\/\/sociologiajuridicadotnet.files.wordpress.com\/2018\/07\/rev-soc-jur-24-25-completo.pdf\">Imagens da Justi\u00e7a e Arte Cemiterial: simbolismos jur\u00eddicos em \u201cA Justi\u00e7a\u201d e \u201cBeleza Cl\u00e1ssica\u201d, no Cemit\u00e9rio da Santa Casa de Miseric\u00f3rdia, em Porto Alegre\/RS<\/a><\/p>\n\n\n\n<p>Autoria:  Carmen Antonieta C. Fromming Fernandes, Ana Clara Correa Henning, Maria Cec\u00edlia Lorea Leite <\/p>\n\n\n\n<p>Palavras-chave:  Arte cemiterial; Imagens da Justi\u00e7a; Conhecimento jur\u00eddico; Cemit\u00e9rio da Santa Casa de Miseric\u00f3rdia de Porto Alegre; M\u00e9todo Document\u00e1rio. <\/p>\n\n\n\n<div style=\"height:100px\" aria-hidden=\"true\" class=\"wp-block-spacer\"><\/div>\n\n\n\n<h4 class=\"wp-block-heading\">2018<\/h4>\n\n\n\n<p><a href=\"http:\/\/conpedi.danilolr.info\/publicacoes\/0ds65m46\/5ze902l3\/W2bO5766Jv1bkzCf.pdf\"> Imagem e suas representa\u00e7\u00f5es: olhares \u00e0s constru\u00e7\u00f5es das desigualdades no brasil contempor\u00e2neo<\/a><\/p>\n\n\n\n<p>Autoria:  Mari Cristina de Freitas Fagundes, Ana Clara Correa Henning <\/p>\n\n\n\n<p>Palavras-chave:  Desigualdades; Igualdade; Cidadania; Imagem.<\/p>\n\n\n\n<div style=\"height:100px\" aria-hidden=\"true\" class=\"wp-block-spacer\"><\/div>\n\n\n\n<p><a href=\"http:\/\/conpedi.danilolr.info\/publicacoes\/34q12098\/d76r4365\/BqN9uYcIL3a9Sg31.pdf\">A concretiza\u00e7\u00e3o de direitos sociais atrav\u00e9s da arte produzida pelas escolas de samba, \u00e0 luz dos estudos foucaultianos e decoloniais<\/a><\/p>\n\n\n\n<p>Autoria:  Aline Louren\u00e7o de Ornel, Ana Clara Correa Henning <\/p>\n\n\n\n<p>Palavras-chave:  Direito, Arte, Samba, Foucault, Decolonialidade.<\/p>\n\n\n\n<div style=\"height:100px\" aria-hidden=\"true\" class=\"wp-block-spacer\"><\/div>\n\n\n\n<h4 class=\"wp-block-heading\">2019<\/h4>\n\n\n\n<p><a href=\"https:\/\/www.indexlaw.org\/index.php\/revistadireitoarteliteratura\/article\/view\/5852\"> Entre a arte e o ensino do direito:&nbsp;notas sobre nossas linhas de fuga <\/a><\/p>\n\n\n\n<p>Autoria:  Ana Carolina Cavalcante Ferreira Julio; Ana Clara Correa Henning<\/p>\n\n\n\n<p>Palavras-chave:  Direito e Arte; estudos decoloniais; estudos foucaultianos; projeto de ensino, pesquisa e extens\u00e3o; Democratiza\u00e7\u00e3o do conhecimento jur\u00eddico.<\/p>\n\n\n\n<div style=\"height:100px\" aria-hidden=\"true\" class=\"wp-block-spacer\"><\/div>\n\n\n\n<p><a href=\"https:\/\/www.indexlaw.org\/index.php\/culturajuridica\/article\/view\/5857\">Di\u00e1logo entre spivak e honneth: a liberdade social como um trampolim ao subalterno<\/a> <\/p>\n\n\n\n<p>Autoria:  Ana Carolina Cavalcante Ferreira Julio <\/p>\n\n\n\n<p>Palavras-chave:  Subalternidade; Colonialidade; Liberdade Social; Decolonialidade; Linguagem.<\/p>\n\n\n\n<div style=\"height:100px\" aria-hidden=\"true\" class=\"wp-block-spacer\"><\/div>\n\n\n\n<p> <a href=\"https:\/\/indexlaw.org\/index.php\/filosofiadireito\/article\/view\/5879\/pdf\">\u201cIrm\u00e3os concebidos ilegalmente ser\u00e3o enviados para hiberna\u00e7\u00e3o\u201d: pr\u00e1ticas pedag\u00f3gicas em imbrica\u00e7\u00f5es entre obras audiovisuais, biopoder, biopol\u00edtica e direito<\/a> 2019<\/p>\n\n\n\n<p>Autoria:  Ana Clara Corr\u00eaa Henning; Amanda D\u2019Andrea Lowenhaupt <\/p>\n\n\n\n<p>Palavras-chave:  Estudos  foucaultianos;  Biopoder;  Biopol\u00edtica;  Obras  audiovisuais;  Pr\u00e1ticas pedag\u00f3gicas.<\/p>\n\n\n\n<div style=\"height:100px\" aria-hidden=\"true\" class=\"wp-block-spacer\"><\/div>\n\n\n\n<h3 class=\"wp-block-heading\">Artigos publicados em anais de eventos<\/h3>\n\n\n\n<h4 class=\"wp-block-heading\">2019<\/h4>\n\n\n\n<p> <a href=\"https:\/\/wp.ufpel.edu.br\/artenaescola\/files\/2020\/01\/ANAIS-VI-SIGAM.pdf\">Cidadania e direito \u00e0 cidade: onde est\u00e3o as mulheres que caminham pelo centro de Pelotas? <\/a><\/p>\n\n\n\n<p>Autoria: Ana Carolina Cavalcante Ferreira Julio e Marina Mecab\u00f4 <\/p>\n\n\n\n<p>Palavra-chave: : Narrativa Ficcional; Direito \u00e0 Cidade; Cartografia Feminista <\/p>\n\n\n\n<div style=\"height:100px\" aria-hidden=\"true\" class=\"wp-block-spacer\"><\/div>\n\n\n\n<p> <a href=\"https:\/\/www.ufsm.br\/cursos\/pos-graduacao\/santa-maria\/ppgd\/wp-content\/uploads\/sites\/563\/2019\/09\/8.1.pdf\">A internet como refor\u00e7o do lugar do subalterno: o que encontramos al\u00e9m dos muros de um conhecimento jur\u00eddico inacess\u00edvel? <\/a><\/p>\n\n\n\n<p>Autoria: Ana Carolina Cavalcante Ferreira Julio, Ana Clara Corr\u00eaa Henning <\/p>\n\n\n\n<p>Palavra-chave:  Acesso \u00e0 Internet; Arte; Democratiza\u00e7\u00e3o da Informa\u00e7\u00e3o. <\/p>\n\n\n\n<div style=\"height:100px\" aria-hidden=\"true\" class=\"wp-block-spacer\"><\/div>\n\n\n\n<h4 class=\"wp-block-heading\">2018<\/h4>\n\n\n\n<p><a href=\"https:\/\/wp.ufpel.edu.br\/imagensdajustica\/files\/2018\/05\/13-REASONS-WHY-E-EFIC%C3%81CIA-DA-LEI-DO-BULLYING-PESQUISA-EMP%C3%8DRICA-COM-PROFISSIONAIS-DA-%C3%81REA-JUR%C3%8DDICA-E-EQUIPE-MULTIDISCIPLIAR-NA-CIDADE-DE-PELOTASRS.pdf\"><em>13<\/em> <em>Reasons Why<\/em> e efic\u00e1cia da lei do <em>bullying<\/em>: pesquisa emp\u00edrica com profissionais da \u00e1rea jur\u00eddica e equipe multidisciplinar na cidade de Pelotas\/RS<\/a><\/p>\n\n\n\n<p>Autoria:  Caroline Srynczyk, Carolina Schida e Pedro Henrique Ferreira<\/p>\n\n\n\n<p>Palavras-chave:  Direito e s\u00e9ries televisivas, combate ao <em>bullying<\/em>, pesquisa emp\u00edrica. <\/p>\n\n\n\n<div style=\"height:100px\" aria-hidden=\"true\" class=\"wp-block-spacer\"><\/div>\n\n\n\n<p><a href=\"https:\/\/wp.ufpel.edu.br\/imagensdajustica\/files\/2018\/05\/A-SITUA%C3%87%C3%83O-DA-MULHER-E-O-EMPODERAMENTO-DIANTE-A-LEI-MARIA-DA-PENHA-A-PESQUISA-EMP%C3%8DRICA-E-SUAS-CONTRIBUI%C3%87%C3%95ES-PARA-PENSAR-O-DIREITO.pdf\">A situa\u00e7\u00e3o da mulher e o empoderamento diante a Lei Maria da Penha: a pesquisa emp\u00edrica e suas contribui\u00e7\u00f5es para pensar o direito<\/a><\/p>\n\n\n\n<p>Autoria:  Valdemar Junior Stacke; Vivian Diniz de Carvalho <\/p>\n\n\n\n<p>Palavras-chave:  Lei Maria da Penha; CREAS; Pesquisa emp\u00edrica; Empoderamento feminino <\/p>\n\n\n\n<div style=\"height:100px\" aria-hidden=\"true\" class=\"wp-block-spacer\"><\/div>\n\n\n\n<p> <a href=\"https:\/\/wp.ufpel.edu.br\/imagensdajustica\/files\/2018\/05\/MANUSENADO-FERRAMENTAS-ARTICULA%C3%87%C3%95ES-ENTRE-M%C3%9ASICA-E-DIREITO-PARA-PENSAR-OUTRAS-IMAGENS-DA-JUSTI%C3%87A.pdf\">Manuseando ferramentas: articula\u00e7\u00f5es entre m\u00fasica e direito para pensar outras imagens da justi\u00e7a<\/a><\/p>\n\n\n\n<p>Autoria:  Nathalia Varoto, Rafaela Pessanha, Renato Yuk Filho <\/p>\n\n\n\n<p>Palavras-chave:  Rap; Sistema Jur\u00eddico; Rotula\u00e7\u00f5es <\/p>\n\n\n\n<div style=\"height:100px\" aria-hidden=\"true\" class=\"wp-block-spacer\"><\/div>\n\n\n\n<p><a href=\"https:\/\/wp.ufpel.edu.br\/imagensdajustica\/files\/2018\/05\/PRINC%C3%8DPIO-DA-IMPARCIALIDADE-VERSUS-SUBJETIVIDADE-DO-MAGISTRADO-ESTUDO-DE-CASO-NO-JUDICI%C3%81RIO-DO-MUNIC%C3%8DPIO-DE-PELOTASRS-ENTRE-OS-ANOS-DE-2017-E-2018.pdf\">Princ\u00edpio da   imparcialidade <em>versus<\/em> subjetividade do magistrado: estudo de caso no   judici\u00e1rio do munic\u00edpio de Pelotas\/RS entre os anos de 2017 e 2018<\/a><\/p>\n\n\n\n<p>Autoria:    Marcelo Roso de Arrial;   Joel Fonseca Junior; Karina Ferreira Silveira<\/p>\n\n\n\n<p>Palavras-chave:  Imparcialidade; Subjetividade; Judici\u00e1rio; Racionalidade; Julgamento.<\/p>\n\n\n\n<div style=\"height:100px\" aria-hidden=\"true\" class=\"wp-block-spacer\"><\/div>\n\n\n\n<p><a href=\"https:\/\/wp.ufpel.edu.br\/imagensdajustica\/files\/2018\/05\/OLHARES-AO-CAPS-AD-E-AO-SISTEMA-DE-JUSTI%C3%87A-CRIMINAL-PROBLEMATIZANDO-ROTULA%C3%87%C3%95ES-DA-JUSTI%C3%87A-NO-PRESENTE.pdf\">Olhares ao CAPS AD e ao sistema de justi\u00e7a criminal: problematizando rotula\u00e7\u00f5es da justi\u00e7a no presente<\/a> <\/p>\n\n\n\n<p>Autoria:    Jorge Furtado de Souza   Neto, Pedro Augusto Tedesco, Victor Welder Barreira Gusm\u00e3o Biato<\/p>\n\n\n\n<p>Palavras-chave:  Sistema de justi\u00e7a criminal; Dependentes qu\u00edmicos; Seletividade; CAPS AD.<\/p>\n\n\n\n<div style=\"height:100px\" aria-hidden=\"true\" class=\"wp-block-spacer\"><\/div>\n\n\n\n<p><a href=\"https:\/\/wp.ufpel.edu.br\/imagensdajustica\/files\/2018\/05\/DIMENS%C3%83O-CONSTITUCIONAL-E-DEMOCR%C3%81TICA-DA-MEDIA%C3%87%C3%83O-PESQUISA-QUANTITATIVA-E-QUALITATIVA-NA-CIDADE-DE-PELOTAS-DURANTE-O-ANO-DE-2017.pdf\">Dimens\u00e3o constitucional e   democr\u00e1tica da media\u00e7\u00e3o: pesquisa quantitativa e qualitativa na cidade de Pelotas   durante o ano de 2017<\/a><\/p>\n\n\n\n<p>Autoria:    Ciran Kaledi Gon\u00e7alves   Carvalho, Luiz Augusto Rosenthal Freitas Junior, Paulo Andr\u00e9 Ferrarezi   Pereira<\/p>\n\n\n\n<p>Palavras-chave:  Media\u00e7\u00e3o; Informalidade; Pacificidade; Di\u00e1logo.<\/p>\n\n\n\n<div style=\"height:100px\" aria-hidden=\"true\" class=\"wp-block-spacer\"><\/div>\n\n\n\n<p><a href=\"https:\/\/wp.ufpel.edu.br\/imagensdajustica\/files\/2018\/05\/DA-SALA-DE-AULA-AO-CAMPO-DE-PESQUISA-A-PROPOSTA-DO-PROJETO-DE-PESQUISA-EMP%C3%8DRICA-SOBRE-AS-CONEX%C3%95ES-ENTRE-ARTE-ANTROPOLOGIA-E-SOCIOLOGIA-JUR%C3%8DDICAS-DESENVOLVIDO-NA-FACULDADE-DE-DIREITO-D.pdf\">Da sala de aula ao campo de pesquisa: a proposta do projeto de pesquisa emp\u00edrica sobre as conex\u00f5es entre arte, antropologia e sociologia jur\u00eddicas desenvolvido na faculdade de direito da universidade federal de pelotas e seus resultados preliminares.<\/a> <\/p>\n\n\n\n<p>Autoria:  Luis Alexandre da Silva Alves; Ana Clara Correa Henning. <\/p>\n\n\n\n<p>Palavras- chave:  Arte; Direito; Sociologia Jur\u00eddica; Antropologia Jur\u00eddica; Pesquisa Emp\u00edrica. <\/p>\n\n\n\n<div style=\"height:100px\" aria-hidden=\"true\" class=\"wp-block-spacer\"><\/div>\n\n\n\n<p><a href=\"https:\/\/wp.ufpel.edu.br\/imagensdajustica\/files\/2018\/05\/NARRATIVA-FICCIONAL-COMO-ESTRAT%C3%89GIA-PARA-PENSAR-A-INTERNA%C3%87%C3%83O-JUVENIL-AT%C3%89-ONDE-ALCAN%C3%87A-O-ESTADO-DEMOCR%C3%81TICO-DE-DIREITO.pdf\">Narrativa ficcional como estrat\u00e9gia para pensar a interna\u00e7\u00e3o juvenil: at\u00e9 onde alcan\u00e7a o Estado Democr\u00e1tico de Direito?<\/a><\/p>\n\n\n\n<p>Autoria:  Ana Carolina Cavalcante Ferreira Julio <\/p>\n\n\n\n<p>Palavra-chave: Estado de exce\u00e7\u00e3o; Adolescentes em conflito com a lei; Socioeduca\u00e7\u00e3o.  <\/p>\n\n\n\n<div style=\"height:100px\" aria-hidden=\"true\" class=\"wp-block-spacer\"><\/div>\n\n\n\n<h4 class=\"wp-block-heading\">2017<\/h4>\n\n\n\n<p> <a href=\"https:\/\/www.editorarealize.com.br\/revistas\/conedu\/trabalhos\/TRABALHO_EV073_MD1_SA17_ID7413_17102017130134.pdf\">Pesquisa emp\u00edrica em direito: conex\u00f5es entre arte,antropologia e sociologia jur\u00eddicas em projeto de ensino na faculdade de direito da Ufpel <\/a><\/p>\n\n\n\n<p>Autoria:  Ana Clara Correa Henning, Maria Cec\u00edlia Lorea Leite, Mari Cristina de Freitas Fagundes. <\/p>\n\n\n\n<p>Palavra-chave: Ensino Jur\u00eddico; Pesquisa Emp\u00edrica em Direito; Arte; Antropologia Jur\u00eddica; Sociologia Jur\u00eddica. <\/p>\n\n\n\n<div style=\"height:100px\" aria-hidden=\"true\" class=\"wp-block-spacer\"><\/div>\n\n\n\n<p><a href=\"https:\/\/www.editorarealize.com.br\/revistas\/conedu\/trabalhos\/TRABALHO_EV073_MD1_SA17_ID7413_17102017130134.pdf  https:\/\/www.editorarealize.com.br\/revistas\/conedu\/trabalhos\/TRABALHO_EV073_MD1_SA2_ID10241_17102017110755.pdf\"> Articulando saberes: um estudo sobre pr\u00e1ticas pedag\u00f3gicas em um curso de direito no sul do Brasil <\/a><\/p>\n\n\n\n<p>Autoria:  Mari Cristina de Freitas Fagundes, Ana Clara Correa Henning, Maria Cec\u00edlia Lorea Leite. <\/p>\n\n\n\n<p>Palavra-chave: Ensino Jur\u00eddico; Pr\u00e1ticas Pedag\u00f3gicas; Arte; Direito. <\/p>\n\n\n\n<div style=\"height:100px\" aria-hidden=\"true\" class=\"wp-block-spacer\"><\/div>\n\n\n\n<h2 class=\"wp-block-heading\">Resumos expandidos<\/h2>\n\n\n\n<h4 class=\"wp-block-heading\">2019<\/h4>\n\n\n\n<p><a href=\"http:\/\/cti.ufpel.edu.br\/siepe\/arquivos\/2019\/SA_03855.pdf\">O uso ilegal de psicoestimulantes farmacol\u00f3gicos por estudantes universit\u00e1rios: uma an\u00e1lise a partir dos silenciamentos da s\u00e9rie televisiva Narcos (2015) e da Lei 11.343   DE 2006.  <\/a> <\/p>\n\n\n\n<p>Autoria:  Antoniela Aguiar De Aquino; Jaqueline Peters Prestes; Lu\u00e3 Rosa De Almeida; Nath\u00e1lia Karini Schuch; Vit\u00f3ria Medeiros De Almeida; Mari Cristina De Freitas Fagundes;  <\/p>\n\n\n\n<div style=\"height:100px\" aria-hidden=\"true\" class=\"wp-block-spacer\"><\/div>\n\n\n\n<p><a href=\"http:\/\/cti.ufpel.edu.br\/siepe\/arquivos\/2019\/SA_04832.pdf\"> Alem\u00e3es e senegaleses: uma an\u00e1lise epistemol\u00f3gica sobre imigra\u00e7\u00e3o e xenofobia no extremo sul brasileiro nos s\u00e9culos XIX, XX E XXI. <\/a><\/p>\n\n\n\n<p>Autoria:  Nathalia Strelow Da Silva; Maria Eduarda Xavier Paix\u00e3o; Hiago Nogueira Dos Santos De Moura; Thiago Gon\u00e7alves; Anelize Maximila Corr\u00eaa <\/p>\n\n\n\n<div style=\"height:100px\" aria-hidden=\"true\" class=\"wp-block-spacer\"><\/div>\n\n\n\n<p> <a href=\"http:\/\/cti.ufpel.edu.br\/siepe\/arquivos\/2019\/SA_04832.pdf  http:\/\/cti.ufpel.edu.br\/siepe\/arquivos\/2019\/SA_03825.pdf\">Arte e direito: a contemporaneidade da obra  \u201cO auto da barca do inferno\u201d de Gil Vicente. <\/a><\/p>\n\n\n\n<p>Autoria:    Lucas Moreira Dos Santos;   Pl\u00ednio Bertante Gon\u00e7alves; Weslley De \u00c1vila Velleda; Gabriela Garcia De Paula;&nbsp; Antonia Esp\u00edndola Longoni Klee; Ana Clara   Correa Henning.   <\/p>\n\n\n\n<div style=\"height:100px\" aria-hidden=\"true\" class=\"wp-block-spacer\"><\/div>\n\n\n\n<p> <a href=\"http:\/\/cti.ufpel.edu.br\/siepe\/arquivos\/2019\/SA_03754.pdf\">Pol\u00edticas p\u00fablicas de reintegra\u00e7\u00e3o social dos apenados do pres\u00eddio regional de Pelotas entre os anos de 2016 a 2018.     <\/a>   <\/p>\n\n\n\n<p>Autoria:  Rog\u00e9rio Luiz Menegaz Rodrigues; Gabriel Arbes Silveira; Gabriel Juliani Lopes; Giordano Morocini; Ismael Lopes De Souza; Amanda L\u00f6wenhaupt. <\/p>\n\n\n\n<div style=\"height:100px\" aria-hidden=\"true\" class=\"wp-block-spacer\"><\/div>\n\n\n\n<p><a href=\"http:\/\/cti.ufpel.edu.br\/siepe\/arquivos\/2019\/SA_04828.pdf\">Direito, literatura e feminismo jur\u00eddico: an\u00e1lise interseccional do conto liter\u00e1rio &#8220;Venha ver o p\u00f4r do sol&#8221; (1998) de Lygia Fagundes Telles.<\/a> <\/p>\n\n\n\n<p>Autoria:  Bruna Cruz de Castro; Ana Clara Correa Henning. <\/p>\n\n\n\n<div style=\"height:100px\" aria-hidden=\"true\" class=\"wp-block-spacer\"><\/div>\n\n\n\n<p> <a href=\"http:\/\/cti.ufpel.edu.br\/siepe\/arquivos\/2019\/SA_01060.pdf\">Aplica\u00e7\u00e3o do m\u00e9todo do depoimento especial nos casos de viol\u00eancia sexual contra crian\u00e7as e adolescentes  \u2013 A busca pela verdade nas pr\u00e1ticas judici\u00e1rias.   <\/a>     <\/p>\n\n\n\n<p>Autoria:  J\u00e9ssica de Jesus Mota; Ana Clara Correa Henning. <\/p>\n\n\n\n<div style=\"height:100px\" aria-hidden=\"true\" class=\"wp-block-spacer\"><\/div>\n\n\n\n<p> <a href=\"http:\/\/cti.ufpel.edu.br\/siepe\/arquivos\/2019\/SA_04158.pdf\">Isso n\u00e3o \u00e9 um r\u00e9u: pode at\u00e9 ser um cachimbo  <\/a><\/p>\n\n\n\n<p>Autoria:  Lucas Braunstein Da Cunha; Ana Carolina Cavalcante Ferreira Julio; Bruna Hoisler Sallet; Ana Clara Correa Henning. <\/p>\n\n\n\n<div style=\"height:100px\" aria-hidden=\"true\" class=\"wp-block-spacer\"><\/div>\n\n\n\n<h4 class=\"wp-block-heading\">2018<\/h4>\n\n\n\n<p><a href=\"http:\/\/cti.ufpel.edu.br\/siepe\/arquivos\/2018\/SA_00874.pdf\">Responsabilidade eleitoral e escolha pol\u00edtica: uma an\u00e1lise da popula\u00e7\u00e3o do munic\u00edpio de Pelotas\/RS no ano de 2018.<\/a> <\/p>\n\n\n\n<p>Autoria: Ana Carolina Giudice Beber, Carolina Schaun Chaves, Kariza Andr\u00e9 Pires; Marcelo Roso de Arrial; Caroline Charqueiro. <\/p>\n\n\n\n<div style=\"height:100px\" aria-hidden=\"true\" class=\"wp-block-spacer\"><\/div>\n\n\n\n<p><a href=\"https:\/\/wp.ufpel.edu.br\/congressoextensao\/files\/2018\/12\/Direitos-humanos-e-justi%C3%A7a.pdf\">Um olhar criminol\u00f3gico sobre o projeto m\u00e3o de obra prisional (MOP) de Pelotas\/RS <\/a><\/p>\n\n\n\n<p>Autoria: <\/p>\n\n\n\n<p>Dienifer Jacobsen Rackow;\nBruna Eduarda Roloff; Leonardo Meireles De Oliveira; Siria Ferreira.<strong>Orienta\u00e7\u00e3o:<\/strong> Lucas Braunstein Da\nCunha.\n\n\n\n<\/p>\n\n\n\n<div style=\"height:100px\" aria-hidden=\"true\" class=\"wp-block-spacer\"><\/div>\n\n\n\n<p> <a href=\"http:\/\/cti.ufpel.edu.br\/siepe\/arquivos\/2018\/SA_03730.pdf\">Prisioneiros se exercitando: uma interrela\u00e7\u00e3o entre direito e arte em Laranja Mec\u00e2nica. <\/a>     <\/p>\n\n\n\n<p>Autoria:    Bruna Eduarda Roloff;   Dienifer Jacobsen Rackow; Leonardo Meireles De Oliveira; Siria Ferreira; Lucas   Braunstein Da Cunha.   <\/p>\n\n\n\n<div style=\"height:100px\" aria-hidden=\"true\" class=\"wp-block-spacer\"><\/div>\n\n\n\n<p><a href=\"http:\/\/cti.ufpel.edu.br\/siepe\/arquivos\/2018\/SA_03174.pdf\">Os fundamentos s\u00f3cio-hist\u00f3ricos no \u00e2mbito jur\u00eddico e moral: estudo comparativo de casos contra a integridade f\u00edsica da mulher anterior e posterior a Lei n\u00ba 11.340\/06 no munic\u00edpio de Pelotas \u2013 RS <\/a><\/p>\n\n\n\n<p>Autoria:  Bruno Gon\u00e7alves; Chaiana Puyo e Paula Pereira; Amanda L\u00f6wenhaupt. <\/p>\n\n\n\n<div style=\"height:100px\" aria-hidden=\"true\" class=\"wp-block-spacer\"><\/div>\n\n\n\n<p><a href=\"http:\/\/cti.ufpel.edu.br\/siepe\/arquivos\/2018\/SA_04259.pdf\">Desafios enfrentados pela justi\u00e7a eleitoral e percep\u00e7\u00e3o da popula\u00e7\u00e3o pelotense em rela\u00e7\u00e3o ao trabalho da m\u00eddia em ano de elei\u00e7\u00f5es: pesquisa emp\u00edrica em Pelotas, Estado do Rio Grande do Sul, no ano de 2018.   <\/a><\/p>\n\n\n\n<p>Autoria:  Evandro Kusiack Gollo; Lu\u00eds Gustavo De Pinho Amaral; Rafhael Yuji Guedes Kano; David Uenaka Dos Santos Pereira; Camila Silva Rocha; Ana Clara Correa Henning. <\/p>\n\n\n\n<div style=\"height:100px\" aria-hidden=\"true\" class=\"wp-block-spacer\"><\/div>\n\n\n\n<p><a href=\"http:\/\/cti.ufpel.edu.br\/siepe\/arquivos\/2018\/SA_02590.pdf\">V\u00ednculo socioafetivo: quando e como come\u00e7a a filia\u00e7\u00e3o socioafetiva na vis\u00e3o dos t\u00e9cnicos auxiliares das varas de fam\u00edlia da comarca de Pelotas\/RS. <\/a><\/p>\n\n\n\n<p>Autoria:  Jahert Jost; \u00c1llans Jos\u00e9 Nunes Machado; Ana Clara Islab\u00e3o Moreira; Gabriel Gaia Duarte; Matheus De Freitas Ribeiro; Juliano da Rosa Passos. <\/p>\n\n\n\n<div style=\"height:100px\" aria-hidden=\"true\" class=\"wp-block-spacer\"><\/div>\n\n\n\n<p><a href=\"http:\/\/cti.ufpel.edu.br\/siepe\/arquivos\/2018\/SA_04515.pdf\">Discurso de \u00f3dio vs. liberdade de express\u00e3o: a percep\u00e7\u00e3o da sociedade pelotense perante a liberdade de express\u00e3o e a ascens\u00e3o do discurso de \u00f3dio em ano de elei\u00e7\u00f5es nacionais (2018). <\/a><\/p>\n\n\n\n<p>Autoria:  Karoline Rodrgues Balse; Alice Scheer Coelho; Luiza Motta Etchegaray; Ana Clara Correa Henning. <\/p>\n\n\n\n<div style=\"height:100px\" aria-hidden=\"true\" class=\"wp-block-spacer\"><\/div>\n\n\n\n<p> <a href=\"http:\/\/cti.ufpel.edu.br\/siepe\/arquivos\/2018\/SA_04151.pdf\">Pluralismo jur\u00eddico e propriedade em comunidades quilombolas:  pesquisa emp\u00edrica em Pelotas no ano de 2018. <\/a><\/p>\n\n\n\n<p>Autoria:  Lucas Von Ahnt Quadros; Amanda Sallet De Almeida E Silva; Nicole Ferro Antunes De Oliveira; Russein Cavadas Franchini; Ana Clara Correa Henning. <\/p>\n\n\n\n<div style=\"height:100px\" aria-hidden=\"true\" class=\"wp-block-spacer\"><\/div>\n\n\n\n<h4 class=\"wp-block-heading\">2017<\/h4>\n\n\n\n<p><\/p>\n\n\n<p><!--EndFragment--><\/p>\n\n\n<h2 class=\"wp-block-heading\">Resumos simples<\/h2>\n\n\n\n<p>T\u00edtulo (ano)<\/p>\n\n\n\n<p>Autoria:<\/p>\n\n\n\n<p>Palavras-chave:<\/p>\n\n\n\n<div style=\"height:100px\" aria-hidden=\"true\" class=\"wp-block-spacer\"><\/div>\n\n\n\n<p>T\u00edtulo (ano)<\/p>\n\n\n\n<p>Autoria:<\/p>\n\n\n\n<p>Palavras-chave:<\/p>\n\n\n\n<div style=\"height:100px\" aria-hidden=\"true\" class=\"wp-block-spacer\"><\/div>\n\n\n\n<p>T\u00edtulo (ano)<\/p>\n\n\n\n<p>Autoria:<\/p>\n\n\n\n<p>Palavras-chave:<\/p>\n\n\n\n<div style=\"height:100px\" aria-hidden=\"true\" class=\"wp-block-spacer\"><\/div>\n","protected":false},"excerpt":{"rendered":"<p>Artigos completos em peri\u00f3dicos 2017 Aportes Saidianos para um Direito (Des)Colonial: sobre iconologias de revolu\u00e7\u00f5es e odaliscas Autoria: Antonio Carlos Wolkmer, Ana Clara Correa Henning Palavras-chave: Edward Said; Arte Europeia do s\u00e9culo XIX; M\u00e9todo&#46;&#46;&#46;<\/p>\n","protected":false},"author":836,"featured_media":0,"parent":0,"menu_order":0,"comment_status":"closed","ping_status":"closed","template":"","meta":{"footnotes":""},"class_list":["post-29","page","type-page","status-publish","hentry"],"_links":{"self":[{"href":"https:\/\/wp.ufpel.edu.br\/inventar\/wp-json\/wp\/v2\/pages\/29","targetHints":{"allow":["GET"]}}],"collection":[{"href":"https:\/\/wp.ufpel.edu.br\/inventar\/wp-json\/wp\/v2\/pages"}],"about":[{"href":"https:\/\/wp.ufpel.edu.br\/inventar\/wp-json\/wp\/v2\/types\/page"}],"author":[{"embeddable":true,"href":"https:\/\/wp.ufpel.edu.br\/inventar\/wp-json\/wp\/v2\/users\/836"}],"replies":[{"embeddable":true,"href":"https:\/\/wp.ufpel.edu.br\/inventar\/wp-json\/wp\/v2\/comments?post=29"}],"version-history":[{"count":23,"href":"https:\/\/wp.ufpel.edu.br\/inventar\/wp-json\/wp\/v2\/pages\/29\/revisions"}],"predecessor-version":[{"id":370,"href":"https:\/\/wp.ufpel.edu.br\/inventar\/wp-json\/wp\/v2\/pages\/29\/revisions\/370"}],"wp:attachment":[{"href":"https:\/\/wp.ufpel.edu.br\/inventar\/wp-json\/wp\/v2\/media?parent=29"}],"curies":[{"name":"wp","href":"https:\/\/api.w.org\/{rel}","templated":true}]}}