{"id":21,"date":"2019-06-12T15:19:43","date_gmt":"2019-06-12T18:19:43","guid":{"rendered":"https:\/\/wp.ufpel.edu.br\/inventar\/?page_id=21"},"modified":"2020-04-22T18:02:56","modified_gmt":"2020-04-22T21:02:56","slug":"o-que-fazemos","status":"publish","type":"page","link":"https:\/\/wp.ufpel.edu.br\/inventar\/o-que-fazemos\/","title":{"rendered":"O que fazemos"},"content":{"rendered":"\n<p>Texto fundamentando a pot\u00eancia da arte para a pesquisa.<\/p>\n\n\n\n<p>Listar m\u00fasicas, filmes, s\u00e9ries, livros, games, artes pl\u00e1sticas&#8230;<\/p>\n","protected":false},"excerpt":{"rendered":"<p>Texto fundamentando a pot\u00eancia da arte para a pesquisa. Listar m\u00fasicas, filmes, s\u00e9ries, livros, games, artes pl\u00e1sticas&#8230;<\/p>\n","protected":false},"author":836,"featured_media":0,"parent":0,"menu_order":0,"comment_status":"closed","ping_status":"closed","template":"","meta":{"footnotes":""},"class_list":["post-21","page","type-page","status-publish","hentry"],"_links":{"self":[{"href":"https:\/\/wp.ufpel.edu.br\/inventar\/wp-json\/wp\/v2\/pages\/21","targetHints":{"allow":["GET"]}}],"collection":[{"href":"https:\/\/wp.ufpel.edu.br\/inventar\/wp-json\/wp\/v2\/pages"}],"about":[{"href":"https:\/\/wp.ufpel.edu.br\/inventar\/wp-json\/wp\/v2\/types\/page"}],"author":[{"embeddable":true,"href":"https:\/\/wp.ufpel.edu.br\/inventar\/wp-json\/wp\/v2\/users\/836"}],"replies":[{"embeddable":true,"href":"https:\/\/wp.ufpel.edu.br\/inventar\/wp-json\/wp\/v2\/comments?post=21"}],"version-history":[{"count":6,"href":"https:\/\/wp.ufpel.edu.br\/inventar\/wp-json\/wp\/v2\/pages\/21\/revisions"}],"predecessor-version":[{"id":355,"href":"https:\/\/wp.ufpel.edu.br\/inventar\/wp-json\/wp\/v2\/pages\/21\/revisions\/355"}],"wp:attachment":[{"href":"https:\/\/wp.ufpel.edu.br\/inventar\/wp-json\/wp\/v2\/media?parent=21"}],"curies":[{"name":"wp","href":"https:\/\/api.w.org\/{rel}","templated":true}]}}