{"id":314,"date":"2025-04-17T08:38:36","date_gmt":"2025-04-17T11:38:36","guid":{"rendered":"https:\/\/wp.ufpel.edu.br\/international1congress2025anthroposophicalnursing\/?page_id=314"},"modified":"2025-05-02T12:40:06","modified_gmt":"2025-05-02T15:40:06","slug":"local","status":"publish","type":"page","link":"https:\/\/wp.ufpel.edu.br\/international1congress2025anthroposophicalnursing\/local\/","title":{"rendered":"Local"},"content":{"rendered":"<p style=\"text-align: justify; background: white; vertical-align: baseline;\"><span style=\"color: #2a2a2a; font-family: helvetica, arial, sans-serif;\">Entre os dias 31\/07 a 02\/08\/2025 nosso encontro ser\u00e1 na Universidade de Bras\u00edlia \u2013 Faculdade de Ci\u00eancias e Tecnologias em Sa\u00fade, no audit\u00f3rio Prof\u00aa. Cl\u00e9lia Parreira, pr\u00e9dio UAC, no endere\u00e7o: Centro Metropolitano, Ceil\u00e2ndia Sul, Bras\u00edlia, Distrito Federal (DF), Brasil.<\/span><\/p>\n<p style=\"text-align: justify; background: white; vertical-align: baseline;\"><span style=\"color: #2a2a2a; font-family: helvetica, arial, sans-serif;\">Estamos pr\u00f3ximos da esta\u00e7\u00e3o do metr\u00f4 Ceil\u00e2ndia Sul.<\/span><\/p>\n<p><span style=\"font-family: helvetica, arial, sans-serif;\">\n<!-- iframe plugin v.6.0 wordpress.org\/plugins\/iframe\/ -->\n<iframe src=\"https:\/\/www.google.com\/maps\/embed?pb=!1m14!1m8!1m3!1d7676.476291950558!2d-48.101601!3d-15.844076!3m2!1i1024!2i768!4f13.1!3m3!1m2!1s0x935bcd165598443b%3A0x9a9c44aadad8a063!2sUniversidade%20de%20Bras%C3%ADlia%20-%20Campus%20Ceil%C3%A2ndia!5e0!3m2!1spt-PT!2sbr!4v1744890310702!5m2!1spt-PT!2sbr\" width=\"600\" height=\"450\" style=\"border:0;\" allowfullscreen loading=\"lazy\" 0=\"referrerpolicy=&quot;no-referrer-when-downgrade&quot;&lt;strong&gt;scrolling=&quot;auto&quot;&lt;\/strong&gt;\" scrolling=\"yes\" class=\"iframe-class\" frameborder=\"0\"><\/iframe>\n<\/span><\/p>\n","protected":false},"excerpt":{"rendered":"<p>Entre os dias 31\/07 a 02\/08\/2025 nosso encontro ser\u00e1 na Universidade de Bras\u00edlia \u2013 Faculdade de Ci\u00eancias e Tecnologias em Sa\u00fade, no audit\u00f3rio Prof\u00aa. Cl\u00e9lia Parreira, pr\u00e9dio UAC, no endere\u00e7o: Centro Metropolitano, Ceil\u00e2ndia Sul, Bras\u00edlia, Distrito Federal (DF), Brasil. Estamos pr\u00f3ximos da esta\u00e7\u00e3o do metr\u00f4 Ceil\u00e2ndia Sul.<\/p>\n","protected":false},"author":350,"featured_media":0,"parent":0,"menu_order":0,"comment_status":"closed","ping_status":"closed","template":"","meta":{"footnotes":""},"class_list":["post-314","page","type-page","status-publish","hentry"],"jetpack_sharing_enabled":true,"_links":{"self":[{"href":"https:\/\/wp.ufpel.edu.br\/international1congress2025anthroposophicalnursing\/wp-json\/wp\/v2\/pages\/314","targetHints":{"allow":["GET"]}}],"collection":[{"href":"https:\/\/wp.ufpel.edu.br\/international1congress2025anthroposophicalnursing\/wp-json\/wp\/v2\/pages"}],"about":[{"href":"https:\/\/wp.ufpel.edu.br\/international1congress2025anthroposophicalnursing\/wp-json\/wp\/v2\/types\/page"}],"author":[{"embeddable":true,"href":"https:\/\/wp.ufpel.edu.br\/international1congress2025anthroposophicalnursing\/wp-json\/wp\/v2\/users\/350"}],"replies":[{"embeddable":true,"href":"https:\/\/wp.ufpel.edu.br\/international1congress2025anthroposophicalnursing\/wp-json\/wp\/v2\/comments?post=314"}],"version-history":[{"count":13,"href":"https:\/\/wp.ufpel.edu.br\/international1congress2025anthroposophicalnursing\/wp-json\/wp\/v2\/pages\/314\/revisions"}],"predecessor-version":[{"id":554,"href":"https:\/\/wp.ufpel.edu.br\/international1congress2025anthroposophicalnursing\/wp-json\/wp\/v2\/pages\/314\/revisions\/554"}],"wp:attachment":[{"href":"https:\/\/wp.ufpel.edu.br\/international1congress2025anthroposophicalnursing\/wp-json\/wp\/v2\/media?parent=314"}],"curies":[{"name":"wp","href":"https:\/\/api.w.org\/{rel}","templated":true}]}}