{"id":130,"date":"2025-03-30T12:11:30","date_gmt":"2025-03-30T15:11:30","guid":{"rendered":"https:\/\/wp.ufpel.edu.br\/international1congress2025anthroposophicalnursing\/?page_id=130"},"modified":"2025-06-26T15:03:33","modified_gmt":"2025-06-26T18:03:33","slug":"inscricoes","status":"publish","type":"page","link":"https:\/\/wp.ufpel.edu.br\/international1congress2025anthroposophicalnursing\/inscricoes\/","title":{"rendered":"Inscri\u00e7\u00f5es"},"content":{"rendered":"<p style=\"text-align: justify;\"><span style=\"font-family: helvetica, arial, sans-serif;\">As inscri\u00e7\u00f5es ser\u00e3o realizadas mediante o pagamento da taxa de inscri\u00e7\u00e3o (real ou euro ou d\u00f3lar):<\/span><\/p>\n<h4><span style=\"font-family: helvetica, arial, sans-serif;\"><strong><span style=\"background-color: #ffffff;\">\u2e19 Dep\u00f3sito em Real (R$):<\/span><\/strong><\/span><\/h4>\n<p style=\"text-align: justify;\"><span style=\"font-family: helvetica, arial, sans-serif;\">Chave Pix\/Brasil: CNPJ 47.257.214\/0001-01 \u2013 Nome ABEA \u2013 Banco CORA SCD S.A.<\/span><\/p>\n<p style=\"text-align: justify;\"><span style=\"font-family: helvetica, arial, sans-serif;\">Dep\u00f3sito banc\u00e1rio em reais\/Brasil: Banco 403-CORA SCD &#8211; Ag 0001 &#8211; Conta 2890039-9 &#8211; \u00a0Nome: ABEA<\/span><\/p>\n<h4 style=\"text-align: justify;\"><span style=\"font-family: helvetica, arial, sans-serif;\"><strong><span style=\"background-color: #ffffff;\">\u2e19 Dep\u00f3sito em D\u00f3lar Americano ($):<\/span><\/strong><\/span><\/h4>\n<p style=\"text-align: justify;\"><span style=\"background-color: #ffffff; font-family: helvetica, arial, sans-serif;\">Banco Correspondente: Citibank Nova York &#8211; SWIFT (BIC CODE): CITIUS33<\/span><\/p>\n<p style=\"text-align: justify;\"><span style=\"background-color: #ffffff; font-family: helvetica, arial, sans-serif;\">Banco Benefici\u00e1rio: Conta: 36026886 &#8211; Caixa Econ\u00f4mica Federal &#8211; SWIFT (BIC CODE): CEFXBRSP<\/span><\/p>\n<p style=\"text-align: justify;\"><span style=\"background-color: #ffffff; font-family: helvetica, arial, sans-serif;\">Benefici\u00e1rio: C\u00f3digo IBAN: BR09 0036 0305 0580 7763 4792 757P 1 &#8211;\u00a0 Nome Janaina Meirelles Sousa &#8211; CPF 159.462.518-21<\/span><\/p>\n<h4 style=\"text-align: justify;\"><span style=\"font-family: helvetica, arial, sans-serif;\">\u2e19<strong> Dep\u00f3sito em EURO (\u20ac):<\/strong><\/span><\/h4>\n<p style=\"text-align: justify;\"><span style=\"font-family: helvetica, arial, sans-serif;\">Banco Correspondente: Citibank Londres &#8211; SWIFT (BIC CODE): CITIGB2L<\/span><\/p>\n<p style=\"text-align: justify;\"><span style=\"font-family: helvetica, arial, sans-serif;\">Banco Benefici\u00e1rio: Conta: 00184389-35 &#8211; Caixa Econ\u00f4mica Federal &#8211; SWIFT (BIC CODE): CEFXBRSP<\/span><\/p>\n<p style=\"text-align: justify;\"><span style=\"font-family: helvetica, arial, sans-serif;\">Benefici\u00e1rio: C\u00f3digo IBAN: BR09 0036 0305 0580 7763 4792 757P 1 &#8211;\u00a0 Nome Janaina Meirelles Sousa &#8211; CPF 159.462.518-21<\/span><\/p>\n<p>&nbsp;<\/p>\n<h5 style=\"text-align: justify;\"><\/h5>\n<p style=\"text-align: justify;\"><span style=\"font-family: helvetica, arial, sans-serif;\">A taxa de inscri\u00e7\u00e3o \u00e9 de 200,00 reais para profissionais de Enfermagem e da \u00e1rea de sa\u00fade brasileiros, e 100,00 reais para estudantes da \u00e1rea de sa\u00fade e estudantes de cursos de Antroposofia na Sa\u00fade. Ap\u00f3s o pagamento anexar o comprovante no pr\u00f3prio formul\u00e1rio de inscri\u00e7\u00e3o. Para quem fez a op\u00e7\u00e3o de pagamento na modalidade estudante, anexar no formul\u00e1rio de inscri\u00e7\u00e3o o comprovante de pagamento e o arquivo que comprove o v\u00ednculo institucional estudantil.<\/span><\/p>\n<p style=\"text-align: justify;\"><span style=\"font-family: helvetica, arial, sans-serif;\">A taxa de inscri\u00e7\u00e3o \u00e9 de 40$ (d\u00f3lares) ou 40\u20ac (euros) para profissionais de Enfermagem e da \u00e1rea de sa\u00fade estrangeiros, e 20$ (d\u00f3lares) ou 20\u20ac (euros) para estudantes da \u00e1rea de sa\u00fade e estudantes de cursos de Antroposofia na Sa\u00fade. Ap\u00f3s o pagamento anexar o comprovante no pr\u00f3prio formul\u00e1rio de inscri\u00e7\u00e3o. Para quem fez a op\u00e7\u00e3o de pagamento na modalidade estudante, anexar no formul\u00e1rio de inscri\u00e7\u00e3o o comprovante de pagamento e o arquivo que comprove o v\u00ednculo institucional estudantil. <\/span><\/p>\n<p style=\"text-align: justify;\"><strong><span style=\"font-family: helvetica, arial, sans-serif;\">O valor da inscri\u00e7\u00e3o no Congresso \u00e9 de 50 reais para Estudantes de cursos de gradua\u00e7\u00e3o da Universidade de Bras\u00edlia e da Universidade Federal de Pelotas.<\/span><\/strong><\/p>\n<p style=\"text-align: justify;\"><span style=\"font-family: helvetica, arial, sans-serif;\">Ap\u00f3s preenchimento da ficha de inscri\u00e7\u00e3o e anexar os comprovantes da taxa de inscri\u00e7\u00e3o e v\u00ednculo estudantil, aguardar a mensagem de confirma\u00e7\u00e3o da sua inscri\u00e7\u00e3o, solicitamos que guarde essa mensagem de confirma\u00e7\u00e3o que \u00e9 seu comprovante de inscri\u00e7\u00e3o no congresso.<\/span><\/p>\n<p><span style=\"font-family: helvetica, arial, sans-serif;\">\u2e19 Os certificados de participa\u00e7\u00e3o ser\u00e3o entregues ao final do evento.<\/span><\/p>\n<h3 style=\"text-align: justify;\"><span style=\"font-family: helvetica, arial, sans-serif;\"><strong>Fa\u00e7a aqui a sua inscri\u00e7\u00e3o!<\/strong><\/span><\/h3>\n<p style=\"text-align: justify;\"><span style=\"font-family: helvetica, arial, sans-serif;\">\n<div class=\"wpcf7 no-js\" id=\"wpcf7-f341-o1\" lang=\"pt-BR\" dir=\"ltr\" data-wpcf7-id=\"341\">\n<div class=\"screen-reader-response\"><p role=\"status\" aria-live=\"polite\" aria-atomic=\"true\"><\/p> <ul><\/ul><\/div>\n<form action=\"\/international1congress2025anthroposophicalnursing\/wp-json\/wp\/v2\/pages\/130#wpcf7-f341-o1\" method=\"post\" class=\"wpcf7-form init\" aria-label=\"Formul\u00e1rios de contato\" enctype=\"multipart\/form-data\" novalidate=\"novalidate\" data-status=\"init\">\n<fieldset class=\"hidden-fields-container\"><input type=\"hidden\" name=\"_wpcf7\" value=\"341\" \/><input type=\"hidden\" name=\"_wpcf7_version\" value=\"6.1.4\" \/><input type=\"hidden\" name=\"_wpcf7_locale\" value=\"pt_BR\" \/><input type=\"hidden\" name=\"_wpcf7_unit_tag\" value=\"wpcf7-f341-o1\" \/><input type=\"hidden\" name=\"_wpcf7_container_post\" value=\"0\" \/><input type=\"hidden\" name=\"_wpcf7_posted_data_hash\" value=\"\" \/>\n<\/fieldset>\n<p><label> Nome Completo:<br \/>\n<span class=\"wpcf7-form-control-wrap\" data-name=\"your-name\"><input size=\"40\" maxlength=\"400\" class=\"wpcf7-form-control wpcf7-text wpcf7-validates-as-required\" autocomplete=\"name\" aria-required=\"true\" aria-invalid=\"false\" value=\"\" type=\"text\" name=\"your-name\" \/><\/span> <\/label>\n<\/p>\n<p>CPF\/Passaporte<br \/>\n<span class=\"wpcf7-form-control-wrap\" data-name=\"text-811\"><input size=\"40\" maxlength=\"25\" minlength=\"10\" class=\"wpcf7-form-control wpcf7-text wpcf7-validates-as-required\" aria-required=\"true\" aria-invalid=\"false\" value=\"\" type=\"text\" name=\"text-811\" \/><\/span>\n<\/p>\n<p><label> E-mail<br \/>\n<span class=\"wpcf7-form-control-wrap\" data-name=\"your-email\"><input size=\"40\" maxlength=\"400\" class=\"wpcf7-form-control wpcf7-email wpcf7-validates-as-required wpcf7-text wpcf7-validates-as-email\" autocomplete=\"email\" aria-required=\"true\" aria-invalid=\"false\" value=\"\" type=\"email\" name=\"your-email\" \/><\/span> <\/label>\n<\/p>\n<p>Telefone Celular:<br \/>\n<span class=\"wpcf7-form-control-wrap\" data-name=\"tel-419\"><input size=\"40\" maxlength=\"400\" class=\"wpcf7-form-control wpcf7-tel wpcf7-validates-as-required wpcf7-text wpcf7-validates-as-tel\" aria-required=\"true\" aria-invalid=\"false\" placeholder=\"Celular\/telefono m\u00f3vil\/cell phone:\" value=\"\" type=\"tel\" name=\"tel-419\" \/><\/span>\n<\/p>\n<p>Endere\u00e7o (rua, bairro, cidade, estado, pa\u00eds):<br \/>\n<span class=\"wpcf7-form-control-wrap\" data-name=\"textarea-798\"><textarea cols=\"40\" rows=\"10\" maxlength=\"200\" minlength=\"10\" class=\"wpcf7-form-control wpcf7-textarea wpcf7-validates-as-required\" aria-required=\"true\" aria-invalid=\"false\" placeholder=\"\" name=\"textarea-798\"><\/textarea><\/span>\n<\/p>\n<p>Institui\u00e7\u00e3o:<br \/>\n<span class=\"wpcf7-form-control-wrap\" data-name=\"text-658\"><input size=\"40\" maxlength=\"50\" minlength=\"5\" class=\"wpcf7-form-control wpcf7-text wpcf7-validates-as-required\" aria-required=\"true\" aria-invalid=\"false\" value=\"\" type=\"text\" name=\"text-658\" \/><\/span>\n<\/p>\n<p>Forma\u00e7\u00e3o Acad\u00eamica:<br \/>\n<span class=\"wpcf7-form-control-wrap\" data-name=\"checkbox-571\"><span class=\"wpcf7-form-control wpcf7-checkbox wpcf7-validates-as-required\"><span class=\"wpcf7-list-item first\"><label><input type=\"checkbox\" name=\"checkbox-571[]\" value=\"Estudante\/Estudiante\/Student\" \/><span class=\"wpcf7-list-item-label\">Estudante\/Estudiante\/Student<\/span><\/label><\/span><span class=\"wpcf7-list-item\"><label><input type=\"checkbox\" name=\"checkbox-571[]\" value=\"T\u00e9cnico de Enfermagem\" \/><span class=\"wpcf7-list-item-label\">T\u00e9cnico de Enfermagem<\/span><\/label><\/span><span class=\"wpcf7-list-item\"><label><input type=\"checkbox\" name=\"checkbox-571[]\" value=\"Gradua\u00e7\u00e3o\/Pregrado\/Nursing\" \/><span class=\"wpcf7-list-item-label\">Gradua\u00e7\u00e3o\/Pregrado\/Nursing<\/span><\/label><\/span><span class=\"wpcf7-list-item\"><label><input type=\"checkbox\" name=\"checkbox-571[]\" value=\"Mestrado\/Maestria\/Master\u2019s\" \/><span class=\"wpcf7-list-item-label\">Mestrado\/Maestria\/Master\u2019s<\/span><\/label><\/span><span class=\"wpcf7-list-item\"><label><input type=\"checkbox\" name=\"checkbox-571[]\" value=\"Doutorado\/Doctorado\/Doctorate\" \/><span class=\"wpcf7-list-item-label\">Doutorado\/Doctorado\/Doctorate<\/span><\/label><\/span><span class=\"wpcf7-list-item last\"><label><input type=\"checkbox\" name=\"checkbox-571[]\" value=\"P\u00f3s-Doc\/Postdoctorado\/Post-Doc\" \/><span class=\"wpcf7-list-item-label\">P\u00f3s-Doc\/Postdoctorado\/Post-Doc<\/span><\/label><\/span><\/span><\/span>\n<\/p>\n<p>Registre aqui o nome dos cursos que realizou na \u00e1rea de Enfermagem Antropos\u00f3fica ou Antroposofia na Sa\u00fade:<br \/>\n<span class=\"wpcf7-form-control-wrap\" data-name=\"textarea-798\"><textarea cols=\"40\" rows=\"10\" maxlength=\"200\" minlength=\"10\" class=\"wpcf7-form-control wpcf7-textarea wpcf7-validates-as-required\" aria-required=\"true\" aria-invalid=\"false\" placeholder=\"\" name=\"textarea-798\"><\/textarea><\/span>\n<\/p>\n<p>Marca a modalidade de inscri\u00e7\u00e3o no evento:<br \/>\n<span class=\"wpcf7-form-control-wrap\" data-name=\"checkbox-722\"><span class=\"wpcf7-form-control wpcf7-checkbox wpcf7-validates-as-required\"><span class=\"wpcf7-list-item first\"><label><input type=\"checkbox\" name=\"checkbox-722[]\" value=\"Profissionais\" \/><span class=\"wpcf7-list-item-label\">Profissionais<\/span><\/label><\/span><span class=\"wpcf7-list-item last\"><label><input type=\"checkbox\" name=\"checkbox-722[]\" value=\"Estudante\" \/><span class=\"wpcf7-list-item-label\">Estudante<\/span><\/label><\/span><\/span><\/span>\n<\/p>\n<p>Anexe aqui o comprovante da taxa de inscri\u00e7\u00e3o (.pdf)<br \/>\n<span class=\"wpcf7-form-control-wrap\" data-name=\"file-407\"><input size=\"40\" class=\"wpcf7-form-control wpcf7-file wpcf7-validates-as-required\" accept=\".pdf\" aria-required=\"true\" aria-invalid=\"false\" type=\"file\" name=\"file-407\" \/><\/span>\n<\/p>\n<p>Aten\u00e7\u00e3o: Envia o arquivo a seguir somente se fizer a inscri\u00e7\u00e3o na modalidade estudantil.<br \/>\nAnexe aqui o comprovante de estudante de curso de gradua\u00e7\u00e3o ou de cursos na \u00e1rea de Antroposofia na Sa\u00fade (.pdf)<br \/>\n<span class=\"wpcf7-form-control-wrap\" data-name=\"file-130\"><input size=\"40\" class=\"wpcf7-form-control wpcf7-file\" accept=\".pdf\" aria-invalid=\"false\" type=\"file\" name=\"file-130\" \/><\/span>\n<\/p>\n<p>Eu entendo que precisarei pagar o valor da inscri\u00e7\u00e3o conforme orienta\u00e7\u00f5es do evento e explicitadas no website do evento.<br \/>\n<span class=\"wpcf7-form-control-wrap\" data-name=\"acceptance-139\"><span class=\"wpcf7-form-control wpcf7-acceptance optional\"><span class=\"wpcf7-list-item\"><label><input type=\"checkbox\" name=\"acceptance-139\" value=\"1\" aria-invalid=\"false\" \/><span class=\"wpcf7-list-item-label\">Put the condition for consent here.<\/span><\/label><\/span><\/span><\/span>\n<\/p>\n<p><label> Sua mensagem (opcional)<br \/>\n<span class=\"wpcf7-form-control-wrap\" data-name=\"your-subject\"><input size=\"40\" maxlength=\"400\" class=\"wpcf7-form-control wpcf7-text wpcf7-validates-as-required\" aria-required=\"true\" aria-invalid=\"false\" value=\"\" type=\"text\" name=\"your-subject\" \/><\/span> <\/label>\n<\/p>\n<p><input class=\"wpcf7-form-control wpcf7-submit has-spinner\" type=\"submit\" value=\"Enviar\" \/>\n<\/p>\n<p>Este formul\u00e1rio usa Akismet para reduzir spam. <a target=\"_blank\" rel=\"nofollow noopener\" href=\"https:\/\/akismet.com\/privacy\/\">Descubra como seus dados s\u00e3o processados.<\/a>\n<\/p><p style=\"display: none !important;\" class=\"akismet-fields-container\" data-prefix=\"_wpcf7_ak_\"><label>&#916;<textarea name=\"_wpcf7_ak_hp_textarea\" cols=\"45\" rows=\"8\" maxlength=\"100\"><\/textarea><\/label><input type=\"hidden\" id=\"ak_js_1\" name=\"_wpcf7_ak_js\" value=\"30\"\/><script>document.getElementById( \"ak_js_1\" ).setAttribute( \"value\", ( new Date() ).getTime() );<\/script><\/p><div class=\"wpcf7-response-output\" aria-hidden=\"true\"><\/div>\n<\/form>\n<\/div>\n<\/span><\/p>\n","protected":false},"excerpt":{"rendered":"<p>As inscri\u00e7\u00f5es ser\u00e3o realizadas mediante o pagamento da taxa de inscri\u00e7\u00e3o (real ou euro ou d\u00f3lar): \u2e19 Dep\u00f3sito em Real (R$): Chave Pix\/Brasil: CNPJ 47.257.214\/0001-01 \u2013 Nome ABEA \u2013 Banco CORA SCD S.A. Dep\u00f3sito banc\u00e1rio em reais\/Brasil: Banco 403-CORA SCD &#8211; Ag 0001 &#8211; Conta 2890039-9 &#8211; \u00a0Nome: ABEA \u2e19 Dep\u00f3sito em D\u00f3lar Americano ($): [&hellip;]<\/p>\n","protected":false},"author":350,"featured_media":0,"parent":0,"menu_order":6,"comment_status":"closed","ping_status":"closed","template":"","meta":{"footnotes":""},"class_list":["post-130","page","type-page","status-publish","hentry"],"jetpack_sharing_enabled":true,"_links":{"self":[{"href":"https:\/\/wp.ufpel.edu.br\/international1congress2025anthroposophicalnursing\/wp-json\/wp\/v2\/pages\/130","targetHints":{"allow":["GET"]}}],"collection":[{"href":"https:\/\/wp.ufpel.edu.br\/international1congress2025anthroposophicalnursing\/wp-json\/wp\/v2\/pages"}],"about":[{"href":"https:\/\/wp.ufpel.edu.br\/international1congress2025anthroposophicalnursing\/wp-json\/wp\/v2\/types\/page"}],"author":[{"embeddable":true,"href":"https:\/\/wp.ufpel.edu.br\/international1congress2025anthroposophicalnursing\/wp-json\/wp\/v2\/users\/350"}],"replies":[{"embeddable":true,"href":"https:\/\/wp.ufpel.edu.br\/international1congress2025anthroposophicalnursing\/wp-json\/wp\/v2\/comments?post=130"}],"version-history":[{"count":37,"href":"https:\/\/wp.ufpel.edu.br\/international1congress2025anthroposophicalnursing\/wp-json\/wp\/v2\/pages\/130\/revisions"}],"predecessor-version":[{"id":606,"href":"https:\/\/wp.ufpel.edu.br\/international1congress2025anthroposophicalnursing\/wp-json\/wp\/v2\/pages\/130\/revisions\/606"}],"wp:attachment":[{"href":"https:\/\/wp.ufpel.edu.br\/international1congress2025anthroposophicalnursing\/wp-json\/wp\/v2\/media?parent=130"}],"curies":[{"name":"wp","href":"https:\/\/api.w.org\/{rel}","templated":true}]}}