{"id":350,"date":"2022-06-07T15:59:12","date_gmt":"2022-06-07T18:59:12","guid":{"rendered":"https:\/\/wp.ufpel.edu.br\/international\/?page_id=350"},"modified":"2025-10-02T09:12:55","modified_gmt":"2025-10-02T12:12:55","slug":"how-to-apply","status":"publish","type":"page","link":"https:\/\/wp.ufpel.edu.br\/international\/how-to-apply\/","title":{"rendered":"How to apply"},"content":{"rendered":"<div id=\"pl-350\"  class=\"panel-layout\" ><div id=\"pg-350-0\"  class=\"panel-grid panel-no-style\" ><div id=\"pgc-350-0-0\"  class=\"panel-grid-cell\" ><div id=\"panel-350-0-0-0\" class=\"so-panel widget widget_sow-accordion panel-first-child\" data-index=\"0\" ><div\n\t\t\t\n\t\t\tclass=\"so-widget-sow-accordion so-widget-sow-accordion-default-0cbe2f692174-350\"\n\t\t\t\n\t\t><h3 class=\"widget-title\">Undergraduate Programs<\/h3><div>\n\t<div class=\"sow-accordion\">\n\t\t\t<div class=\"sow-accordion-panel\n\t\t\t\t\"\n\t\t\tdata-anchor-id=\"academic-mobility\">\n\t\t\t\t<div class=\"sow-accordion-panel-header-container\" role=\"heading\" aria-level=\"2\">\n\t\t\t\t\t<div class=\"sow-accordion-panel-header\" tabindex=\"0\" role=\"button\" id=\"accordion-label-academic-mobility\" aria-controls=\"accordion-content-academic-mobility\" aria-expanded=\"false\">\n\t\t\t\t\t\t<div class=\"sow-accordion-title sow-accordion-title-icon-left\">\n\t\t\t\t\t\t\t\t\t\t\t\t\t\tAcademic Mobility\t\t\t\t\t\t\t\t\t\t\t\t\t<\/div>\n\t\t\t\t\t\t<div class=\"sow-accordion-open-close-button\">\n\t\t\t\t\t\t\t<div class=\"sow-accordion-open-button\">\n\t\t\t\t\t\t\t\t<span class=\"sow-icon-ionicons\" data-sow-icon=\"&#xf218;\"\n\t\t \n\t\taria-hidden=\"true\"><\/span>\t\t\t\t\t\t\t<\/div>\n\t\t\t\t\t\t\t<div class=\"sow-accordion-close-button\">\n\t\t\t\t\t\t\t\t<span class=\"sow-icon-ionicons\" data-sow-icon=\"&#xf209;\"\n\t\t \n\t\taria-hidden=\"true\"><\/span>\t\t\t\t\t\t\t<\/div>\n\t\t\t\t\t\t<\/div>\n\t\t\t\t\t<\/div>\n\t\t\t\t<\/div>\n\n\t\t\t<div\n\t\t\t\tclass=\"sow-accordion-panel-content\"\n\t\t\t\trole=\"region\"\n\t\t\t\taria-labelledby=\"accordion-label-academic-mobility\"\n\t\t\t\tid=\"accordion-content-academic-mobility\"\n\t\t\t\tstyle=\"display: none;\"\t\t\t>\n\t\t\t\t<div class=\"sow-accordion-panel-border\">\n\t\t\t\t\t<strong><a href=\"https:\/\/wp.ufpel.edu.br\/cra\/calendario-academico\/\" target=\"_blank\" rel=\"noopener\">ACADEMIC CALENDAR<\/a><\/strong>\n\n<strong>Application Documents for Academic Mobility\u00a0<\/strong><em>(1-2 semesters)<\/em>\nThe\u00a0documentation\u00a0listed below should be scanned\u00a0in\u00a0a PDF file and sent by e-mail to\u00a0<a href=\"mailto:crinter.ufpel@gmail.com\">crinter@ufpel.edu.br<\/a>:\n<ol>\n \t<li><strong><a href=\"https:\/\/wp.ufpel.edu.br\/crinter\/files\/2022\/03\/ANEXO-1-APPLICATION-FORM-2022.pdf\" target=\"_blank\" rel=\"noopener\">Application Form<\/a>;<\/strong><\/li>\n \t<li>A copy of your passport;<\/li>\n \t<li>Curriculum vitae;<\/li>\n \t<li>Academic transcripts;<\/li>\n \t<li>COVID-19 Vaccination Certificate.<\/li>\n<\/ol>\n<strong>Documents to be presented after your arrival at UFPel<\/strong>\n<ol style=\"list-style-type: upper-roman;\">\n \t<li>Photo 3\u00d74<\/li>\n \t<li>A copy of your student visa (VITEM IV) \u2013 <em>For Visa information, please contact the nearest Brazilian Embassy or Consulate<\/em><\/li>\n \t<li>A copy of the National Immigration Registry Card \u2013 <em>provided by the Brazilian Federal Police after your arrival<\/em><\/li>\n \t<li>CPF \u2013 <em>please check the possibility of registering the CPF when applying for the visa at the Brazilian Embassy<\/em><\/li>\n \t<li>A copy of your international health insurance covering funeral repatriation<\/li>\n<\/ol>\n<em><strong>The documentation must be sent by the International Office from the student\u2019s home university. Once the student is accepted, the acceptance letter will be sent by email directly to the Head of the International Office of the student\u2019s home university.<\/strong><\/em>\n\n<em><strong>Applications for the second semester of 2022 (from August to December) will only be accepted until May 13, 2022.<\/strong><\/em>\t\t\t\t<\/div>\n\t\t\t<\/div>\n\t\t<\/div>\n\t\t\t<div class=\"sow-accordion-panel\n\t\t\t\t\"\n\t\t\tdata-anchor-id=\"regular-student\">\n\t\t\t\t<div class=\"sow-accordion-panel-header-container\" role=\"heading\" aria-level=\"2\">\n\t\t\t\t\t<div class=\"sow-accordion-panel-header\" tabindex=\"0\" role=\"button\" id=\"accordion-label-regular-student\" aria-controls=\"accordion-content-regular-student\" aria-expanded=\"false\">\n\t\t\t\t\t\t<div class=\"sow-accordion-title sow-accordion-title-icon-left\">\n\t\t\t\t\t\t\t\t\t\t\t\t\t\tRegular Student\t\t\t\t\t\t\t\t\t\t\t\t\t<\/div>\n\t\t\t\t\t\t<div class=\"sow-accordion-open-close-button\">\n\t\t\t\t\t\t\t<div class=\"sow-accordion-open-button\">\n\t\t\t\t\t\t\t\t<span class=\"sow-icon-ionicons\" data-sow-icon=\"&#xf218;\"\n\t\t \n\t\taria-hidden=\"true\"><\/span>\t\t\t\t\t\t\t<\/div>\n\t\t\t\t\t\t\t<div class=\"sow-accordion-close-button\">\n\t\t\t\t\t\t\t\t<span class=\"sow-icon-ionicons\" data-sow-icon=\"&#xf209;\"\n\t\t \n\t\taria-hidden=\"true\"><\/span>\t\t\t\t\t\t\t<\/div>\n\t\t\t\t\t\t<\/div>\n\t\t\t\t\t<\/div>\n\t\t\t\t<\/div>\n\n\t\t\t<div\n\t\t\t\tclass=\"sow-accordion-panel-content\"\n\t\t\t\trole=\"region\"\n\t\t\t\taria-labelledby=\"accordion-label-regular-student\"\n\t\t\t\tid=\"accordion-content-regular-student\"\n\t\t\t\tstyle=\"display: none;\"\t\t\t>\n\t\t\t\t<div class=\"sow-accordion-panel-border\">\n\t\t\t\t\t<p><em>[TRANSFER FROM FOREIGN INSTITUTION FOR CONTINUATION OF STUDIES: In accordance with\u00a0<strong><a href=\"https:\/\/wp.ufpel.edu.br\/crinter\/files\/2022\/03\/RES.-242016-Altera-Res.-05.2016.pdf\" target=\"_blank\" rel=\"noopener\">Resolution no. 24\/2016<\/a><\/strong>\u00a0of the Coordinating Council for Teaching Research and Extension (COCEPE), the transfer of students from foreign institutions to any course is prohibited.]<\/em><\/p>\n<p><strong>There are two ways to enter UFPel as a regular student:<\/strong><\/p>\n<ol>\n<li><strong><a href=\"https:\/\/www.gov.br\/inep\/pt-br\/areas-de-atuacao\/avaliacao-e-exames-educacionais\/enem\" target=\"_blank\" rel=\"noopener\">ENEM<\/a><\/strong><\/li>\n<li><strong><a href=\"https:\/\/www.gov.br\/mre\/pt-br\/assuntos\/cultura-e-educacao\/temas-educacionais\/oportunidades-de-estudo-para-estrangeiros\/pec-g\" target=\"_blank\" rel=\"noopener\">PEC-G<\/a><\/strong><\/li>\n<\/ol>\n<p><strong>PEC-G participating countries<\/strong><\/p>\n<p><strong>Africa<\/strong>\u00a0\u2013\u00a0Angola, Algeria, Benin, Botswana, Cape Verde, Cameroon, Egypt, Gabon, Ghana, Guinea-Bissau, Equatorial Guinea, Ivory Coast, Mali, Morocco, Mozambique, Namibia, Nigeria, Kenya, Democratic, Republic of Congo, S\u00e3o Tom\u00e9 &amp; Pr\u00edncipe, Senegal, South Africa, Tanzania, Togo, Tunisia<\/p>\n<p><strong>Latin America and the Caribbean<\/strong>\u00a0\u2013\u00a0Antigua &amp; Barbuda, Argentina, Barbados, Bolivia, Chile, Colombia, Costa Rica, Cuba, El Salvador, Ecuador, Guatemala, Guyana, Haiti, Honduras, Jamaica, Mexico, Nicaragua, Panama, Paraguay, Peru, Dominican Republic, Suriname, Trinidad &amp; Tobago, Uruguay, Venezuela<\/p>\n<p><strong>Asia<\/strong>\u00a0\u2013\u00a0China, India, Iran, Lebanon, Pakistan, Syria, Thailand, East Timor, Turkey<\/p>\n\t\t\t\t<\/div>\n\t\t\t<\/div>\n\t\t<\/div>\n\t\t<\/div>\n<\/div>\n<\/div><\/div><div id=\"panel-350-0-0-1\" class=\"so-panel widget widget_sow-accordion\" data-index=\"1\" ><div\n\t\t\t\n\t\t\tclass=\"so-widget-sow-accordion so-widget-sow-accordion-default-0cbe2f692174-350\"\n\t\t\t\n\t\t><h3 class=\"widget-title\">Graduate Programs<\/h3><div>\n\t<div class=\"sow-accordion\">\n\t\t\t<div class=\"sow-accordion-panel\n\t\t\t\t\"\n\t\t\tdata-anchor-id=\"scholarships\">\n\t\t\t\t<div class=\"sow-accordion-panel-header-container\" role=\"heading\" aria-level=\"2\">\n\t\t\t\t\t<div class=\"sow-accordion-panel-header\" tabindex=\"0\" role=\"button\" id=\"accordion-label-scholarships\" aria-controls=\"accordion-content-scholarships\" aria-expanded=\"false\">\n\t\t\t\t\t\t<div class=\"sow-accordion-title sow-accordion-title-icon-left\">\n\t\t\t\t\t\t\t\t\t\t\t\t\t\tScholarships\t\t\t\t\t\t\t\t\t\t\t\t\t<\/div>\n\t\t\t\t\t\t<div class=\"sow-accordion-open-close-button\">\n\t\t\t\t\t\t\t<div class=\"sow-accordion-open-button\">\n\t\t\t\t\t\t\t\t<span class=\"sow-icon-ionicons\" data-sow-icon=\"&#xf218;\"\n\t\t \n\t\taria-hidden=\"true\"><\/span>\t\t\t\t\t\t\t<\/div>\n\t\t\t\t\t\t\t<div class=\"sow-accordion-close-button\">\n\t\t\t\t\t\t\t\t<span class=\"sow-icon-ionicons\" data-sow-icon=\"&#xf209;\"\n\t\t \n\t\taria-hidden=\"true\"><\/span>\t\t\t\t\t\t\t<\/div>\n\t\t\t\t\t\t<\/div>\n\t\t\t\t\t<\/div>\n\t\t\t\t<\/div>\n\n\t\t\t<div\n\t\t\t\tclass=\"sow-accordion-panel-content\"\n\t\t\t\trole=\"region\"\n\t\t\t\taria-labelledby=\"accordion-label-scholarships\"\n\t\t\t\tid=\"accordion-content-scholarships\"\n\t\t\t\tstyle=\"display: none;\"\t\t\t>\n\t\t\t\t<div class=\"sow-accordion-panel-border\">\n\t\t\t\t\t<ul>\n<li><strong><a href=\"https:\/\/www.gcub.org.br\/programas\/programa-bolsas-brasil-paec-oea-gcub\/\" target=\"_blank\" rel=\"noopener\">PAEC<\/a><\/strong>\u00a0 \u2013 The Bolsas Brasil PAEC OEA-GCUB Brazil Program is the result of cooperation between the International Cooperation Group of Brazilian Universities (GCUB) and the Organization of American States (OAS), with the support of the Educational Themes and Portuguese Language Division of the Ministry of Foreign Affairs. of Brazil (DELP\/MRE) and the Pan American Health Organization (PAHO\/WHO). Launched in 2011, the Brazil PAEC OAS-GCUB Brazil Scholarship Program is one of the most important regional cooperation initiatives for the development of higher education in Latin America and the Caribbean. Its objective is to contribute to the integration and strengthening of the Americas region through the granting of scholarships for complete stricto sensu graduate courses (Masters and Doctorates), offered by the Brazilian Universities associated with the GCUB for students from the 34 OAS member countries. , except Brazil, and train leaders capable of acting in different sectors, such as universities and research institutions, government agencies, the private sector and others. Students are selected with a high academic level, a leadership trajectory and a high potential for impact on the socio-economic development of their countries of origin. Scholarships are offered to students from the 34 OAS member countries, except Brazil.<\/li>\n<\/ul>\n<p>&nbsp;<\/p>\n<ul>\n<li><strong><a href=\"https:\/\/www.gcub.org.br\/programas\/prolac\/\" target=\"_blank\" rel=\"noopener\">PROLAC<\/a><\/strong>\u00a0\u2013 The Higher Education Teacher Training Program for Latin America and the Caribbean \u2013 ProLAC was created in 2020 by the International Cooperation Group of Brazilian Universities \u2013 GCUB , in partnership with the Uni\u00f3n de Universidades de Am\u00e9rica Latina y el Caribe \u2013 UDUAL. The objective of ProLAC is to contribute to the strengthening of Higher Education and scientific and technological production in Latin America and the Caribbean, as well as to favor the development and integration of the Region by increasing the number of PhDs in Higher Education Institutions. . Thus, the Program offers Doctoral opportunities for Professors from universities associated with GCUB and UDUAL.<\/li>\n<\/ul>\n<p>&nbsp;<\/p>\n<ul>\n<li><strong><a href=\"https:\/\/www.gcub.org.br\/programas\/proafri\/\" target=\"_blank\" rel=\"noopener\">PROAFRI<\/a><\/strong>\u00a0\u2013 Launched in February 2018, PROAfri \u2013 Training Program for Higher Education Teachers from African Countries is an initiative of the International Cooperation Group of Brazilian Universities (GCUB) in partnership with the Ministry of Science and Technology, Higher Education and Professional Technician of Mozambique (MCTESTP), and with the support of the Educational Themes Division of the Ministry of Foreign Affairs of Brazil (DCE\/MRE) and the Brazilian Embassy in Maputo. The Program aims to support the Strategic Plan for Higher Education in Mozambique (PEES:2012-2020), in its goals of expanding access and improving the quality of university education in the country. To this end, the Program offers stricto sensu postgraduate courses for higher education professors from universities in Mozambique, through the granting of academic scholarships offered by Brazilian universities associated with the GCUB, for Master\u2019s and Doctoral courses duly recognized by the Ministry of Education of Brazil.<\/li>\n<\/ul>\n\t\t\t\t<\/div>\n\t\t\t<\/div>\n\t\t<\/div>\n\t\t\t<div class=\"sow-accordion-panel\n\t\t\t\t\"\n\t\t\tdata-anchor-id=\"calls-for-graduate-programs\">\n\t\t\t\t<div class=\"sow-accordion-panel-header-container\" role=\"heading\" aria-level=\"2\">\n\t\t\t\t\t<div class=\"sow-accordion-panel-header\" tabindex=\"0\" role=\"button\" id=\"accordion-label-calls-for-graduate-programs\" aria-controls=\"accordion-content-calls-for-graduate-programs\" aria-expanded=\"false\">\n\t\t\t\t\t\t<div class=\"sow-accordion-title sow-accordion-title-icon-left\">\n\t\t\t\t\t\t\t\t\t\t\t\t\t\tCalls for Graduate Programs\t\t\t\t\t\t\t\t\t\t\t\t\t<\/div>\n\t\t\t\t\t\t<div class=\"sow-accordion-open-close-button\">\n\t\t\t\t\t\t\t<div class=\"sow-accordion-open-button\">\n\t\t\t\t\t\t\t\t<span class=\"sow-icon-ionicons\" data-sow-icon=\"&#xf218;\"\n\t\t \n\t\taria-hidden=\"true\"><\/span>\t\t\t\t\t\t\t<\/div>\n\t\t\t\t\t\t\t<div class=\"sow-accordion-close-button\">\n\t\t\t\t\t\t\t\t<span class=\"sow-icon-ionicons\" data-sow-icon=\"&#xf209;\"\n\t\t \n\t\taria-hidden=\"true\"><\/span>\t\t\t\t\t\t\t<\/div>\n\t\t\t\t\t\t<\/div>\n\t\t\t\t\t<\/div>\n\t\t\t\t<\/div>\n\n\t\t\t<div\n\t\t\t\tclass=\"sow-accordion-panel-content\"\n\t\t\t\trole=\"region\"\n\t\t\t\taria-labelledby=\"accordion-label-calls-for-graduate-programs\"\n\t\t\t\tid=\"accordion-content-calls-for-graduate-programs\"\n\t\t\t\tstyle=\"display: none;\"\t\t\t>\n\t\t\t\t<div class=\"sow-accordion-panel-border\">\n\t\t\t\t\t<p>The access to the Graduate Programs at UFPel is given by attending the Public Calls of each Program.<\/p>\n<p>Here you will find all\u00a0<strong>open calls.<\/strong><\/p>\n<p>Here you will find all\u00a0<strong>UFPel Programs.<\/strong><\/p>\n<p>For more information, please write to the desired Graduate Program Coordination. The email address will be available on the Program website.<\/p>\n\t\t\t\t<\/div>\n\t\t\t<\/div>\n\t\t<\/div>\n\t\t<\/div>\n<\/div>\n<\/div><\/div><div id=\"panel-350-0-0-2\" class=\"so-panel widget widget_sow-accordion panel-last-child\" data-index=\"2\" ><div\n\t\t\t\n\t\t\tclass=\"so-widget-sow-accordion so-widget-sow-accordion-default-0cbe2f692174-350\"\n\t\t\t\n\t\t><h3 class=\"widget-title\">ESCALA AUGM<\/h3><div>\n\t<div class=\"sow-accordion\">\n\t\t\t<div class=\"sow-accordion-panel\n\t\t\t\t\"\n\t\t\tdata-anchor-id=\"peepg-2026-1\">\n\t\t\t\t<div class=\"sow-accordion-panel-header-container\" role=\"heading\" aria-level=\"2\">\n\t\t\t\t\t<div class=\"sow-accordion-panel-header\" tabindex=\"0\" role=\"button\" id=\"accordion-label-peepg-20261\" aria-controls=\"accordion-content-peepg-20261\" aria-expanded=\"false\">\n\t\t\t\t\t\t<div class=\"sow-accordion-title sow-accordion-title-icon-left\">\n\t\t\t\t\t\t\t\t\t\t\t\t\t\tPEEPG 2026\/1\t\t\t\t\t\t\t\t\t\t\t\t\t<\/div>\n\t\t\t\t\t\t<div class=\"sow-accordion-open-close-button\">\n\t\t\t\t\t\t\t<div class=\"sow-accordion-open-button\">\n\t\t\t\t\t\t\t\t<span class=\"sow-icon-ionicons\" data-sow-icon=\"&#xf218;\"\n\t\t \n\t\taria-hidden=\"true\"><\/span>\t\t\t\t\t\t\t<\/div>\n\t\t\t\t\t\t\t<div class=\"sow-accordion-close-button\">\n\t\t\t\t\t\t\t\t<span class=\"sow-icon-ionicons\" data-sow-icon=\"&#xf209;\"\n\t\t \n\t\taria-hidden=\"true\"><\/span>\t\t\t\t\t\t\t<\/div>\n\t\t\t\t\t\t<\/div>\n\t\t\t\t\t<\/div>\n\t\t\t\t<\/div>\n\n\t\t\t<div\n\t\t\t\tclass=\"sow-accordion-panel-content\"\n\t\t\t\trole=\"region\"\n\t\t\t\taria-labelledby=\"accordion-label-peepg-20261\"\n\t\t\t\tid=\"accordion-content-peepg-20261\"\n\t\t\t\tstyle=\"display: none;\"\t\t\t>\n\t\t\t\t<div class=\"sow-accordion-panel-border\">\n\t\t\t\t\t<p>EDITAL<\/p>\n\t\t\t\t<\/div>\n\t\t\t<\/div>\n\t\t<\/div>\n\t\t<\/div>\n<\/div>\n<\/div><\/div><\/div><\/div><\/div>","protected":false},"excerpt":{"rendered":"<p>Undergraduate Programs Academic Mobility ACADEMIC CALENDAR Application Documents for Academic Mobility\u00a0(1-2 semesters) The\u00a0documentation\u00a0listed below should be scanned\u00a0in\u00a0a PDF file and sent by e-mail to\u00a0crinter@ufpel.edu.br: Application Form; A copy of your passport; Curriculum vitae; Academic transcripts; COVID-19 Vaccination Certificate. Documents to be presented after your arrival at UFPel Photo 3\u00d74 A copy of your student visa [&hellip;]<\/p>\n","protected":false},"author":928,"featured_media":967,"parent":0,"menu_order":0,"comment_status":"closed","ping_status":"closed","template":"","meta":{"footnotes":""},"class_list":["post-350","page","type-page","status-publish","has-post-thumbnail","hentry","post","post-with-thumbnail","post-with-thumbnail-large"],"jetpack_sharing_enabled":true,"_links":{"self":[{"href":"https:\/\/wp.ufpel.edu.br\/international\/wp-json\/wp\/v2\/pages\/350","targetHints":{"allow":["GET"]}}],"collection":[{"href":"https:\/\/wp.ufpel.edu.br\/international\/wp-json\/wp\/v2\/pages"}],"about":[{"href":"https:\/\/wp.ufpel.edu.br\/international\/wp-json\/wp\/v2\/types\/page"}],"author":[{"embeddable":true,"href":"https:\/\/wp.ufpel.edu.br\/international\/wp-json\/wp\/v2\/users\/928"}],"replies":[{"embeddable":true,"href":"https:\/\/wp.ufpel.edu.br\/international\/wp-json\/wp\/v2\/comments?post=350"}],"version-history":[{"count":4,"href":"https:\/\/wp.ufpel.edu.br\/international\/wp-json\/wp\/v2\/pages\/350\/revisions"}],"predecessor-version":[{"id":3294,"href":"https:\/\/wp.ufpel.edu.br\/international\/wp-json\/wp\/v2\/pages\/350\/revisions\/3294"}],"wp:featuredmedia":[{"embeddable":true,"href":"https:\/\/wp.ufpel.edu.br\/international\/wp-json\/wp\/v2\/media\/967"}],"wp:attachment":[{"href":"https:\/\/wp.ufpel.edu.br\/international\/wp-json\/wp\/v2\/media?parent=350"}],"curies":[{"name":"wp","href":"https:\/\/api.w.org\/{rel}","templated":true}]}}