{"id":297,"date":"2022-06-07T14:47:32","date_gmt":"2022-06-07T17:47:32","guid":{"rendered":"https:\/\/wp.ufpel.edu.br\/international\/?page_id=297"},"modified":"2024-02-20T11:22:20","modified_gmt":"2024-02-20T14:22:20","slug":"estude-no-exterior","status":"publish","type":"page","link":"https:\/\/wp.ufpel.edu.br\/international\/estude-no-exterior\/","title":{"rendered":"Estude no Exterior"},"content":{"rendered":"<div id=\"pl-297\"  class=\"panel-layout\" ><div id=\"pg-297-0\"  class=\"panel-grid panel-no-style\" ><div id=\"pgc-297-0-0\"  class=\"panel-grid-cell\" ><div id=\"panel-297-0-0-0\" class=\"so-panel widget widget_text panel-first-child\" data-index=\"0\" >\t\t\t<div class=\"textwidget\"><p><a href=\"https:\/\/wp.ufpel.edu.br\/international\/mobilidade-no-exterior-com-auxilios\/\">Mobilidade no exterior com aux\u00edlios<\/a><\/p>\n<\/div>\n\t\t<\/div><div id=\"panel-297-0-0-1\" class=\"so-panel widget widget_text\" data-index=\"1\" >\t\t\t<div class=\"textwidget\"><p><a href=\"https:\/\/wp.ufpel.edu.br\/international\/mobilidade-no-exterior-sem-auxilios\/\">Mobilidade no exterior sem aux\u00edlios<\/a><\/p>\n<\/div>\n\t\t<\/div><div id=\"panel-297-0-0-2\" class=\"so-panel widget widget_text\" data-index=\"2\" >\t\t\t<div class=\"textwidget\"><p><a href=\"https:\/\/wp.ufpel.edu.br\/international\/documentos\/\">Documentos<\/a><\/p>\n<\/div>\n\t\t<\/div><div id=\"panel-297-0-0-3\" class=\"so-panel widget widget_text\" data-index=\"3\" >\t\t\t<div class=\"textwidget\"><p><a href=\"https:\/\/wp.ufpel.edu.br\/international\/informacoes-importantes\/\">Informa\u00e7\u00f5es importantes<\/a><\/p>\n<\/div>\n\t\t<\/div><div id=\"panel-297-0-0-4\" class=\"so-panel widget widget_text panel-last-child\" data-index=\"4\" >\t\t\t<div class=\"textwidget\"><p><a href=\"https:\/\/wp.ufpel.edu.br\/international\/faq\/\">FAQ<\/a><\/p>\n<\/div>\n\t\t<\/div><\/div><\/div><\/div>","protected":false},"excerpt":{"rendered":"<p>Mobilidade no exterior com aux\u00edlios Mobilidade no exterior sem aux\u00edlios Documentos Informa\u00e7\u00f5es importantes FAQ<\/p>\n","protected":false},"author":928,"featured_media":0,"parent":0,"menu_order":0,"comment_status":"closed","ping_status":"closed","template":"","meta":{"footnotes":""},"class_list":["post-297","page","type-page","status-publish","hentry","post"],"jetpack_sharing_enabled":true,"_links":{"self":[{"href":"https:\/\/wp.ufpel.edu.br\/international\/wp-json\/wp\/v2\/pages\/297","targetHints":{"allow":["GET"]}}],"collection":[{"href":"https:\/\/wp.ufpel.edu.br\/international\/wp-json\/wp\/v2\/pages"}],"about":[{"href":"https:\/\/wp.ufpel.edu.br\/international\/wp-json\/wp\/v2\/types\/page"}],"author":[{"embeddable":true,"href":"https:\/\/wp.ufpel.edu.br\/international\/wp-json\/wp\/v2\/users\/928"}],"replies":[{"embeddable":true,"href":"https:\/\/wp.ufpel.edu.br\/international\/wp-json\/wp\/v2\/comments?post=297"}],"version-history":[{"count":41,"href":"https:\/\/wp.ufpel.edu.br\/international\/wp-json\/wp\/v2\/pages\/297\/revisions"}],"predecessor-version":[{"id":2420,"href":"https:\/\/wp.ufpel.edu.br\/international\/wp-json\/wp\/v2\/pages\/297\/revisions\/2420"}],"wp:attachment":[{"href":"https:\/\/wp.ufpel.edu.br\/international\/wp-json\/wp\/v2\/media?parent=297"}],"curies":[{"name":"wp","href":"https:\/\/api.w.org\/{rel}","templated":true}]}}