{"id":2389,"date":"2024-02-20T10:13:08","date_gmt":"2024-02-20T13:13:08","guid":{"rendered":"https:\/\/wp.ufpel.edu.br\/international\/?page_id=2389"},"modified":"2024-02-20T10:16:52","modified_gmt":"2024-02-20T13:16:52","slug":"mobilidade-no-exterior-sem-auxilios","status":"publish","type":"page","link":"https:\/\/wp.ufpel.edu.br\/international\/mobilidade-no-exterior-sem-auxilios\/","title":{"rendered":"Mobilidade no exterior sem aux\u00edlios"},"content":{"rendered":"<p>O aluno que tem interesse em realizar um per\u00edodo de estudos no exterior deve identificar o seu destino de interesse (pa\u00eds e universidade). Para tanto, \u00e9 poss\u00edvel partir da listagem disponibilizada na aba \u201cCoopera\u00e7\u00e3o Internacional\u201d e submenu \u201cAcordos vigentes\u201d para verificar quais as institui\u00e7\u00f5es estrangeiras s\u00e3o conveniadas com a UFPel.<\/p>\n<hr \/>\n<p><strong>Antes da mobilidade<\/strong><\/p>\n<p>Requisitos para mobilidade:<\/p>\n<ul>\n<li>Conhecimento, ao menos intermedi\u00e1rio, no idioma em que ser\u00e3o ministradas as aulas (algumas institui\u00e7\u00f5es poder\u00e3o exigir teste de profici\u00eancia);<\/li>\n<li>Ter atingido a maioridade, de acordo com as leis do pa\u00eds de destino;<\/li>\n<li>N\u00e3o estar cursando nem o\u00a0<strong>primeiro<\/strong>\u00a0semestre\/ano e nem o<strong>\u00a0\u00faltimo<\/strong>\u00a0semestre\/ano do curso de gradua\u00e7\u00e3o.<\/li>\n<\/ul>\n<p>Caso o aluno possua esses requisitos, dever\u00e1 observar os seguintes passos:<\/p>\n<ol>\n<li>Verificar junto \u00e0 institui\u00e7\u00e3o estrangeira de interesse se h\u00e1 curso compat\u00edvel com o seu curso de gradua\u00e7\u00e3o de origem e quais s\u00e3o os requisitos, documentos e prazos de candidatura. Essa informa\u00e7\u00e3o poder\u00e1 ser obtida no site da institui\u00e7\u00e3o estrangeira (\u00e1rea \u201cinternacional\u201d) ou por email;<\/li>\n<li>Realizar a candidatura conforme orienta\u00e7\u00e3o da institui\u00e7\u00e3o estrangeira. Nesse aspecto, cada institui\u00e7\u00e3o possui o seu procedimento e a necessidade de interven\u00e7\u00e3o da CRInter varia de acordo com cada processo. Cabe ao aluno demandar a CRInter conforme a institui\u00e7\u00e3o estrangeira determinar;<\/li>\n<li>Aguardar pela carta de aceita\u00e7\u00e3o;<\/li>\n<li>Ap\u00f3s o recebimento da carta de aceite, o aluno dever\u00e1 informar a CRInter via email que a sua candidatura foi aceita, enviando em anexo a carta de aceite e o plano de estudos submetido. O procedimento da CRInter \u00e9 iniciar processo administrativo de mobilidade internacional via SEI no qual o Colegiado do aluno se manifesta favor\u00e1vel ou n\u00e3o \u00e0quela mobilidade e posteriormente a CRA \u00e9 acionada para que registre a mobilidade se for o caso. O registro de matr\u00edcula na UFPel do aluno no exterior ficar\u00e1 em \u201csitua\u00e7\u00e3o de mobilidade\u201d, de modo a garantir a perman\u00eancia de v\u00ednculo institucional. As disciplinas cursadas no exterior ser\u00e3o incorporadas ao hist\u00f3rico acad\u00eamico do discente de acordo com determina\u00e7\u00f5es do Colegiado do respectivo curso.<\/li>\n<\/ol>\n<p><strong>Durante a mobilidade<\/strong><\/p>\n<p>A CRInter estar\u00e1 dispon\u00edvel via email para auxiliar os alunos em quaisquer eventualidades.<\/p>\n<p><strong>Ap\u00f3s a mobilidade<\/strong><\/p>\n<p>O aluno deve retornar \u00e0 UFPel com o hist\u00f3rico de notas, ementas das disciplinas ou certificado de avalia\u00e7\u00e3o do est\u00e1gio. Essa documenta\u00e7\u00e3o dever\u00e1 ser enviada \u00e0 CRInter para que o processo de mobilidade seja encerrado.<\/p>\n","protected":false},"excerpt":{"rendered":"<p>O aluno que tem interesse em realizar um per\u00edodo de estudos no exterior deve identificar o seu destino de interesse (pa\u00eds e universidade). Para tanto, \u00e9 poss\u00edvel partir da listagem disponibilizada na aba \u201cCoopera\u00e7\u00e3o Internacional\u201d e submenu \u201cAcordos vigentes\u201d para verificar quais as institui\u00e7\u00f5es estrangeiras s\u00e3o conveniadas com a UFPel. Antes da mobilidade Requisitos para [&hellip;]<\/p>\n","protected":false},"author":290,"featured_media":0,"parent":0,"menu_order":0,"comment_status":"closed","ping_status":"closed","template":"","meta":{"footnotes":""},"class_list":["post-2389","page","type-page","status-publish","hentry","post"],"jetpack_sharing_enabled":true,"_links":{"self":[{"href":"https:\/\/wp.ufpel.edu.br\/international\/wp-json\/wp\/v2\/pages\/2389","targetHints":{"allow":["GET"]}}],"collection":[{"href":"https:\/\/wp.ufpel.edu.br\/international\/wp-json\/wp\/v2\/pages"}],"about":[{"href":"https:\/\/wp.ufpel.edu.br\/international\/wp-json\/wp\/v2\/types\/page"}],"author":[{"embeddable":true,"href":"https:\/\/wp.ufpel.edu.br\/international\/wp-json\/wp\/v2\/users\/290"}],"replies":[{"embeddable":true,"href":"https:\/\/wp.ufpel.edu.br\/international\/wp-json\/wp\/v2\/comments?post=2389"}],"version-history":[{"count":2,"href":"https:\/\/wp.ufpel.edu.br\/international\/wp-json\/wp\/v2\/pages\/2389\/revisions"}],"predecessor-version":[{"id":2403,"href":"https:\/\/wp.ufpel.edu.br\/international\/wp-json\/wp\/v2\/pages\/2389\/revisions\/2403"}],"wp:attachment":[{"href":"https:\/\/wp.ufpel.edu.br\/international\/wp-json\/wp\/v2\/media?parent=2389"}],"curies":[{"name":"wp","href":"https:\/\/api.w.org\/{rel}","templated":true}]}}

Mobilidade no exterior sem auxílios

<p>O aluno que tem interesse em realizar um período de estudos no exterior deve identificar o seu destino de interesse (país e universidade). Para tanto, é possível partir da listagem disponibilizada na aba “Cooperação Internacional” e submenu “Acordos vigentes” para verificar quais as instituições estrangeiras são conveniadas com a UFPel.</p>
<hr />
<p><strong>Antes da mobilidade</strong></p>
<p>Requisitos para mobilidade:</p>
<ul>
<li>Conhecimento, ao menos intermediário, no idioma em que serão ministradas as aulas (algumas instituições poderão exigir teste de proficiência);</li>
<li>Ter atingido a maioridade, de acordo com as leis do país de destino;</li>
<li>Não estar cursando nem o <strong>primeiro</strong> semestre/ano e nem o<strong> último</strong> semestre/ano do curso de graduação.</li>
</ul>
<p>Caso o aluno possua esses requisitos, deverá observar os seguintes passos:</p>
<ol>
<li>Verificar junto à instituição estrangeira de interesse se há curso compatível com o seu curso de graduação de origem e quais são os requisitos, documentos e prazos de candidatura. Essa informação poderá ser obtida no site da instituição estrangeira (área “internacional”) ou por email;</li>
<li>Realizar a candidatura conforme orientação da instituição estrangeira. Nesse aspecto, cada instituição possui o seu procedimento e a necessidade de intervenção da CRInter varia de acordo com cada processo. Cabe ao aluno demandar a CRInter conforme a instituição estrangeira determinar;</li>
<li>Aguardar pela carta de aceitação;</li>
<li>Após o recebimento da carta de aceite, o aluno deverá informar a CRInter via email que a sua candidatura foi aceita, enviando em anexo a carta de aceite e o plano de estudos submetido. O procedimento da CRInter é iniciar processo administrativo de mobilidade internacional via SEI no qual o Colegiado do aluno se manifesta favorável ou não àquela mobilidade e posteriormente a CRA é acionada para que registre a mobilidade se for o caso. O registro de matrícula na UFPel do aluno no exterior ficará em “situação de mobilidade”, de modo a garantir a permanência de vínculo institucional. As disciplinas cursadas no exterior serão incorporadas ao histórico acadêmico do discente de acordo com determinações do Colegiado do respectivo curso.</li>
</ol>
<p><strong>Durante a mobilidade</strong></p>
<p>A CRInter estará disponível via email para auxiliar os alunos em quaisquer eventualidades.</p>
<p><strong>Após a mobilidade</strong></p>
<p>O aluno deve retornar à UFPel com o histórico de notas, ementas das disciplinas ou certificado de avaliação do estágio. Essa documentação deverá ser enviada à CRInter para que o processo de mobilidade seja encerrado.</p>

<p>O aluno que tem interesse em realizar um período de estudos no exterior deve identificar o seu destino de interesse (país e universidade). Para tanto, é possível partir da listagem disponibilizada na aba “Cooperação Internacional” e submenu “Acordos vigentes” para verificar quais as instituições estrangeiras são conveniadas com a UFPel. Antes da mobilidade Requisitos para [&hellip;]</p>
