{"id":981,"date":"2021-05-28T14:29:09","date_gmt":"2021-05-28T17:29:09","guid":{"rendered":"https:\/\/wp.ufpel.edu.br\/inspleite\/?page_id=981"},"modified":"2021-05-30T13:47:25","modified_gmt":"2021-05-30T16:47:25","slug":"projetos-em-andamento","status":"publish","type":"page","link":"https:\/\/wp.ufpel.edu.br\/inspleite\/projetos-em-andamento\/","title":{"rendered":"Projetos em Andamento"},"content":{"rendered":"<p>Isolamento de bact\u00e9rias de import\u00e2ncia em sa\u00fade p\u00fablica presentes produtos l\u00e1cteos produzidos e comercializados na bacia leiteira de Pelotas &#8211; RS<\/p>\n<p>Staphylococcus multirresistente: Fontes animal, ambiental e humana para o leite<\/p>\n<p>Perfil de sensibilidade, determina\u00e7\u00e3o da concentra\u00e7\u00e3o inibit\u00f3ria m\u00ednima de sanitizantes e forma\u00e7\u00e3o de biofilme de Staphylococcus spp. isolados durante a ordenha<\/p>\n<p>N\u00facleo de estudos em Sa\u00fade \u00danica\/One Health (NESU-OH)<\/p>\n<p>Boas Pr\u00e1ticas de Ordenha e Qualidade do Leite<\/p>\n<p>Acompanhamento da composi\u00e7\u00e3o do leite de vacas Jersey do Rio Grande do Sul<\/p>\n<p>Micro-organismos patog\u00eanicos isolados de animais silvestres recebidos em um n\u00facleo de reabilita\u00e7\u00e3o<\/p>\n<p>Comportamento de micro-organismos patog\u00eanicos no fluxograma de abate de su\u00ednos<\/p>\n<p>Fontes de contamina\u00e7\u00e3o do leite por micro-organismos patog\u00eanicos durante a produ\u00e7\u00e3o<\/p>\n<p>Boas pr\u00e1ticas de fabrica\u00e7\u00e3o e qualidade microbiol\u00f3gica dos alimentos servidos em restaurantes hoteleiros<\/p>\n<p>Fontes de contamina\u00e7\u00e3o e dissemina\u00e7\u00e3o de <i>Aeromonas spp.<\/i> durante a produ\u00e7\u00e3o de leite<\/p>\n<p>Fontes de contamina\u00e7\u00e3o e dissemina\u00e7\u00e3o de\u00a0<i>Yersinia enterocolitica<\/i> durante a produ\u00e7\u00e3o de leite<\/p>\n<p>Micro-organismos patog\u00eanicos em pescados do estu\u00e1rio da Lagoa dos patos e da costa oce\u00e2nica do Sul do Rio Grande do Sul<\/p>\n<p>Detec\u00e7\u00e3o de\u00a0<i>Campylobacter jejuni<\/i> em produtos de frango utilizando separa\u00e7\u00e3o imunomagn\u00e9tica<\/p>\n<p>Perfis de DNA de <i>Salmonella enterica<\/i>, <i>Campylobacter jejuni <\/i>e <i>C. coli<\/i> isolados de fezes de frango, aves silvestres e pequenos mam\u00edferos e de produtos de frango<\/p>\n<p>Qualidade microbiol\u00f3gica de produtos de origem animal encaminhados para consumo na merenda escolar de escolas p\u00fablicas de Pelotas<\/p>\n<p><em>Vibrio parahaemolyticus<\/em> potencialmente patog\u00eanico em pescados do estu\u00e1rio da Lagoa dos Patos<\/p>\n<p>Isolamento de bact\u00e9rias patog\u00eanicas de animais dom\u00e9sticos e silvestres de propriedades pluriativas e compara\u00e7\u00e3o dos perfis moleculares dos isolados<\/p>\n","protected":false},"excerpt":{"rendered":"<p>Isolamento de bact\u00e9rias de import\u00e2ncia em sa\u00fade p\u00fablica presentes produtos l\u00e1cteos produzidos e comercializados na bacia leiteira de Pelotas &#8211; RS Staphylococcus multirresistente: Fontes animal, ambiental e humana para o leite Perfil de sensibilidade, determina\u00e7\u00e3o da concentra\u00e7\u00e3o inibit\u00f3ria m\u00ednima de &hellip; <a href=\"https:\/\/wp.ufpel.edu.br\/inspleite\/projetos-em-andamento\/\">Continue lendo <span class=\"meta-nav\">&rarr;<\/span><\/a><\/p>\n","protected":false},"author":581,"featured_media":0,"parent":0,"menu_order":0,"comment_status":"closed","ping_status":"closed","template":"","meta":{"footnotes":""},"class_list":["post-981","page","type-page","status-publish","hentry"],"jetpack_sharing_enabled":true,"_links":{"self":[{"href":"https:\/\/wp.ufpel.edu.br\/inspleite\/wp-json\/wp\/v2\/pages\/981","targetHints":{"allow":["GET"]}}],"collection":[{"href":"https:\/\/wp.ufpel.edu.br\/inspleite\/wp-json\/wp\/v2\/pages"}],"about":[{"href":"https:\/\/wp.ufpel.edu.br\/inspleite\/wp-json\/wp\/v2\/types\/page"}],"author":[{"embeddable":true,"href":"https:\/\/wp.ufpel.edu.br\/inspleite\/wp-json\/wp\/v2\/users\/581"}],"replies":[{"embeddable":true,"href":"https:\/\/wp.ufpel.edu.br\/inspleite\/wp-json\/wp\/v2\/comments?post=981"}],"version-history":[{"count":3,"href":"https:\/\/wp.ufpel.edu.br\/inspleite\/wp-json\/wp\/v2\/pages\/981\/revisions"}],"predecessor-version":[{"id":990,"href":"https:\/\/wp.ufpel.edu.br\/inspleite\/wp-json\/wp\/v2\/pages\/981\/revisions\/990"}],"wp:attachment":[{"href":"https:\/\/wp.ufpel.edu.br\/inspleite\/wp-json\/wp\/v2\/media?parent=981"}],"curies":[{"name":"wp","href":"https:\/\/api.w.org\/{rel}","templated":true}]}}

<p>Isolamento de bactérias de importância em saúde pública presentes produtos lácteos produzidos e comercializados na bacia leiteira de Pelotas &#8211; RS</p>
<p>Staphylococcus multirresistente: Fontes animal, ambiental e humana para o leite</p>
<p>Perfil de sensibilidade, determinação da concentração inibitória mínima de sanitizantes e formação de biofilme de Staphylococcus spp. isolados durante a ordenha</p>
<p>Núcleo de estudos em Saúde Única/One Health (NESU-OH)</p>
<p>Boas Práticas de Ordenha e Qualidade do Leite</p>
<p>Acompanhamento da composição do leite de vacas Jersey do Rio Grande do Sul</p>
<p>Micro-organismos patogênicos isolados de animais silvestres recebidos em um núcleo de reabilitação</p>
<p>Comportamento de micro-organismos patogênicos no fluxograma de abate de suínos</p>
<p>Fontes de contaminação do leite por micro-organismos patogênicos durante a produção</p>
<p>Boas práticas de fabricação e qualidade microbiológica dos alimentos servidos em restaurantes hoteleiros</p>
<p>Fontes de contaminação e disseminação de <i>Aeromonas spp.</i> durante a produção de leite</p>
<p>Fontes de contaminação e disseminação de <i>Yersinia enterocolitica</i> durante a produção de leite</p>
<p>Micro-organismos patogênicos em pescados do estuário da Lagoa dos patos e da costa oceânica do Sul do Rio Grande do Sul</p>
<p>Detecção de <i>Campylobacter jejuni</i> em produtos de frango utilizando separação imunomagnética</p>
<p>Perfis de DNA de <i>Salmonella enterica</i>, <i>Campylobacter jejuni </i>e <i>C. coli</i> isolados de fezes de frango, aves silvestres e pequenos mamíferos e de produtos de frango</p>
<p>Qualidade microbiológica de produtos de origem animal encaminhados para consumo na merenda escolar de escolas públicas de Pelotas</p>
<p><em>Vibrio parahaemolyticus</em> potencialmente patogênico em pescados do estuário da Lagoa dos Patos</p>
<p>Isolamento de bactérias patogênicas de animais domésticos e silvestres de propriedades pluriativas e comparação dos perfis moleculares dos isolados</p>

<p>Isolamento de bactérias de importância em saúde pública presentes produtos lácteos produzidos e comercializados na bacia leiteira de Pelotas &#8211; RS Staphylococcus multirresistente: Fontes animal, ambiental e humana para o leite Perfil de sensibilidade, determinação da concentração inibitória mínima de &hellip; <a href="https://wp.ufpel.edu.br/inspleite/projetos-em-andamento/">Continue lendo <span class="meta-nav">&rarr;</span></a></p>
