{"id":506,"date":"2018-04-18T15:11:26","date_gmt":"2018-04-18T18:11:26","guid":{"rendered":"https:\/\/wp.ufpel.edu.br\/inspleite\/?page_id=506"},"modified":"2025-07-09T13:59:47","modified_gmt":"2025-07-09T16:59:47","slug":"editais","status":"publish","type":"page","link":"https:\/\/wp.ufpel.edu.br\/inspleite\/editais\/","title":{"rendered":"Editais"},"content":{"rendered":"<p>EDITAIS ABERTOS:<\/p>\n<p><strong>Resid\u00eancia em \u00c1rea Profissional da Sa\u00fade da UFPel &#8211; COREMU\/UFPel\u00a0<\/strong><\/p>\n<p><strong>Inspe\u00e7\u00e3o e Tecnologia de Produtos de Origem Animal<\/strong><\/p>\n<p>Inscri\u00e7\u00f5es (10\/07\/2025 at\u00e9 06\/08\/2025).<\/p>\n<p><a href=\"https:\/\/wp.ufpel.edu.br\/inspleite\/files\/2025\/07\/SEI_3138583_Edital_de_selecao_PRPPG_104.pdf\">Edital N\u00ba 104\/2025<\/a><\/p>\n<p>&nbsp;<\/p>\n<p>&nbsp;<\/p>\n<p>EDITAIS ENCERRADOS:<\/p>\n<p><strong>Projetos para a condi\u00e7\u00e3o de bolsistas &#8211; Inicia\u00e7\u00e3o \u00e0 Extens\u00e3o e Cultura 2025<\/strong><\/p>\n<p>Inscri\u00e7\u00f5es (22\/04\/2025 at\u00e9 26\/04\/2025). Resultado 28\/04\/2025.<\/p>\n<p>01 &#8211; BOAS PR\u00c1TICAS DE ORDENHA E QUALIDADE DO LEITE<\/p>\n<p><a href=\"https:\/\/wp.ufpel.edu.br\/inspleite\/files\/2025\/04\/Edital-Selecao-Bolsista-Projeto-Qualidade-do-Leite.pdf\">Edital Sele\u00e7\u00e3o Bolsista &#8211; Projeto Boas Pr\u00e1ticas de Ordenha e Qualidade do Leite<\/a><\/p>\n<p><a href=\"https:\/\/wp.ufpel.edu.br\/inspleite\/files\/2025\/04\/Resultado-Selecao-Bolsista-Projeto-Qualidade-do-Leite.pdf\">RESULTADO DA SELE\u00c7\u00c3O &#8211; Projeto Boas Pr\u00e1ticas de Ordenha e Qualidade do Leite<\/a><\/p>\n<p>02 &#8211; A\u00c7\u00d5ES COM FOCO EM MEDICINA VETERIN\u00c1RIA NO SISTEMA \u00daNICO DE SA\u00daDE EM PELOTAS<\/p>\n<p>(Modalidade A\u00e7\u00f5es Afirmativas)<\/p>\n<p><a href=\"https:\/\/wp.ufpel.edu.br\/inspleite\/files\/2025\/04\/Edital-Selecao-Bolsista-Projeto-Eduacacao-em-Saude-1.pdf\">Edital Sele\u00e7\u00e3o Bolsista &#8211; Projeto A\u00e7\u00f5es Com Foco em Medicina Veterin\u00e1ria no Sistema \u00danico de Sa\u00fade em Pelotas<\/a><\/p>\n<p><a href=\"https:\/\/wp.ufpel.edu.br\/inspleite\/files\/2025\/04\/Resultado-Selecao-Bolsista-Projeto-Eduacacao-em-Saude.pdf\">RESULTADO DA SELE\u00c7\u00c3O &#8211; Projeto A\u00e7\u00f5es com Foco em Medicina Veterin\u00e1ria no Sistema \u00danico de Sa\u00fade em Pelotas<\/a><\/p>\n<p>03 &#8211; LEVANTAMENTO AMBIENTAL E QUALIDADE DA \u00c1GUA EM PROPRIEDADES RURAIS<\/p>\n<p><a href=\"https:\/\/wp.ufpel.edu.br\/inspleite\/files\/2025\/04\/Edital-selecao-Levantamento-manejo-e-qualidade-da-agua-2025.pdf\">Edital sele\u00e7\u00e3o bolsista &#8211; Levantamento Ambiental e Qualidade da \u00c1gua em Propriedades Rurais<\/a><\/p>\n<p><a href=\"https:\/\/wp.ufpel.edu.br\/inspleite\/files\/2025\/04\/Resultado-Final-Levantamento-Ambiental-e-Qualidade-da-Agua-em-Propriedades-Rurais.pdf\">RESULTADO DA SELE\u00c7\u00c3O &#8211; Levantamento Ambiental e Qualidade da \u00c1gua em Propriedades Rurais<\/a><\/p>\n<p>04 &#8211; N\u00facleo de estudos em Sa\u00fade \u00danica \/ One Health (NESU-OH)<\/p>\n<p>(Modalidade A\u00e7\u00f5es Afirmativas)<\/p>\n<p><a href=\"https:\/\/wp.ufpel.edu.br\/inspleite\/files\/2025\/04\/Edital-selecao-bolsista-Afirmativas-NESU-2025.pdf\">Edital sele\u00e7\u00e3o bolsista &#8211; N\u00facleo de estudos em Sa\u00fade \u00danica \/ One Health (NESU-OH)\u00a0<\/a><\/p>\n<p><a href=\"https:\/\/wp.ufpel.edu.br\/inspleite\/files\/2025\/04\/Resultado-Final-Nucleo-de-estudos-em-Saude-Unica-1.pdf\">RESULTADO DA SELE\u00c7\u00c3O &#8211; N\u00facleo de estudos em Sa\u00fade \u00danica \/ One Health (NESU-OH)<\/a><\/p>\n<p>&nbsp;<\/p>\n","protected":false},"excerpt":{"rendered":"<p>EDITAIS ABERTOS: Resid\u00eancia em \u00c1rea Profissional da Sa\u00fade da UFPel &#8211; COREMU\/UFPel\u00a0 Inspe\u00e7\u00e3o e Tecnologia de Produtos de Origem Animal Inscri\u00e7\u00f5es (10\/07\/2025 at\u00e9 06\/08\/2025). Edital N\u00ba 104\/2025 &nbsp; &nbsp; EDITAIS ENCERRADOS: Projetos para a condi\u00e7\u00e3o de bolsistas &#8211; Inicia\u00e7\u00e3o \u00e0 &hellip; <a href=\"https:\/\/wp.ufpel.edu.br\/inspleite\/editais\/\">Continue lendo <span class=\"meta-nav\">&rarr;<\/span><\/a><\/p>\n","protected":false},"author":581,"featured_media":0,"parent":0,"menu_order":0,"comment_status":"closed","ping_status":"closed","template":"","meta":{"footnotes":""},"class_list":["post-506","page","type-page","status-publish","hentry"],"jetpack_sharing_enabled":true,"_links":{"self":[{"href":"https:\/\/wp.ufpel.edu.br\/inspleite\/wp-json\/wp\/v2\/pages\/506","targetHints":{"allow":["GET"]}}],"collection":[{"href":"https:\/\/wp.ufpel.edu.br\/inspleite\/wp-json\/wp\/v2\/pages"}],"about":[{"href":"https:\/\/wp.ufpel.edu.br\/inspleite\/wp-json\/wp\/v2\/types\/page"}],"author":[{"embeddable":true,"href":"https:\/\/wp.ufpel.edu.br\/inspleite\/wp-json\/wp\/v2\/users\/581"}],"replies":[{"embeddable":true,"href":"https:\/\/wp.ufpel.edu.br\/inspleite\/wp-json\/wp\/v2\/comments?post=506"}],"version-history":[{"count":11,"href":"https:\/\/wp.ufpel.edu.br\/inspleite\/wp-json\/wp\/v2\/pages\/506\/revisions"}],"predecessor-version":[{"id":1152,"href":"https:\/\/wp.ufpel.edu.br\/inspleite\/wp-json\/wp\/v2\/pages\/506\/revisions\/1152"}],"wp:attachment":[{"href":"https:\/\/wp.ufpel.edu.br\/inspleite\/wp-json\/wp\/v2\/media?parent=506"}],"curies":[{"name":"wp","href":"https:\/\/api.w.org\/{rel}","templated":true}]}}

<p>EDITAIS ABERTOS:</p>
<p><strong>Residência em Área Profissional da Saúde da UFPel &#8211; COREMU/UFPel </strong></p>
<p><strong>Inspeção e Tecnologia de Produtos de Origem Animal</strong></p>
<p>Inscrições (10/07/2025 até 06/08/2025).</p>
<p><a href="https://wp.ufpel.edu.br/inspleite/files/2025/07/SEI_3138583_Edital_de_selecao_PRPPG_104.pdf">Edital Nº 104/2025</a></p>
<p>&nbsp;</p>
<p>&nbsp;</p>
<p>EDITAIS ENCERRADOS:</p>
<p><strong>Projetos para a condição de bolsistas &#8211; Iniciação à Extensão e Cultura 2025</strong></p>
<p>Inscrições (22/04/2025 até 26/04/2025). Resultado 28/04/2025.</p>
<p>01 &#8211; BOAS PRÁTICAS DE ORDENHA E QUALIDADE DO LEITE</p>
<p><a href="https://wp.ufpel.edu.br/inspleite/files/2025/04/Edital-Selecao-Bolsista-Projeto-Qualidade-do-Leite.pdf">Edital Seleção Bolsista &#8211; Projeto Boas Práticas de Ordenha e Qualidade do Leite</a></p>
<p><a href="https://wp.ufpel.edu.br/inspleite/files/2025/04/Resultado-Selecao-Bolsista-Projeto-Qualidade-do-Leite.pdf">RESULTADO DA SELEÇÃO &#8211; Projeto Boas Práticas de Ordenha e Qualidade do Leite</a></p>
<p>02 &#8211; AÇÕES COM FOCO EM MEDICINA VETERINÁRIA NO SISTEMA ÚNICO DE SAÚDE EM PELOTAS</p>
<p>(Modalidade Ações Afirmativas)</p>
<p><a href="https://wp.ufpel.edu.br/inspleite/files/2025/04/Edital-Selecao-Bolsista-Projeto-Eduacacao-em-Saude-1.pdf">Edital Seleção Bolsista &#8211; Projeto Ações Com Foco em Medicina Veterinária no Sistema Único de Saúde em Pelotas</a></p>
<p><a href="https://wp.ufpel.edu.br/inspleite/files/2025/04/Resultado-Selecao-Bolsista-Projeto-Eduacacao-em-Saude.pdf">RESULTADO DA SELEÇÃO &#8211; Projeto Ações com Foco em Medicina Veterinária no Sistema Único de Saúde em Pelotas</a></p>
<p>03 &#8211; LEVANTAMENTO AMBIENTAL E QUALIDADE DA ÁGUA EM PROPRIEDADES RURAIS</p>
<p><a href="https://wp.ufpel.edu.br/inspleite/files/2025/04/Edital-selecao-Levantamento-manejo-e-qualidade-da-agua-2025.pdf">Edital seleção bolsista &#8211; Levantamento Ambiental e Qualidade da Água em Propriedades Rurais</a></p>
<p><a href="https://wp.ufpel.edu.br/inspleite/files/2025/04/Resultado-Final-Levantamento-Ambiental-e-Qualidade-da-Agua-em-Propriedades-Rurais.pdf">RESULTADO DA SELEÇÃO &#8211; Levantamento Ambiental e Qualidade da Água em Propriedades Rurais</a></p>
<p>04 &#8211; Núcleo de estudos em Saúde Única / One Health (NESU-OH)</p>
<p>(Modalidade Ações Afirmativas)</p>
<p><a href="https://wp.ufpel.edu.br/inspleite/files/2025/04/Edital-selecao-bolsista-Afirmativas-NESU-2025.pdf">Edital seleção bolsista &#8211; Núcleo de estudos em Saúde Única / One Health (NESU-OH) </a></p>
<p><a href="https://wp.ufpel.edu.br/inspleite/files/2025/04/Resultado-Final-Nucleo-de-estudos-em-Saude-Unica-1.pdf">RESULTADO DA SELEÇÃO &#8211; Núcleo de estudos em Saúde Única / One Health (NESU-OH)</a></p>
<p>&nbsp;</p>

<p>EDITAIS ABERTOS: Residência em Área Profissional da Saúde da UFPel &#8211; COREMU/UFPel  Inspeção e Tecnologia de Produtos de Origem Animal Inscrições (10/07/2025 até 06/08/2025). Edital Nº 104/2025 &nbsp; &nbsp; EDITAIS ENCERRADOS: Projetos para a condição de bolsistas &#8211; Iniciação à &hellip; <a href="https://wp.ufpel.edu.br/inspleite/editais/">Continue lendo <span class="meta-nav">&rarr;</span></a></p>
