{"id":70,"date":"2026-04-02T15:12:31","date_gmt":"2026-04-02T18:12:31","guid":{"rendered":"https:\/\/wp.ufpel.edu.br\/impactosdasoja\/pagina-inicial\/"},"modified":"2026-04-08T17:06:55","modified_gmt":"2026-04-08T20:06:55","slug":"pagina-inicial","status":"publish","type":"page","link":"https:\/\/wp.ufpel.edu.br\/impactosdasoja\/","title":{"rendered":"P\u00e1gina Inicial"},"content":{"rendered":"<div id=\"pl-70\"  class=\"panel-layout\" ><div id=\"pg-70-0\"  class=\"panel-grid panel-has-style\" ><div class=\"siteorigin-panels-stretch panel-row-style panel-row-style-for-70-0\" data-stretch-type=\"full-width-stretch\" ><div id=\"pgc-70-0-0\"  class=\"panel-grid-cell\" ><div id=\"panel-70-0-0-0\" class=\"so-panel widget widget_sow-slider panel-first-child\" data-index=\"0\" ><div class=\"so-rounded panel-widget-style panel-widget-style-for-70-0-0-0\" ><div\n\t\t\t\n\t\t\tclass=\"so-widget-sow-slider so-widget-sow-slider-default-40bc57a86171-70\"\n\t\t\t\n\t\t>\t\t\t\t<div class=\"sow-slider-base\" style=\"display: none\" tabindex=\"0\">\n\t\t\t\t\t<ul\n\t\t\t\t\tclass=\"sow-slider-images\"\n\t\t\t\t\tdata-settings=\"{&quot;pagination&quot;:true,&quot;speed&quot;:400,&quot;timeout&quot;:8000,&quot;paused&quot;:false,&quot;pause_on_hover&quot;:false,&quot;swipe&quot;:true,&quot;nav_always_show_desktop&quot;:&quot;&quot;,&quot;nav_always_show_mobile&quot;:&quot;&quot;,&quot;breakpoint&quot;:&quot;780px&quot;,&quot;unmute&quot;:false,&quot;anchor&quot;:null}\"\n\t\t\t\t\t\t\t\t\t\tdata-anchor-id=\"\"\n\t\t\t\t>\t\t<li class=\"sow-slider-image  sow-slider-image-cover\" style=\"visibility: visible;;background-image: url(https:\/\/wp.ufpel.edu.br\/impactosdasoja\/files\/2026\/04\/serra_1-scaled.jpg)\" >\n\t\t\t\t\t\t<div class=\"sow-slider-image-container\">\n\t\t\t\t<div class=\"sow-slider-image-wrapper\" style=\"max-width: 2560px\">\n\t\t\t\t\t\t\t\t\t\t<div class=\"sow-slider-image-foreground-wrapper\">\n\t\t\t\t\t\t<img loading=\"lazy\" decoding=\"async\" width=\"2560\" height=\"1441\" src=\"https:\/\/wp.ufpel.edu.br\/impactosdasoja\/files\/2026\/04\/IMG_20251030_183311194-scaled.jpg\" class=\"sow-slider-foreground-image\" alt=\"\" style=\"height: 500px; width: auto;max-height: 1441px\" srcset=\"https:\/\/wp.ufpel.edu.br\/impactosdasoja\/files\/2026\/04\/IMG_20251030_183311194-scaled.jpg 2560w, https:\/\/wp.ufpel.edu.br\/impactosdasoja\/files\/2026\/04\/IMG_20251030_183311194-400x225.jpg 400w, https:\/\/wp.ufpel.edu.br\/impactosdasoja\/files\/2026\/04\/IMG_20251030_183311194-1024x576.jpg 1024w, https:\/\/wp.ufpel.edu.br\/impactosdasoja\/files\/2026\/04\/IMG_20251030_183311194-768x432.jpg 768w, https:\/\/wp.ufpel.edu.br\/impactosdasoja\/files\/2026\/04\/IMG_20251030_183311194-1536x864.jpg 1536w, https:\/\/wp.ufpel.edu.br\/impactosdasoja\/files\/2026\/04\/IMG_20251030_183311194-2048x1153.jpg 2048w\" sizes=\"auto, (max-width: 2560px) 100vw, 2560px\" \/>\t\t\t\t\t<\/div>\n\t\t\t\t\t\t\t\t\t<\/div>\n\t\t\t<\/div>\n\t\t\t\t\t<\/li>\n\t\t\t\t<li class=\"sow-slider-image  sow-slider-image-cover\" style=\"visibility: hidden;\" data-background=\"url(https:\/\/wp.ufpel.edu.br\/impactosdasoja\/files\/2026\/04\/impactos_1-scaled.jpg)\" >\n\t\t\t\t\t\t<div class=\"sow-slider-image-container\">\n\t\t\t\t<div class=\"sow-slider-image-wrapper\" style=\"max-width: 2560px\">\n\t\t\t\t\t\t\t\t\t\t<div class=\"sow-slider-image-foreground-wrapper\">\n\t\t\t\t\t\t<img loading=\"lazy\" decoding=\"async\" width=\"2560\" height=\"1441\" src=\"https:\/\/wp.ufpel.edu.br\/impactosdasoja\/files\/2026\/04\/IMG_20251128_072329359-scaled.jpg\" class=\"sow-slider-foreground-image\" alt=\"\" style=\"height: 500px; width: auto;max-height: 1441px\" srcset=\"https:\/\/wp.ufpel.edu.br\/impactosdasoja\/files\/2026\/04\/IMG_20251128_072329359-scaled.jpg 2560w, https:\/\/wp.ufpel.edu.br\/impactosdasoja\/files\/2026\/04\/IMG_20251128_072329359-400x225.jpg 400w, https:\/\/wp.ufpel.edu.br\/impactosdasoja\/files\/2026\/04\/IMG_20251128_072329359-1024x576.jpg 1024w, https:\/\/wp.ufpel.edu.br\/impactosdasoja\/files\/2026\/04\/IMG_20251128_072329359-768x432.jpg 768w, https:\/\/wp.ufpel.edu.br\/impactosdasoja\/files\/2026\/04\/IMG_20251128_072329359-1536x864.jpg 1536w, https:\/\/wp.ufpel.edu.br\/impactosdasoja\/files\/2026\/04\/IMG_20251128_072329359-2048x1153.jpg 2048w\" sizes=\"auto, (max-width: 2560px) 100vw, 2560px\" \/>\t\t\t\t\t<\/div>\n\t\t\t\t\t\t\t\t\t<\/div>\n\t\t\t<\/div>\n\t\t\t\t\t<\/li>\n\t\t\t\t<li class=\"sow-slider-image  sow-slider-image-cover\" style=\"visibility: hidden;\" data-background=\"url(https:\/\/wp.ufpel.edu.br\/impactosdasoja\/files\/2026\/04\/pordosol_1-scaled.jpg)\" >\n\t\t\t\t\t\t<div class=\"sow-slider-image-container\">\n\t\t\t\t<div class=\"sow-slider-image-wrapper\" style=\"max-width: 2560px\">\n\t\t\t\t\t\t\t\t\t\t<div class=\"sow-slider-image-foreground-wrapper\">\n\t\t\t\t\t\t<img loading=\"lazy\" decoding=\"async\" width=\"2560\" height=\"1441\" src=\"https:\/\/wp.ufpel.edu.br\/impactosdasoja\/files\/2026\/04\/IMG_20250801_180418023_HDR-scaled.jpg\" class=\"sow-slider-foreground-image\" alt=\"\" style=\"height: 500px; width: auto;max-height: 1441px\" srcset=\"https:\/\/wp.ufpel.edu.br\/impactosdasoja\/files\/2026\/04\/IMG_20250801_180418023_HDR-scaled.jpg 2560w, https:\/\/wp.ufpel.edu.br\/impactosdasoja\/files\/2026\/04\/IMG_20250801_180418023_HDR-400x225.jpg 400w, https:\/\/wp.ufpel.edu.br\/impactosdasoja\/files\/2026\/04\/IMG_20250801_180418023_HDR-1024x576.jpg 1024w, https:\/\/wp.ufpel.edu.br\/impactosdasoja\/files\/2026\/04\/IMG_20250801_180418023_HDR-768x432.jpg 768w, https:\/\/wp.ufpel.edu.br\/impactosdasoja\/files\/2026\/04\/IMG_20250801_180418023_HDR-1536x864.jpg 1536w, https:\/\/wp.ufpel.edu.br\/impactosdasoja\/files\/2026\/04\/IMG_20250801_180418023_HDR-2048x1153.jpg 2048w\" sizes=\"auto, (max-width: 2560px) 100vw, 2560px\" \/>\t\t\t\t\t<\/div>\n\t\t\t\t\t\t\t\t\t<\/div>\n\t\t\t<\/div>\n\t\t\t\t\t<\/li>\n\t\t\t\t<li class=\"sow-slider-image  sow-slider-image-cover\" style=\"visibility: hidden;\" data-background=\"url(https:\/\/wp.ufpel.edu.br\/impactosdasoja\/files\/2026\/04\/cavalo_1-scaled.jpg)\" >\n\t\t\t\t\t\t<div class=\"sow-slider-image-container\">\n\t\t\t\t<div class=\"sow-slider-image-wrapper\" style=\"max-width: 2560px\">\n\t\t\t\t\t\t\t\t\t\t<div class=\"sow-slider-image-foreground-wrapper\">\n\t\t\t\t\t\t<img loading=\"lazy\" decoding=\"async\" width=\"2560\" height=\"1441\" src=\"https:\/\/wp.ufpel.edu.br\/impactosdasoja\/files\/2026\/04\/IMG_20250724_084530329-scaled.jpg\" class=\"sow-slider-foreground-image\" alt=\"\" style=\"height: 500px; width: auto;max-height: 1441px\" srcset=\"https:\/\/wp.ufpel.edu.br\/impactosdasoja\/files\/2026\/04\/IMG_20250724_084530329-scaled.jpg 2560w, https:\/\/wp.ufpel.edu.br\/impactosdasoja\/files\/2026\/04\/IMG_20250724_084530329-400x225.jpg 400w, https:\/\/wp.ufpel.edu.br\/impactosdasoja\/files\/2026\/04\/IMG_20250724_084530329-1024x576.jpg 1024w, https:\/\/wp.ufpel.edu.br\/impactosdasoja\/files\/2026\/04\/IMG_20250724_084530329-768x432.jpg 768w, https:\/\/wp.ufpel.edu.br\/impactosdasoja\/files\/2026\/04\/IMG_20250724_084530329-1536x864.jpg 1536w, https:\/\/wp.ufpel.edu.br\/impactosdasoja\/files\/2026\/04\/IMG_20250724_084530329-2048x1153.jpg 2048w\" sizes=\"auto, (max-width: 2560px) 100vw, 2560px\" \/>\t\t\t\t\t<\/div>\n\t\t\t\t\t\t\t\t\t<\/div>\n\t\t\t<\/div>\n\t\t\t\t\t<\/li>\n\t\t<\/ul>\t\t\t\t<ol class=\"sow-slider-pagination\">\n\t\t\t\t\t\t\t\t\t\t\t<li><a href=\"#\" data-goto=\"0\" aria-label=\"Display slide 1\"><\/a><\/li>\n\t\t\t\t\t\t\t\t\t\t\t<li><a href=\"#\" data-goto=\"1\" aria-label=\"Display slide 2\"><\/a><\/li>\n\t\t\t\t\t\t\t\t\t\t\t<li><a href=\"#\" data-goto=\"2\" aria-label=\"Display slide 3\"><\/a><\/li>\n\t\t\t\t\t\t\t\t\t\t\t<li><a href=\"#\" data-goto=\"3\" aria-label=\"Display slide 4\"><\/a><\/li>\n\t\t\t\t\t\t\t\t\t<\/ol>\n\n\t\t\t\t<div class=\"sow-slide-nav sow-slide-nav-next\">\n\t\t\t\t\t<a href=\"#\" data-goto=\"next\" aria-label=\"Next slide\" data-action=\"next\">\n\t\t\t\t\t\t<em class=\"sow-sld-icon-thin-right\"><\/em>\n\t\t\t\t\t<\/a>\n\t\t\t\t<\/div>\n\n\t\t\t\t<div class=\"sow-slide-nav sow-slide-nav-prev\">\n\t\t\t\t\t<a href=\"#\" data-goto=\"previous\" aria-label=\"Previous slide\" data-action=\"prev\">\n\t\t\t\t\t\t<em class=\"sow-sld-icon-thin-left\"><\/em>\n\t\t\t\t\t<\/a>\n\t\t\t\t<\/div>\n\t\t\t\t<\/div><\/div><\/div><\/div><div id=\"panel-70-0-0-1\" class=\"so-panel widget widget_text panel-last-child\" data-index=\"1\" ><h3 class=\"widget-title\">Sejam bem-vindos!<\/h3>\t\t\t<div class=\"textwidget\"><p>O Pampa n\u00e3o \u00e9 apenas uma paisagem de horizontes abertos; \u00e9 um bioma de profundidades. Guardi\u00e3o de uma biodiversidade \u00fanica e ber\u00e7o das \u00e1guas do Aqu\u00edfero Guarani, \u00e9 o alicerce da identidade ga\u00facha e platina. Hoje o mosaico vivo de pastagens nativas cede lugar \u00e0 monotonia da soja. Onde havia diversidade, hoje impera a monocultura. Onde pulsava o of\u00edcio e a vida comunit\u00e1ria, avan\u00e7a o vazio demogr\u00e1fico. Nossa pesquisa mergulha nesta transforma\u00e7\u00e3o para questionar: o que estamos perdendo em nome de um modelo que exporta commodities, mas deixa para tr\u00e1s o esgotamento do solo e o silenciamento da nossa hist\u00f3ria? Conhe\u00e7a os achados de um territ\u00f3rio em resist\u00eancia.<br \/>\nDivulgar a pesquisa e compartilhar nossos resultados, colhidos em meio \u00e0 imers\u00e3o na imensid\u00e3o do Pampa Ga\u00facho, s\u00e3o as raz\u00f5es que ensejaram a cria\u00e7\u00e3o dessa p\u00e1gina. Some-se ao grupo e participe dessa grandiosa miss\u00e3o divulgando o seu conte\u00fado.<\/p>\n<\/div>\n\t\t<\/div><\/div><\/div><\/div><\/div>","protected":false},"excerpt":{"rendered":"<p>O Pampa n\u00e3o \u00e9 apenas uma paisagem de horizontes abertos; \u00e9 um bioma de profundidades. Guardi\u00e3o de uma biodiversidade \u00fanica e ber\u00e7o das \u00e1guas do Aqu\u00edfero Guarani, \u00e9 o alicerce da identidade ga\u00facha e platina. Hoje o mosaico vivo de pastagens nativas cede lugar \u00e0 monotonia da soja. Onde havia diversidade, hoje impera a monocultura. [&hellip;]<\/p>\n","protected":false},"author":1557,"featured_media":0,"parent":0,"menu_order":0,"comment_status":"closed","ping_status":"closed","template":"home-panels.php","meta":{"footnotes":""},"class_list":["post-70","page","type-page","status-publish","hentry","post"],"_links":{"self":[{"href":"https:\/\/wp.ufpel.edu.br\/impactosdasoja\/wp-json\/wp\/v2\/pages\/70","targetHints":{"allow":["GET"]}}],"collection":[{"href":"https:\/\/wp.ufpel.edu.br\/impactosdasoja\/wp-json\/wp\/v2\/pages"}],"about":[{"href":"https:\/\/wp.ufpel.edu.br\/impactosdasoja\/wp-json\/wp\/v2\/types\/page"}],"author":[{"embeddable":true,"href":"https:\/\/wp.ufpel.edu.br\/impactosdasoja\/wp-json\/wp\/v2\/users\/1557"}],"replies":[{"embeddable":true,"href":"https:\/\/wp.ufpel.edu.br\/impactosdasoja\/wp-json\/wp\/v2\/comments?post=70"}],"version-history":[{"count":1,"href":"https:\/\/wp.ufpel.edu.br\/impactosdasoja\/wp-json\/wp\/v2\/pages\/70\/revisions"}],"predecessor-version":[{"id":72,"href":"https:\/\/wp.ufpel.edu.br\/impactosdasoja\/wp-json\/wp\/v2\/pages\/70\/revisions\/72"}],"wp:attachment":[{"href":"https:\/\/wp.ufpel.edu.br\/impactosdasoja\/wp-json\/wp\/v2\/media?parent=70"}],"curies":[{"name":"wp","href":"https:\/\/api.w.org\/{rel}","templated":true}]}}