{"id":220,"date":"2026-04-21T11:39:52","date_gmt":"2026-04-21T14:39:52","guid":{"rendered":"https:\/\/wp.ufpel.edu.br\/impactosdasoja\/?page_id=220"},"modified":"2026-04-22T09:01:34","modified_gmt":"2026-04-22T12:01:34","slug":"nupear","status":"publish","type":"page","link":"https:\/\/wp.ufpel.edu.br\/impactosdasoja\/nupear\/","title":{"rendered":"NUPEAR"},"content":{"rendered":"<p><img loading=\"lazy\" decoding=\"async\" class=\"size-medium wp-image-222 aligncenter\" src=\"https:\/\/wp.ufpel.edu.br\/impactosdasoja\/files\/2026\/04\/Logotipo-Grupo-de-pesquisa-400x198.png\" alt=\"\" width=\"400\" height=\"198\" srcset=\"https:\/\/wp.ufpel.edu.br\/impactosdasoja\/files\/2026\/04\/Logotipo-Grupo-de-pesquisa-400x198.png 400w, https:\/\/wp.ufpel.edu.br\/impactosdasoja\/files\/2026\/04\/Logotipo-Grupo-de-pesquisa-1024x508.png 1024w, https:\/\/wp.ufpel.edu.br\/impactosdasoja\/files\/2026\/04\/Logotipo-Grupo-de-pesquisa-768x381.png 768w, https:\/\/wp.ufpel.edu.br\/impactosdasoja\/files\/2026\/04\/Logotipo-Grupo-de-pesquisa-1536x761.png 1536w, https:\/\/wp.ufpel.edu.br\/impactosdasoja\/files\/2026\/04\/Logotipo-Grupo-de-pesquisa.png 1600w\" sizes=\"auto, (max-width: 400px) 100vw, 400px\" \/><\/p>\n<p>O N\u00facleo de Pesquisa e Extens\u00e3o em Agroecologia e Pol\u00edticas P\u00fablicas para a Agricultura Familiar (NUPEAR-UFPel) foi criado a partir de um projeto financiado pelo CNPq em 2010, sendo posteriormente institucionalizado na Universidade Federal de Pelotas por meio da Resolu\u00e7\u00e3o n\u00ba 08\/2011 do COCEPE.<\/p>\n<p>Vinculado ao Programa de P\u00f3s-Gradua\u00e7\u00e3o em Sistemas de Produ\u00e7\u00e3o Agr\u00edcola Familiar (PPGSPAF), o N\u00facleo tem como miss\u00e3o conceber e desenvolver projetos de pesquisa, ensino e extens\u00e3o voltados \u00e0 agroecologia e ao desenvolvimento rural sustent\u00e1vel, atuando tamb\u00e9m na articula\u00e7\u00e3o de parcerias institucionais e na capta\u00e7\u00e3o de recursos junto a ag\u00eancias de fomento. A coordena\u00e7\u00e3o do NUPEAR-UFPel est\u00e1 a cargo dos professores Fl\u00e1vio Sacco dos Anjos e N\u00e1dia Velleda Caldas.<\/p>\n","protected":false},"excerpt":{"rendered":"<p>O N\u00facleo de Pesquisa e Extens\u00e3o em Agroecologia e Pol\u00edticas P\u00fablicas para a Agricultura Familiar (NUPEAR-UFPel) foi criado a partir de um projeto financiado pelo CNPq em 2010, sendo posteriormente institucionalizado na Universidade Federal de Pelotas por meio da Resolu\u00e7\u00e3o n\u00ba 08\/2011 do COCEPE. Vinculado ao Programa de P\u00f3s-Gradua\u00e7\u00e3o em Sistemas de Produ\u00e7\u00e3o Agr\u00edcola Familiar [&hellip;]<\/p>\n","protected":false},"author":1557,"featured_media":0,"parent":0,"menu_order":0,"comment_status":"closed","ping_status":"closed","template":"","meta":{"footnotes":""},"class_list":["post-220","page","type-page","status-publish","hentry","post"],"_links":{"self":[{"href":"https:\/\/wp.ufpel.edu.br\/impactosdasoja\/wp-json\/wp\/v2\/pages\/220","targetHints":{"allow":["GET"]}}],"collection":[{"href":"https:\/\/wp.ufpel.edu.br\/impactosdasoja\/wp-json\/wp\/v2\/pages"}],"about":[{"href":"https:\/\/wp.ufpel.edu.br\/impactosdasoja\/wp-json\/wp\/v2\/types\/page"}],"author":[{"embeddable":true,"href":"https:\/\/wp.ufpel.edu.br\/impactosdasoja\/wp-json\/wp\/v2\/users\/1557"}],"replies":[{"embeddable":true,"href":"https:\/\/wp.ufpel.edu.br\/impactosdasoja\/wp-json\/wp\/v2\/comments?post=220"}],"version-history":[{"count":2,"href":"https:\/\/wp.ufpel.edu.br\/impactosdasoja\/wp-json\/wp\/v2\/pages\/220\/revisions"}],"predecessor-version":[{"id":248,"href":"https:\/\/wp.ufpel.edu.br\/impactosdasoja\/wp-json\/wp\/v2\/pages\/220\/revisions\/248"}],"wp:attachment":[{"href":"https:\/\/wp.ufpel.edu.br\/impactosdasoja\/wp-json\/wp\/v2\/media?parent=220"}],"curies":[{"name":"wp","href":"https:\/\/api.w.org\/{rel}","templated":true}]}}