{"id":1300,"date":"2017-10-19T02:12:00","date_gmt":"2017-10-19T02:12:00","guid":{"rendered":"http:\/\/imagensdajustica.ufpel.edu.br\/?page_id=1300"},"modified":"2018-02-21T14:54:02","modified_gmt":"2018-02-21T17:54:02","slug":"programacao-grupos-tematicos","status":"publish","type":"page","link":"https:\/\/wp.ufpel.edu.br\/imagensdajustica\/programacao\/grupos-tematicos\/programacao-grupos-tematicos\/","title":{"rendered":"PROGRAMA\u00c7\u00c3O"},"content":{"rendered":"<h1><strong><span style=\"color: #f29419; font-size: 16px; line-height: 120%;\"><!--StartFragment-->ATEN\u00c7\u00c3O!<\/span><\/strong><\/h1>\n<p style=\"font-weight: 500;\">Est\u00e1 dispon\u00edvel a programa\u00e7\u00e3o e o cronograma de apresenta\u00e7\u00e3o dos trabalhos nos Grupos Tem\u00e1ticos.<br \/>\nRegras quanto ao tempo de apresenta\u00e7\u00e3o, locais e hor\u00e1rios constam na primeira imagem do PDF.<\/p>\n<p><strong><span style=\"color: #638ca6;\"><a style=\"color: #638ca6;\" href=\"https:\/\/wp.ufpel.edu.br\/imagensdajustica\/files\/2017\/10\/Programa\u00e7\u00e3o-19-10.pdf\">Clique aqui para baixar a programa\u00e7\u00e3o do dia 19\/10<\/a><\/span><\/strong><br \/>\n<a href=\"https:\/\/wp.ufpel.edu.br\/imagensdajustica\/files\/2017\/10\/Apresenta\u00e7\u00f5es-20-10.pdf\"><strong><span style=\"color: #638ca6;\">Clique aqui para baixar a programa\u00e7\u00e3o do dia 20\/10<\/span><\/strong><\/a><!--:--><\/p>\n","protected":false},"excerpt":{"rendered":"<p>ATEN\u00c7\u00c3O! Est\u00e1 dispon\u00edvel a programa\u00e7\u00e3o e o cronograma de apresenta\u00e7\u00e3o dos trabalhos nos Grupos Tem\u00e1ticos. Regras quanto ao tempo de apresenta\u00e7\u00e3o, locais e hor\u00e1rios constam na primeira imagem do PDF. Clique aqui para baixar a programa\u00e7\u00e3o do dia 19\/10 Clique &hellip; <a href=\"https:\/\/wp.ufpel.edu.br\/imagensdajustica\/programacao\/grupos-tematicos\/programacao-grupos-tematicos\/\">Continue lendo <span class=\"meta-nav\">&rarr;<\/span><\/a><\/p>\n","protected":false},"author":820,"featured_media":0,"parent":1304,"menu_order":0,"comment_status":"closed","ping_status":"closed","template":"sidebar-page.php","meta":{"jetpack_post_was_ever_published":false,"footnotes":""},"class_list":["post-1300","page","type-page","status-publish","hentry"],"jetpack_sharing_enabled":true,"jetpack_likes_enabled":true,"jetpack-related-posts":[{"id":283,"url":"https:\/\/wp.ufpel.edu.br\/imagensdajustica\/programacao\/","url_meta":{"origin":1300,"position":0},"title":"Programa\u00e7\u00e3o","author":"imagensdajustica","date":"29\/08\/2012","format":false,"excerpt":"Confira a grade de programa\u00e7\u00e3o para o III SEMIN\u00c1RIO INTERNACIONAL IMAGENS DA JUSTI\u00c7A, CURR\u00cdCULO E EDUCA\u00c7\u00c3O JUR\u00cdDICA \u00a0","rel":"","context":"Post similar","block_context":{"text":"Post similar","link":""},"img":{"alt_text":"","src":"https:\/\/i0.wp.com\/wp.ufpel.edu.br\/imagensdajustica\/files\/2012\/08\/programa%C3%A7%C3%A3o-01.jpg?resize=350%2C200","width":350,"height":200,"srcset":"https:\/\/i0.wp.com\/wp.ufpel.edu.br\/imagensdajustica\/files\/2012\/08\/programa%C3%A7%C3%A3o-01.jpg?resize=350%2C200 1x, https:\/\/i0.wp.com\/wp.ufpel.edu.br\/imagensdajustica\/files\/2012\/08\/programa%C3%A7%C3%A3o-01.jpg?resize=525%2C300 1.5x, https:\/\/i0.wp.com\/wp.ufpel.edu.br\/imagensdajustica\/files\/2012\/08\/programa%C3%A7%C3%A3o-01.jpg?resize=700%2C400 2x, https:\/\/i0.wp.com\/wp.ufpel.edu.br\/imagensdajustica\/files\/2012\/08\/programa%C3%A7%C3%A3o-01.jpg?resize=1050%2C600 3x, https:\/\/i0.wp.com\/wp.ufpel.edu.br\/imagensdajustica\/files\/2012\/08\/programa%C3%A7%C3%A3o-01.jpg?resize=1400%2C800 4x"},"classes":[]},{"id":89,"url":"https:\/\/wp.ufpel.edu.br\/imagensdajustica\/inscricoes\/participante-sem-submissao-de-trabalho\/","url_meta":{"origin":1300,"position":1},"title":"Participante SEM submiss\u00e3o de trabalho","author":"imagensdajustica","date":"02\/09\/2012","format":false,"excerpt":"Formul\u00e1rio de Inscri\u00e7\u00e3o: Formul\u00e1rio de Inscri\u00e7\u00e3o SEM Apresenta\u00e7\u00e3o de Trabalho Formul\u00e1rio de Inscri\u00e7\u00e3o: Formul\u00e1rio de Inscri\u00e7\u00e3o SEM Apresenta\u00e7\u00e3o de Trabalho ATEN\u00c7\u00c3O: devido a instabilidade do site, aqueles que n\u00e3o conseguirem realizar sua inscri\u00e7\u00e3o pelo formul\u00e1rio, poder\u00e3o enviar suas informa\u00e7\u00f5es* pelo e-mail imagensdajustica2017@gmail.com. *Informa\u00e7\u00f5es para inscri\u00e7\u00e3o SEM submiss\u00e3o de trabalho: Nome:\u2026","rel":"","context":"Post similar","block_context":{"text":"Post similar","link":""},"img":{"alt_text":"","src":"","width":0,"height":0},"classes":[]},{"id":9,"url":"https:\/\/wp.ufpel.edu.br\/imagensdajustica\/apresentacao\/","url_meta":{"origin":1300,"position":2},"title":"APRESENTA\u00c7\u00c3O","author":"thomas","date":"09\/01\/2018","format":false,"excerpt":"Sejam bem vindos! O\u00a0III Semin\u00e1rio Internacional Imagens da Justi\u00e7a, Curr\u00edculo e Educa\u00e7\u00e3o Jur\u00eddica, \u201cEduca\u00e7\u00e3o Jur\u00eddica e mudan\u00e7as: di\u00e1logos, novos contextos e metodologias\u201d,\u00a0promovido por uma parceria entre unidades acad\u00eamicas da Universidade Federal de Pelotas, a Faculdade de Educa\u00e7\u00e3o \u2013 Programa de P\u00f3s- Gradua\u00e7\u00e3o em Educa\u00e7\u00e3o e a Faculdade de Direito \u2013\u2026","rel":"","context":"Post similar","block_context":{"text":"Post similar","link":""},"img":{"alt_text":"","src":"https:\/\/i0.wp.com\/wp.ufpel.edu.br\/imagensdajustica\/files\/2018\/01\/REALIZA%C3%87%C3%83O1-1024x121.png?resize=350%2C200&ssl=1","width":350,"height":200,"srcset":"https:\/\/i0.wp.com\/wp.ufpel.edu.br\/imagensdajustica\/files\/2018\/01\/REALIZA%C3%87%C3%83O1-1024x121.png?resize=350%2C200&ssl=1 1x, https:\/\/i0.wp.com\/wp.ufpel.edu.br\/imagensdajustica\/files\/2018\/01\/REALIZA%C3%87%C3%83O1-1024x121.png?resize=525%2C300&ssl=1 1.5x, https:\/\/i0.wp.com\/wp.ufpel.edu.br\/imagensdajustica\/files\/2018\/01\/REALIZA%C3%87%C3%83O1-1024x121.png?resize=700%2C400&ssl=1 2x"},"classes":[]},{"id":285,"url":"https:\/\/wp.ufpel.edu.br\/imagensdajustica\/inscricoes\/","url_meta":{"origin":1300,"position":3},"title":"INSCRI\u00c7\u00d5ES","author":"imagensdajustica","date":"29\/08\/2012","format":false,"excerpt":"ATEN\u00c7\u00c3O: devido a instabilidade do site, aqueles que n\u00e3o conseguirem realizar sua inscri\u00e7\u00e3o pelo formul\u00e1rio, poder\u00e3o enviar suas informa\u00e7\u00f5es* pelo e-mail imagensdajustica2017@gmail.com. *Informa\u00e7\u00f5es para inscri\u00e7\u00e3o SEM submiss\u00e3o de trabalho: Nome: CPF\/Passaporte: Cidade: Estado: E-mail: Institui\u00e7\u00e3o: Curso: Titula\u00e7\u00e3o: Anexo da imagem de Comprova\u00e7\u00e3o de pagamento (formato: pdf, jpg ou bmp). *Informa\u00e7\u00f5es\u2026","rel":"","context":"Post similar","block_context":{"text":"Post similar","link":""},"img":{"alt_text":"","src":"","width":0,"height":0},"classes":[]},{"id":1266,"url":"https:\/\/wp.ufpel.edu.br\/imagensdajustica\/programacao\/resultado-preliminar-de-trabalhos-aprovados\/","url_meta":{"origin":1300,"position":4},"title":"Resultado final de trabalhos aprovados","author":"imagensdajustica","date":"05\/10\/2017","format":false,"excerpt":"Grupo Tem\u00e1tico 1 Curr\u00edculo, conhecimento e pr\u00e1ticas pedag\u00f3gicas Epistemologia e Pedagogia Decolonial: Experi\u00eancias de Sociodrama para discutir situa\u00e7\u00f5es e conceitos decoloniais (Renata Ovenhausen Albernaz) A produ\u00e7\u00e3o de pr\u00e1ticas discursivas influenciadas pelo neoliberalismo e pelo poder disciplinar no IFFAR (Juliana Mezomo Cantarelli) O Cinema e aprendizagem de l\u00ednguas visuais: CINELIBRAS (Mayara\u2026","rel":"","context":"Post similar","block_context":{"text":"Post similar","link":""},"img":{"alt_text":"","src":"","width":0,"height":0},"classes":[]},{"id":284,"url":"https:\/\/wp.ufpel.edu.br\/imagensdajustica\/apresentacao-2\/","url_meta":{"origin":1300,"position":5},"title":"Apresenta\u00e7\u00e3o","author":"imagensdajustica","date":"29\/08\/2012","format":false,"excerpt":"O II Semin\u00e1rio Internacional Imagens da Justi\u00e7a, Curr\u00edculo e Educa\u00e7\u00e3o Jur\u00eddica, promovido por uma parceria entre unidades acad\u00eamicas da Universidade Federal de Pelotas, a Faculdade de Educa\u00e7\u00e3o \u2013 Programa de P\u00f3s- Gradua\u00e7\u00e3o em Educa\u00e7\u00e3o e a Faculdade de Direito, ser\u00e1 realizado nos dias 26 e 27 de agosto de 2014,\u2026","rel":"","context":"Post similar","block_context":{"text":"Post similar","link":""},"img":{"alt_text":"","src":"https:\/\/i0.wp.com\/wp.ufpel.edu.br\/imagensdajustica\/files\/2012\/08\/REALIZA%C3%87%C3%83O.png?resize=350%2C200&ssl=1","width":350,"height":200,"srcset":"https:\/\/i0.wp.com\/wp.ufpel.edu.br\/imagensdajustica\/files\/2012\/08\/REALIZA%C3%87%C3%83O.png?resize=350%2C200&ssl=1 1x, https:\/\/i0.wp.com\/wp.ufpel.edu.br\/imagensdajustica\/files\/2012\/08\/REALIZA%C3%87%C3%83O.png?resize=525%2C300&ssl=1 1.5x, https:\/\/i0.wp.com\/wp.ufpel.edu.br\/imagensdajustica\/files\/2012\/08\/REALIZA%C3%87%C3%83O.png?resize=700%2C400&ssl=1 2x, https:\/\/i0.wp.com\/wp.ufpel.edu.br\/imagensdajustica\/files\/2012\/08\/REALIZA%C3%87%C3%83O.png?resize=1050%2C600&ssl=1 3x, https:\/\/i0.wp.com\/wp.ufpel.edu.br\/imagensdajustica\/files\/2012\/08\/REALIZA%C3%87%C3%83O.png?resize=1400%2C800&ssl=1 4x"},"classes":[]}],"_links":{"self":[{"href":"https:\/\/wp.ufpel.edu.br\/imagensdajustica\/wp-json\/wp\/v2\/pages\/1300","targetHints":{"allow":["GET"]}}],"collection":[{"href":"https:\/\/wp.ufpel.edu.br\/imagensdajustica\/wp-json\/wp\/v2\/pages"}],"about":[{"href":"https:\/\/wp.ufpel.edu.br\/imagensdajustica\/wp-json\/wp\/v2\/types\/page"}],"author":[{"embeddable":true,"href":"https:\/\/wp.ufpel.edu.br\/imagensdajustica\/wp-json\/wp\/v2\/users\/820"}],"replies":[{"embeddable":true,"href":"https:\/\/wp.ufpel.edu.br\/imagensdajustica\/wp-json\/wp\/v2\/comments?post=1300"}],"version-history":[{"count":3,"href":"https:\/\/wp.ufpel.edu.br\/imagensdajustica\/wp-json\/wp\/v2\/pages\/1300\/revisions"}],"predecessor-version":[{"id":1507,"href":"https:\/\/wp.ufpel.edu.br\/imagensdajustica\/wp-json\/wp\/v2\/pages\/1300\/revisions\/1507"}],"up":[{"embeddable":true,"href":"https:\/\/wp.ufpel.edu.br\/imagensdajustica\/wp-json\/wp\/v2\/pages\/1304"}],"wp:attachment":[{"href":"https:\/\/wp.ufpel.edu.br\/imagensdajustica\/wp-json\/wp\/v2\/media?parent=1300"}],"curies":[{"name":"wp","href":"https:\/\/api.w.org\/{rel}","templated":true}]}}