{"id":124,"date":"2012-09-03T01:04:53","date_gmt":"2012-09-03T04:04:53","guid":{"rendered":"http:\/\/wp.ufpel.edu.br\/seminariointernacionalimagensdajustica\/?page_id=124"},"modified":"2018-02-21T13:08:28","modified_gmt":"2018-02-21T16:08:28","slug":"informacoes","status":"publish","type":"page","link":"https:\/\/wp.ufpel.edu.br\/imagensdajustica\/informacoes\/","title":{"rendered":"INFORMA\u00c7\u00d5ES"},"content":{"rendered":"<p><span style=\"font-size: 12pt;\"><strong>Local: Faculdade de Direito de Pelotas\u00a0<\/strong><\/span><br \/>\n<strong><span style=\"font-size: 12pt;\">Endere\u00e7o:\u00a0Pra\u00e7a Conselheiro Maciel, 215 \u2013 Centro, Pelotas &#8211; RS &#8211; Brasil<\/span><br \/>\n<\/strong><div class=\"googlemaps\">\n\t\t\t\t<iframe loading=\"lazy\" width=\"425\" height=\"350\" frameborder=\"0\" scrolling=\"no\" marginheight=\"0\" marginwidth=\"0\"  src=\"https:\/\/maps.google.com.br\/maps?f=q&#038;source=embed&#038;hl=pt-BR&#038;geocode=&#038;q=Faculdade%20de%20Direito%20-%20UFPEL,%20Pelotas%20-%20Rio%20Grande%20do%20Sul&#038;aq=1&#038;oq=faculdade%20direito%20&#038;sll=-31.561962,-52.334125&#038;sspn=0.675175,1.234589&#038;ie=UTF8&#038;t=m&#038;z=14&#038;iwloc=A&#038;cid=18204879657611809099&#038;ll=-31.774748,-52.342367&#038;output=embed\"><\/iframe>\n\t\t\t<\/div><\/p>\n<p><small><a style=\"color: #638ca6; text-align: left;\" href=\"https:\/\/maps.google.com.br\/maps?f=q&amp;source=embed&amp;hl=pt-BR&amp;geocode=&amp;q=Faculdade+de+Direito+-+UFPEL,+Pelotas+-+Rio+Grande+do+Sul&amp;aq=1&amp;oq=faculdade+direito+&amp;sll=-31.561962,-52.334125&amp;sspn=0.675175,1.234589&amp;ie=UTF8&amp;hq=Faculdade+de+Direito+-+UFPEL,+Pelotas+-+Rio+Grande+do+Sul&amp;t=m&amp;z=14&amp;iwloc=A&amp;cid=18204879657611809099&amp;ll=-31.774748,-52.342367\"><strong><span style=\"font-size: 12pt;\">Exibir mapa ampliado<\/span><\/strong><\/a><\/small><\/p>\n<p><span style=\"font-size: 12pt;\">D\u00favidas? <a title=\"Contato\" href=\"http:\/\/imagensdajustica.ufpel.edu.br\/?page_id=312\">Entre em contato conosco<\/a>!<\/span><!--:--><\/p>\n","protected":false},"excerpt":{"rendered":"<p>Local: Faculdade de Direito de Pelotas\u00a0 Endere\u00e7o:\u00a0Pra\u00e7a Conselheiro Maciel, 215 \u2013 Centro, Pelotas &#8211; RS &#8211; Brasil Exibir mapa ampliado D\u00favidas? Entre em contato conosco!<\/p>\n","protected":false},"author":820,"featured_media":0,"parent":0,"menu_order":7,"comment_status":"closed","ping_status":"closed","template":"sidebar-page.php","meta":{"jetpack_post_was_ever_published":false,"footnotes":""},"class_list":["post-124","page","type-page","status-publish","hentry"],"jetpack_sharing_enabled":true,"jetpack_likes_enabled":true,"jetpack-related-posts":[{"id":287,"url":"https:\/\/wp.ufpel.edu.br\/imagensdajustica\/apresentacao-2\/comite-organizador\/","url_meta":{"origin":124,"position":0},"title":"Comit\u00ea Organizador e Cient\u00edfico","author":"imagensdajustica","date":"29\/08\/2012","format":false,"excerpt":"COMISS\u00c3O ORGANIZADORA Maria Cecilia Lorea Leite (Presidente) Alexandre Fernandes Gastal \u2013 Faculdade de Direito da UFPel \u00c1lvaro Moreira Hypolito \u2013 PPGE-UFPel Anelize Maximila Correa \u2013 PPGE- UFPel e Curso de Direito \u2013 UCPel. Alessandra Rodrigues Moreira de Castro \u2013 PPGE- UFPel e PRAc UCPel. Jarbas Santos Vieira - PPGE-UFPel Madalena\u2026","rel":"","context":"Post similar","block_context":{"text":"Post similar","link":""},"img":{"alt_text":"","src":"","width":0,"height":0},"classes":[]},{"id":1303,"url":"https:\/\/wp.ufpel.edu.br\/imagensdajustica\/2-2\/","url_meta":{"origin":124,"position":1},"title":"III SEMIN\u00c1RIO INTERNACIONAL IMAGENS DA\u2026","author":"imagensdajustica","date":"12\/09\/2012","format":false,"excerpt":"III SEMIN\u00c1RIO INTERNACIONAL IMAGENS DA JUSTI\u00c7A, CURR\u00cdCULO E EDUCA\u00c7\u00c3O JUR\u00cdDICA \"Educa\u00e7\u00e3o Jur\u00eddica e mudan\u00e7as: di\u00e1logos, novos contextos e metodologias.\" Data do evento: 18 a 20 de outubro de 2017. LOCAL: Faculdade de Direito de Pelotas (Pra\u00e7a Conselheiro Maciel, 215 \u2013 Centro, Pelotas) Promo\u00e7\u00e3o Conjunta: Faculdade de Educa\u00e7\u00e3o \u2013 Programa de\u2026","rel":"","context":"Post similar","block_context":{"text":"Post similar","link":""},"img":{"alt_text":"","src":"","width":0,"height":0},"classes":[]},{"id":312,"url":"https:\/\/wp.ufpel.edu.br\/imagensdajustica\/contato-2\/","url_meta":{"origin":124,"position":2},"title":"Contato","author":"imagensdajustica","date":"01\/10\/2012","format":false,"excerpt":"UNIVERSIDADE FEDERAL DE PELOTAS Faculdade de Educa\u00e7\u00e3o Endere\u00e7o: Rua Alberto Rosa, 154 Campus das Ci\u00eancias Sociais \u2013 2\u00ba andar CEP 96.101-770 \u2013 Pelotas \u2013 RS \u2013 Brasil Faculdade de Direito Endere\u00e7o: Pra\u00e7a Conselheiro Maciel, s\/n\u00ba. CEP 96010-030 \u2013 Centro \u2013 Pelotas \u2013 RS \u2013 Brasil E-mail: imagensdajustica2014@gmail.com Telefone: (53) 8115\u2026","rel":"","context":"Post similar","block_context":{"text":"Post similar","link":""},"img":{"alt_text":"","src":"","width":0,"height":0},"classes":[]},{"id":180,"url":"https:\/\/wp.ufpel.edu.br\/imagensdajustica\/programacao\/palestrantes\/","url_meta":{"origin":124,"position":3},"title":"Conferencistas e Mediadores","author":"imagensdajustica","date":"04\/09\/2012","format":false,"excerpt":"Alvaro Moreira Hypolito (Programa de P\u00f3s-Gradua\u00e7\u00e3o em Educa\u00e7\u00e3o -Universidade Federal de Pelotas) Concluiu o Doutorado (PhD) em Curriculum and Instruction na Universidade de Wisconsin - Madison. \u00c9 Pesquisador do CNPq e Professor Associado da Universidade Federal de Pelotas, onde exerceu, dentre outras, a fun\u00e7\u00e3o de Pr\u00f3-Reitor de Gradua\u00e7\u00e3o. Publicou 58\u2026","rel":"","context":"Post similar","block_context":{"text":"Post similar","link":""},"img":{"alt_text":"","src":"https:\/\/i0.wp.com\/wp.ufpel.edu.br\/imagensdajustica\/files\/2012\/09\/alvaro-150x150.png?resize=350%2C200&ssl=1","width":350,"height":200},"classes":[]},{"id":15,"url":"https:\/\/wp.ufpel.edu.br\/imagensdajustica\/contato\/","url_meta":{"origin":124,"position":4},"title":"CONTATO","author":"thomas","date":"09\/01\/2018","format":false,"excerpt":"UNIVERSIDADE FEDERAL DE PELOTAS Faculdade de Educa\u00e7\u00e3o Endere\u00e7o: Rua Alberto Rosa, 154 Campus das Ci\u00eancias Sociais \u2013 2\u00ba andar CEP 96.101-770 \u2013 Pelotas \u2013 RS \u2013 Brasil Faculdade de Direito Endere\u00e7o: Pra\u00e7a Conselheiro Maciel, s\/n\u00ba. CEP 96010-030 \u2013 Centro \u2013 Pelotas \u2013 RS \u2013 Brasil E-mail:\u00a0imagensdajustica2017@gmail.com Telefone:\u00a0(53) 98115 4887 Siga\u2026","rel":"","context":"Post similar","block_context":{"text":"Post similar","link":""},"img":{"alt_text":"","src":"","width":0,"height":0},"classes":[]},{"id":284,"url":"https:\/\/wp.ufpel.edu.br\/imagensdajustica\/apresentacao-2\/","url_meta":{"origin":124,"position":5},"title":"Apresenta\u00e7\u00e3o","author":"imagensdajustica","date":"29\/08\/2012","format":false,"excerpt":"O II Semin\u00e1rio Internacional Imagens da Justi\u00e7a, Curr\u00edculo e Educa\u00e7\u00e3o Jur\u00eddica, promovido por uma parceria entre unidades acad\u00eamicas da Universidade Federal de Pelotas, a Faculdade de Educa\u00e7\u00e3o \u2013 Programa de P\u00f3s- Gradua\u00e7\u00e3o em Educa\u00e7\u00e3o e a Faculdade de Direito, ser\u00e1 realizado nos dias 26 e 27 de agosto de 2014,\u2026","rel":"","context":"Post similar","block_context":{"text":"Post similar","link":""},"img":{"alt_text":"","src":"https:\/\/i0.wp.com\/wp.ufpel.edu.br\/imagensdajustica\/files\/2012\/08\/REALIZA%C3%87%C3%83O.png?resize=350%2C200&ssl=1","width":350,"height":200,"srcset":"https:\/\/i0.wp.com\/wp.ufpel.edu.br\/imagensdajustica\/files\/2012\/08\/REALIZA%C3%87%C3%83O.png?resize=350%2C200&ssl=1 1x, https:\/\/i0.wp.com\/wp.ufpel.edu.br\/imagensdajustica\/files\/2012\/08\/REALIZA%C3%87%C3%83O.png?resize=525%2C300&ssl=1 1.5x, https:\/\/i0.wp.com\/wp.ufpel.edu.br\/imagensdajustica\/files\/2012\/08\/REALIZA%C3%87%C3%83O.png?resize=700%2C400&ssl=1 2x, https:\/\/i0.wp.com\/wp.ufpel.edu.br\/imagensdajustica\/files\/2012\/08\/REALIZA%C3%87%C3%83O.png?resize=1050%2C600&ssl=1 3x, https:\/\/i0.wp.com\/wp.ufpel.edu.br\/imagensdajustica\/files\/2012\/08\/REALIZA%C3%87%C3%83O.png?resize=1400%2C800&ssl=1 4x"},"classes":[]}],"_links":{"self":[{"href":"https:\/\/wp.ufpel.edu.br\/imagensdajustica\/wp-json\/wp\/v2\/pages\/124","targetHints":{"allow":["GET"]}}],"collection":[{"href":"https:\/\/wp.ufpel.edu.br\/imagensdajustica\/wp-json\/wp\/v2\/pages"}],"about":[{"href":"https:\/\/wp.ufpel.edu.br\/imagensdajustica\/wp-json\/wp\/v2\/types\/page"}],"author":[{"embeddable":true,"href":"https:\/\/wp.ufpel.edu.br\/imagensdajustica\/wp-json\/wp\/v2\/users\/820"}],"replies":[{"embeddable":true,"href":"https:\/\/wp.ufpel.edu.br\/imagensdajustica\/wp-json\/wp\/v2\/comments?post=124"}],"version-history":[{"count":6,"href":"https:\/\/wp.ufpel.edu.br\/imagensdajustica\/wp-json\/wp\/v2\/pages\/124\/revisions"}],"predecessor-version":[{"id":1490,"href":"https:\/\/wp.ufpel.edu.br\/imagensdajustica\/wp-json\/wp\/v2\/pages\/124\/revisions\/1490"}],"wp:attachment":[{"href":"https:\/\/wp.ufpel.edu.br\/imagensdajustica\/wp-json\/wp\/v2\/media?parent=124"}],"curies":[{"name":"wp","href":"https:\/\/api.w.org\/{rel}","templated":true}]}}