{"id":83,"date":"2020-09-19T18:31:43","date_gmt":"2020-09-19T21:31:43","guid":{"rendered":"https:\/\/wp.ufpel.edu.br\/iiisenpe\/?page_id=83"},"modified":"2020-10-02T15:53:41","modified_gmt":"2020-10-02T18:53:41","slug":"comissao-cientifica","status":"publish","type":"page","link":"https:\/\/wp.ufpel.edu.br\/iiisenpe\/comissao-cientifica\/","title":{"rendered":"Comiss\u00e3o Cient\u00edfica"},"content":{"rendered":"<p><strong>COORDENADORAS<\/strong><\/p>\n<p>Profa. Dra. Marilda Pasqual Schneider (Unoesc)<br \/>\nProf\u00aa. Dr\u00aa. \u00c2ngela Maria Silveira Portelinha (Unioeste &#8211; Francisco Beltr\u00e3o<\/p>\n<p><strong>Lista provis\u00f3ria de membros do Comit\u00ea Cient\u00edfico<\/strong><\/p>\n<p>Dr. Adrian Alvarez Estrada<br \/>\nDr. Joao Carlos da Silva<br \/>\nDr\u00aa. Tania Mara Zancanaro Pieczkowski<br \/>\nDr\u00aa. Fernanda dos Santos Paulo<br \/>\nDr\u00aa. Giseli Monteiro Gagliotto<br \/>\nDr\u00aa Maria de Lourdes Pinto de Almeida<br \/>\nDr. Carlos Ant\u00f4nio Bonamigo<br \/>\nDr. Alexandre Felipe Fiuza<br \/>\nDr\u00aa. S\u00f4nia Maria Dos Santos Marques<br \/>\nDr\u00aa. Patr\u00edcia Gr\u00e4ff<br \/>\nDr\u00aa. Madalena Klein<br \/>\nDr. Roque Strieder<br \/>\nDr\u00aa. Solange Maria Alves<br \/>\nDr\u00aa. Claudia Battestin<br \/>\nDr\u00aa. Jane Peruzo Iacono<br \/>\nDr\u00aa. Roseli De F\u00e1tima Rech Pilonetto<br \/>\nDr\u00aa. Caroline Machado Cortelini Concei\u00e7\u00e3o<br \/>\nDr. Ivo Dickmann<br \/>\nDr\u00aa. Marcia Luiza Pit Dal Magro<br \/>\nDr\u00aa. Marta Nornberg<br \/>\nDr\u00aa. T\u00e2nia Maria Rechia Schroeder<br \/>\nDr\u00aa. Ana Maria de Oliveira Pereira<br \/>\nDr. Odilon Luiz Poli<br \/>\nDr. Odair Neitzel<br \/>\nDr. \u00c1lvaro Moreira Hypolito<br \/>\nDr. Claudecir Dos Santos<br \/>\nDr\u00aa. Maristani Polidori Zamperetti<br \/>\nDr\u00aa. Lucia Terezinha Zanato Tureck<br \/>\nDr\u00aa. Mafalda Nesi Francischett<br \/>\nDr\u00aa. Cecilia Maria Ghedini<br \/>\nDr\u00aa. Circe Mara Marques<br \/>\nDr\u00aa. Ana Cristina Coll Delgado<br \/>\nDr\u00aa. Maria Teresa Ceron Trevisol<br \/>\nDr\u00aa. Nadiane Feldkercher<br \/>\nDr\u00aa. Camila Regina Rostirola<br \/>\nDr\u00aa. Nilce F\u00e1tima Scheffer<br \/>\nDr\u00aa. Aparecida Favoreto<br \/>\nDr. Jos\u00e9 Luis Derisso<br \/>\nDr\u00aa. Thais Jana\u00edna Wenczenovicz<br \/>\nDr. Andr\u00e9 Paulo Castanha<br \/>\nDr\u00aa. Suely Aparecida Martins<br \/>\nDr\u00aa. Franciele Soares dos Santos<br \/>\nDr. Anderson Luiz Tedesco<br \/>\nDr. Leonel Piovezana<br \/>\nDr\u00aa. Neiva Furlin<br \/>\nDr. Mauro Augusto Burkert Del Pino<br \/>\nDr\u00aa. Ireni Marilene Zago Figueiredo<br \/>\nDr. Edaguimar Orquizas Viriato<br \/>\nDr. Roberto Antonio Deitos<br \/>\nDr. Cl\u00e9sio Acilino Ant\u00f4nio<br \/>\nDr. Elcio Cecchetti<br \/>\nDr\u00aa. Adriana Maria Andreis<br \/>\nDr. Joviles Vit\u00f3rio Trevisol<br \/>\nDr. Oto Joao Petry<br \/>\nDr\u00aa. Carina Copatti<\/p>\n<p>&nbsp;<\/p>\n","protected":false},"excerpt":{"rendered":"<p>COORDENADORAS Profa. Dra. Marilda Pasqual Schneider (Unoesc) Prof\u00aa. Dr\u00aa. \u00c2ngela Maria Silveira Portelinha (Unioeste &#8211; Francisco Beltr\u00e3o Lista provis\u00f3ria de membros do Comit\u00ea Cient\u00edfico Dr. Adrian Alvarez Estrada Dr. Joao Carlos da Silva Dr\u00aa. Tania Mara Zancanaro Pieczkowski Dr\u00aa. Fernanda dos Santos Paulo Dr\u00aa. Giseli Monteiro Gagliotto Dr\u00aa Maria de Lourdes Pinto de Almeida Dr. &hellip; <a href=\"https:\/\/wp.ufpel.edu.br\/iiisenpe\/comissao-cientifica\/\" class=\"more-link\">Continue lendo <span class=\"screen-reader-text\">Comiss\u00e3o Cient\u00edfica<\/span> <span class=\"meta-nav\">&rarr;<\/span><\/a><\/p>\n","protected":false},"author":297,"featured_media":0,"parent":0,"menu_order":0,"comment_status":"closed","ping_status":"closed","template":"","meta":{"footnotes":""},"class_list":["post-83","page","type-page","status-publish","hentry"],"_links":{"self":[{"href":"https:\/\/wp.ufpel.edu.br\/iiisenpe\/wp-json\/wp\/v2\/pages\/83","targetHints":{"allow":["GET"]}}],"collection":[{"href":"https:\/\/wp.ufpel.edu.br\/iiisenpe\/wp-json\/wp\/v2\/pages"}],"about":[{"href":"https:\/\/wp.ufpel.edu.br\/iiisenpe\/wp-json\/wp\/v2\/types\/page"}],"author":[{"embeddable":true,"href":"https:\/\/wp.ufpel.edu.br\/iiisenpe\/wp-json\/wp\/v2\/users\/297"}],"replies":[{"embeddable":true,"href":"https:\/\/wp.ufpel.edu.br\/iiisenpe\/wp-json\/wp\/v2\/comments?post=83"}],"version-history":[{"count":6,"href":"https:\/\/wp.ufpel.edu.br\/iiisenpe\/wp-json\/wp\/v2\/pages\/83\/revisions"}],"predecessor-version":[{"id":199,"href":"https:\/\/wp.ufpel.edu.br\/iiisenpe\/wp-json\/wp\/v2\/pages\/83\/revisions\/199"}],"wp:attachment":[{"href":"https:\/\/wp.ufpel.edu.br\/iiisenpe\/wp-json\/wp\/v2\/media?parent=83"}],"curies":[{"name":"wp","href":"https:\/\/api.w.org\/{rel}","templated":true}]}}