{"id":66,"date":"2020-09-19T18:25:34","date_gmt":"2020-09-19T21:25:34","guid":{"rendered":"https:\/\/wp.ufpel.edu.br\/iiisenpe\/?page_id=66"},"modified":"2020-10-02T15:35:28","modified_gmt":"2020-10-02T18:35:28","slug":"ouvintes","status":"publish","type":"page","link":"https:\/\/wp.ufpel.edu.br\/iiisenpe\/ouvintes\/","title":{"rendered":"Ouvintes"},"content":{"rendered":"<h4>Prazo:<\/h4>\n<h4 class=\"font_6\">Sobre a inscri\u00e7\u00e3o na modalidade ouvinte:<\/h4>\n<p class=\"font_6\">Os interessados em participar do II SENPE como ouvintes devem inscrever-se no evento de maneira geral.<\/p>\n<h6 class=\"font_6\"><\/h6>\n<h4 class=\"font_6\">Valor da inscri\u00e7\u00e3o<\/h4>\n<p class=\"font_6\">N\u00e3o haver\u00e1 cobran\u00e7a neste edi\u00e7\u00e3o do evento.<\/p>\n<h6 class=\"font_6\"><\/h6>\n<p>&nbsp;<\/p>\n","protected":false},"excerpt":{"rendered":"<p>Prazo: Sobre a inscri\u00e7\u00e3o na modalidade ouvinte: Os interessados em participar do II SENPE como ouvintes devem inscrever-se no evento de maneira geral. Valor da inscri\u00e7\u00e3o N\u00e3o haver\u00e1 cobran\u00e7a neste edi\u00e7\u00e3o do evento. &nbsp;<\/p>\n","protected":false},"author":297,"featured_media":0,"parent":0,"menu_order":0,"comment_status":"closed","ping_status":"closed","template":"","meta":{"footnotes":""},"class_list":["post-66","page","type-page","status-publish","hentry"],"_links":{"self":[{"href":"https:\/\/wp.ufpel.edu.br\/iiisenpe\/wp-json\/wp\/v2\/pages\/66","targetHints":{"allow":["GET"]}}],"collection":[{"href":"https:\/\/wp.ufpel.edu.br\/iiisenpe\/wp-json\/wp\/v2\/pages"}],"about":[{"href":"https:\/\/wp.ufpel.edu.br\/iiisenpe\/wp-json\/wp\/v2\/types\/page"}],"author":[{"embeddable":true,"href":"https:\/\/wp.ufpel.edu.br\/iiisenpe\/wp-json\/wp\/v2\/users\/297"}],"replies":[{"embeddable":true,"href":"https:\/\/wp.ufpel.edu.br\/iiisenpe\/wp-json\/wp\/v2\/comments?post=66"}],"version-history":[{"count":5,"href":"https:\/\/wp.ufpel.edu.br\/iiisenpe\/wp-json\/wp\/v2\/pages\/66\/revisions"}],"predecessor-version":[{"id":194,"href":"https:\/\/wp.ufpel.edu.br\/iiisenpe\/wp-json\/wp\/v2\/pages\/66\/revisions\/194"}],"wp:attachment":[{"href":"https:\/\/wp.ufpel.edu.br\/iiisenpe\/wp-json\/wp\/v2\/media?parent=66"}],"curies":[{"name":"wp","href":"https:\/\/api.w.org\/{rel}","templated":true}]}}