{"id":65,"date":"2015-11-04T13:23:56","date_gmt":"2015-11-04T15:23:56","guid":{"rendered":"https:\/\/wp.ufpel.edu.br\/iiforumacoesafirmativas\/?page_id=65"},"modified":"2015-11-04T13:37:30","modified_gmt":"2015-11-04T15:37:30","slug":"informacoes-de-hotelaria","status":"publish","type":"page","link":"https:\/\/wp.ufpel.edu.br\/iiforumacoesafirmativas\/informacoes-de-hotelaria\/","title":{"rendered":"Informa\u00e7\u00f5es de Hotelaria"},"content":{"rendered":"<p>Jacques Georges Hotel<\/p>\n<table width=\"434\">\n<tbody>\n<tr>\n<td>Hotel<\/td>\n<td>Pre\u00e7o n\u00e3o dispon\u00edvel<\/td>\n<\/tr>\n<tr>\n<td>\n<p><strong>Endere\u00e7o:\u00a0<\/strong>R. Gon\u00e7alves Chaves, 512 &#8211; Centro, Pelotas &#8211; RS, 96015-560<\/p>\n<p><strong>Telefone:<\/strong>(53) 3284-9000<\/td>\n<td><\/td>\n<\/tr>\n<\/tbody>\n<\/table>\n<p>&nbsp;<\/p>\n<p>&nbsp;<\/p>\n<p>Hotel Curi Palace<\/p>\n<table width=\"434\">\n<tbody>\n<tr>\n<td>hotel de 4 estrelas<\/td>\n<td>\n<p><strong>R$265<\/strong><\/p>\n<p>por noite<\/td>\n<\/tr>\n<tr>\n<td>\n<p><strong>Endere\u00e7o:\u00a0<\/strong>R. Gen. Neto, 1279 &#8211; Centro, Pelotas &#8211; RS, 96015-280<\/p>\n<p><strong>Telefone:<\/strong>(53) 3227-7377<\/td>\n<td><\/td>\n<\/tr>\n<\/tbody>\n<\/table>\n<p>&nbsp;<\/p>\n<p>&nbsp;<\/p>\n<p>Hotel Flat7<\/p>\n<table width=\"434\">\n<tbody>\n<tr>\n<td>hotel de 4 estrelas<\/td>\n<td>\n<p><strong>R$277<\/strong><\/p>\n<p>por noite<\/td>\n<\/tr>\n<tr>\n<td>\n<p><strong>Endere\u00e7o:\u00a0<\/strong>R. Gon\u00e7alves Chaves, 707 &#8211; Centro, Pelotas &#8211; RS, 96015-560<\/p>\n<p><strong>Telefone:<\/strong>(53) 3027-7787<\/td>\n<td><\/td>\n<\/tr>\n<\/tbody>\n<\/table>\n<p>&nbsp;<\/p>\n<p>&nbsp;<\/p>\n<p>Hotel Alles Blau<\/p>\n<table width=\"434\">\n<tbody>\n<tr>\n<td>Hotel<\/td>\n<td><\/td>\n<\/tr>\n<tr>\n<td>\n<p><strong>Endere\u00e7o:\u00a0<\/strong>R. Sete de Setembro, 354 &#8211; Centro, Pelotas &#8211; RS, 96015-300<\/p>\n<p><strong>Telefone:<\/strong>(53) 3222-2223<\/td>\n<td><\/td>\n<\/tr>\n<\/tbody>\n<\/table>\n<p>&nbsp;<\/p>\n<p>&nbsp;<\/p>\n<p>Hotel Manta<\/p>\n<table width=\"434\">\n<tbody>\n<tr>\n<td>Hotel<\/td>\n<td>\n<p><strong>R$315<\/strong><\/p>\n<p>por noite<\/td>\n<\/tr>\n<tr>\n<td>\n<p><strong>Endere\u00e7o:\u00a0<\/strong>R. Gen. Neto, 1131 &#8211; Centro, Pelotas &#8211; RS, 96015-280<\/p>\n<p><strong>Telefone:<\/strong>(53) 3225-2411<\/td>\n<td><\/td>\n<\/tr>\n<\/tbody>\n<\/table>\n<p>&nbsp;<\/p>\n<p>&nbsp;<\/p>\n<p>Hotel Curi<\/p>\n<table width=\"434\">\n<tbody>\n<tr>\n<td>hotel de 3 estrelas<\/td>\n<td>Pre\u00e7o n\u00e3o dispon\u00edvel<\/td>\n<\/tr>\n<tr>\n<td>\n<p><strong>Endere\u00e7o:\u00a0<\/strong>R. Gen. Os\u00f3rio, 719 &#8211; Centro, Pelotas &#8211; RS, 96020-000<\/p>\n<p><strong>Telefone:<\/strong>(53) 3227-9955<\/td>\n<td><\/td>\n<\/tr>\n<\/tbody>\n<\/table>\n<p>&nbsp;<\/p>\n<p>Hotel do Leo<\/p>\n<table width=\"434\">\n<tbody>\n<tr>\n<td>Hotel<\/td>\n<td><\/td>\n<\/tr>\n<tr>\n<td>\n<p><strong>Endere\u00e7o:\u00a0<\/strong>R. Gen. T\u00e9les, 868 &#8211; Centro, Pelotas &#8211; RS, 96020-220<\/p>\n<p><strong>Telefone:<\/strong>(53) 3028-7479<\/td>\n<td><\/td>\n<\/tr>\n<\/tbody>\n<\/table>\n<p>&nbsp;<\/p>\n<p>Tourist Executive Hotel<\/p>\n<table width=\"434\">\n<tbody>\n<tr>\n<td>Hotel<\/td>\n<td><\/td>\n<\/tr>\n<tr>\n<td>\n<p><strong>Endere\u00e7o:\u00a0<\/strong>BR-116, Km 521, Pelotas &#8211; RS, 96070-560<\/p>\n<p><strong>Telefone:<\/strong>(53) 3271-9144<\/td>\n<td><\/td>\n<\/tr>\n<\/tbody>\n<\/table>\n<p>&nbsp;<\/p>\n<p>&nbsp;<\/p>\n<p>Hotel Aleppo Ltda Me<\/p>\n<table width=\"434\">\n<tbody>\n<tr>\n<td>Hotel<\/td>\n<td><\/td>\n<\/tr>\n<tr>\n<td>\n<p><strong>Endere\u00e7o:\u00a0<\/strong>R. Gen. Os\u00f3rio, 708 &#8211; Centro, Pelotas &#8211; RS, 96020-000<\/p>\n<p><strong>Telefone:<\/strong>(53) 3225-3950<\/td>\n<td><\/td>\n<\/tr>\n<\/tbody>\n<\/table>\n<p>&nbsp;<\/p>\n<p>M.Tower Apart Hotel<\/p>\n<table width=\"434\">\n<tbody>\n<tr>\n<td>\n<p>Hotel de 4 estrelas<\/p>\n<p><strong>Endere\u00e7o:\u00a0<\/strong>Rua F\u00e9lix da Cunha, 213 &#8211; Centro, Pelotas &#8211; RS, 96010-000<\/p>\n<p><strong>Telefone:<\/strong>(53) 3027-5500<\/td>\n<td>\n<p><strong>R$295<\/strong><\/p>\n<p>por noite<\/td>\n<\/tr>\n<\/tbody>\n<\/table>\n<p>&nbsp;<\/p>\n<table width=\"434\">\n<tbody>\n<tr>\n<td>Hotel Plaza Ipiranga<\/p>\n<table width=\"434\">\n<tbody>\n<tr>\n<td>hotel de 3 estrelas<\/td>\n<td>Pre\u00e7o n\u00e3o dispon\u00edvel<\/td>\n<\/tr>\n<tr>\n<td>\n<p><strong>Endere\u00e7o:\u00a0<\/strong>Av. Fernando Os\u00f3rio, 8079 &#8211; Tr\u00eas Vendas, Pelotas &#8211; RS, 96065-000<\/p>\n<p><strong>Telefone:<\/strong>(53) 3273-6677<\/td>\n<td><\/td>\n<\/tr>\n<\/tbody>\n<\/table>\n<p>&nbsp;<\/p>\n<p>&nbsp;<\/p>\n<p>Pousada Krolow<\/p>\n<table width=\"434\">\n<tbody>\n<tr>\n<td>Hotel<\/td>\n<td>\n<p><strong>R$<\/strong><\/p>\n<p><strong>239<\/strong><\/p>\n<p>por noite<\/td>\n<\/tr>\n<tr>\n<td>\n<p><strong>Endere\u00e7o:\u00a0<\/strong>Avenida Senador Joaquim Augusto de Assump\u00e7\u00e3o, 90 &#8211; Laranjal, Pelotas &#8211; RS, 96090-360<\/p>\n<p><strong>Telefone:<\/strong>(53) 3226-2240<\/td>\n<td><\/td>\n<\/tr>\n<\/tbody>\n<\/table>\n<p>&nbsp;<\/p>\n<p>&nbsp;<\/p>\n<p>Pousada Laranjal<\/p>\n<table width=\"434\">\n<tbody>\n<tr>\n<td>Hospedaria<\/td>\n<td>\n<p><strong>R$220<\/strong><\/p>\n<p>por noite<\/td>\n<\/tr>\n<tr>\n<td>\n<p><strong>Endere\u00e7o:\u00a0<\/strong>R. Cruz Alta, 216 &#8211; Laranjal, Pelotas &#8211; RS, 96090-210<\/p>\n<p><strong>Telefone:<\/strong>(53) 9106-7849<\/td>\n<td><\/td>\n<\/tr>\n<\/tbody>\n<\/table>\n<\/td>\n<td><\/td>\n<\/tr>\n<\/tbody>\n<\/table>\n<p>&nbsp;<\/p>\n<p>&nbsp;<\/p>\n<p>Prov\u00edncia Casa Hotel<\/p>\n<table width=\"434\">\n<tbody>\n<tr>\n<td>Hotel<\/td>\n<td>\n<p><strong>R$229<\/strong><\/p>\n<p>por noite<\/td>\n<\/tr>\n<tr>\n<td>\n<p><strong>Endere\u00e7o:\u00a0<\/strong>Av. Adolfo Fetter, 2994 &#8211; Recanto de Portugal, Pelotas &#8211; RS<\/p>\n<p><strong>Telefone:<\/strong>(53) 3278-4003<\/td>\n<td><\/td>\n<\/tr>\n<\/tbody>\n<\/table>\n<p>&nbsp;<\/p>\n<p>&nbsp;<\/p>\n","protected":false},"excerpt":{"rendered":"<p>Jacques Georges Hotel Hotel Pre\u00e7o n\u00e3o dispon\u00edvel Endere\u00e7o:\u00a0R. Gon\u00e7alves Chaves, 512 &#8211; Centro, Pelotas &#8211; RS, 96015-560 Telefone:(53) 3284-9000 &nbsp; &nbsp; Hotel Curi Palace hotel de 4 estrelas R$265 por noite Endere\u00e7o:\u00a0R. Gen. Neto, 1279 &#8211; Centro, Pelotas &#8211; RS, 96015-280 Telefone:(53) 3227-7377 &nbsp; &nbsp; Hotel Flat7 hotel de 4 estrelas R$277 por noite Endere\u00e7o:\u00a0R. &hellip; <\/p>\n<p><a class=\"more-link btn\" href=\"https:\/\/wp.ufpel.edu.br\/iiforumacoesafirmativas\/informacoes-de-hotelaria\/\">Continue lendo<\/a><\/p>\n","protected":false},"author":568,"featured_media":0,"parent":0,"menu_order":0,"comment_status":"closed","ping_status":"closed","template":"","meta":{"footnotes":""},"class_list":["post-65","page","type-page","status-publish","hentry","nodate","item-wrap"],"_links":{"self":[{"href":"https:\/\/wp.ufpel.edu.br\/iiforumacoesafirmativas\/wp-json\/wp\/v2\/pages\/65","targetHints":{"allow":["GET"]}}],"collection":[{"href":"https:\/\/wp.ufpel.edu.br\/iiforumacoesafirmativas\/wp-json\/wp\/v2\/pages"}],"about":[{"href":"https:\/\/wp.ufpel.edu.br\/iiforumacoesafirmativas\/wp-json\/wp\/v2\/types\/page"}],"author":[{"embeddable":true,"href":"https:\/\/wp.ufpel.edu.br\/iiforumacoesafirmativas\/wp-json\/wp\/v2\/users\/568"}],"replies":[{"embeddable":true,"href":"https:\/\/wp.ufpel.edu.br\/iiforumacoesafirmativas\/wp-json\/wp\/v2\/comments?post=65"}],"version-history":[{"count":1,"href":"https:\/\/wp.ufpel.edu.br\/iiforumacoesafirmativas\/wp-json\/wp\/v2\/pages\/65\/revisions"}],"predecessor-version":[{"id":66,"href":"https:\/\/wp.ufpel.edu.br\/iiforumacoesafirmativas\/wp-json\/wp\/v2\/pages\/65\/revisions\/66"}],"wp:attachment":[{"href":"https:\/\/wp.ufpel.edu.br\/iiforumacoesafirmativas\/wp-json\/wp\/v2\/media?parent=65"}],"curies":[{"name":"wp","href":"https:\/\/api.w.org\/{rel}","templated":true}]}}