{"id":4957,"date":"2025-08-06T11:30:14","date_gmt":"2025-08-06T14:30:14","guid":{"rendered":"https:\/\/wp.ufpel.edu.br\/ifm\/?page_id=4957"},"modified":"2025-08-06T13:44:13","modified_gmt":"2025-08-06T16:44:13","slug":"campus-capao-do-leao-lig-ccl","status":"publish","type":"page","link":"https:\/\/wp.ufpel.edu.br\/ifm\/agendar-sala\/campus-capao-do-leao-lig-ccl\/","title":{"rendered":"CAMPUS CAP\u00c3O DO LE\u00c3O &#8211; LIG &#8211; CCL"},"content":{"rendered":"<h4>LIG &#8211; CCL<br \/>\nLaborat\u00f3rio de Inform\u00e1tica do Campus Cap\u00e3o do Le\u00e3o<\/h4>\n<p>Localiza\u00e7\u00e3o:<\/p>\n<p><strong>Capacidade:<\/strong> 22<\/p>\n<p><strong>Recursos:<\/strong> 22 desktops (tela, CPU, teclado e mouse), lousa branca, tela de proje\u00e7\u00e3o retr\u00e1til (fixa) e projetor multim\u00eddia.<\/p>\n<p>&nbsp;<\/p>\n\n<!-- iframe plugin v.6.0 wordpress.org\/plugins\/iframe\/ -->\n<iframe src=\"https:\/\/calendar.google.com\/calendar\/embed?src=01ea513def9ae9d8910c24a7a6b06b609ac4128d400402a1edd83df1ab65295b%40group.calendar.google.com&#038;ctz=America%2FSao_Paulo&#038;showPrint=0&#038;mode=WEEK\" style=\"border: 0\" width=\"100%\" height=\"600\" frameborder=\"0\" scrolling=\"no\" class=\"iframe-class\"><\/iframe>\n\n<p>&nbsp;<\/p>\n","protected":false},"excerpt":{"rendered":"<p>LIG &#8211; CCL Laborat\u00f3rio de Inform\u00e1tica do Campus Cap\u00e3o do Le\u00e3o Localiza\u00e7\u00e3o: Capacidade: 22 Recursos: 22 desktops (tela, CPU, teclado e mouse), lousa branca, tela de proje\u00e7\u00e3o retr\u00e1til (fixa) e projetor multim\u00eddia. &nbsp; &nbsp;<\/p>\n","protected":false},"author":366,"featured_media":0,"parent":3981,"menu_order":0,"comment_status":"closed","ping_status":"closed","template":"","meta":{"jetpack_post_was_ever_published":false,"footnotes":""},"class_list":["post-4957","page","type-page","status-publish","hentry"],"jetpack_sharing_enabled":true,"jetpack_shortlink":"https:\/\/wp.me\/P6RZ9W-1hX","jetpack_likes_enabled":true,"_links":{"self":[{"href":"https:\/\/wp.ufpel.edu.br\/ifm\/wp-json\/wp\/v2\/pages\/4957","targetHints":{"allow":["GET"]}}],"collection":[{"href":"https:\/\/wp.ufpel.edu.br\/ifm\/wp-json\/wp\/v2\/pages"}],"about":[{"href":"https:\/\/wp.ufpel.edu.br\/ifm\/wp-json\/wp\/v2\/types\/page"}],"author":[{"embeddable":true,"href":"https:\/\/wp.ufpel.edu.br\/ifm\/wp-json\/wp\/v2\/users\/366"}],"replies":[{"embeddable":true,"href":"https:\/\/wp.ufpel.edu.br\/ifm\/wp-json\/wp\/v2\/comments?post=4957"}],"version-history":[{"count":11,"href":"https:\/\/wp.ufpel.edu.br\/ifm\/wp-json\/wp\/v2\/pages\/4957\/revisions"}],"predecessor-version":[{"id":4972,"href":"https:\/\/wp.ufpel.edu.br\/ifm\/wp-json\/wp\/v2\/pages\/4957\/revisions\/4972"}],"up":[{"embeddable":true,"href":"https:\/\/wp.ufpel.edu.br\/ifm\/wp-json\/wp\/v2\/pages\/3981"}],"wp:attachment":[{"href":"https:\/\/wp.ufpel.edu.br\/ifm\/wp-json\/wp\/v2\/media?parent=4957"}],"curies":[{"name":"wp","href":"https:\/\/api.w.org\/{rel}","templated":true}]}}