{"id":3966,"date":"2022-05-31T13:51:32","date_gmt":"2022-05-31T16:51:32","guid":{"rendered":"https:\/\/wp.ufpel.edu.br\/ifm\/?page_id=3966"},"modified":"2025-05-29T17:00:04","modified_gmt":"2025-05-29T20:00:04","slug":"campus-capao-do-leao-predio-5","status":"publish","type":"page","link":"https:\/\/wp.ufpel.edu.br\/ifm\/agendar-sala\/campus-capao-do-leao-predio-5\/","title":{"rendered":"CAMPUS CAP\u00c3O DO LE\u00c3O &#8211; PR\u00c9DIO 5"},"content":{"rendered":"<h4>MM1 (T\u00e9rreo)<\/h4>\n<p><strong>Capacidade:<\/strong> 60<\/p>\n<p><strong>Recursos:<\/strong> cadeiras c\/ prancheta, desktop (tela, CPU, teclado e mouse), lousa branca de vidro temperado (grande), tela de proje\u00e7\u00e3o retr\u00e1til (fixa) e projetor multim\u00eddia.<\/p>\n<p style=\"text-align: left;\">\n<!-- iframe plugin v.6.0 wordpress.org\/plugins\/iframe\/ -->\n<iframe src=\"https:\/\/calendar.google.com\/calendar\/embed?src=88fttm0gh49shr1i4t2efsnlpg%40group.calendar.google.com&#038;ctz=America%2FSao_Paulo&#038;showPrint=0&#038;mode=WEEK\" style=\"border: 0\" width=\"100%\" height=\"500\" frameborder=\"0\" scrolling=\"no\" class=\"iframe-class\"><\/iframe>\n<\/p>\n<h4>MM2 (T\u00e9rreo)<\/h4>\n<p><strong>Capacidade:<\/strong> 60<\/p>\n<p><strong>Recursos:<\/strong> cadeiras c\/ prancheta, desktop (CPU, teclado e mouse), lousa branca de vidro temperado (grande), tela de proje\u00e7\u00e3o retr\u00e1til (trip\u00e9) e projetor multim\u00eddia.<\/p>\n<p style=\"text-align: left;\">\n<!-- iframe plugin v.6.0 wordpress.org\/plugins\/iframe\/ -->\n<iframe src=\"https:\/\/calendar.google.com\/calendar\/embed?src=vq8vrgf5qpgtos213dde5jb7rs%40group.calendar.google.com&#038;ctz=America%2FSao_Paulo&#038;showPrint=0&#038;mode=WEEK\" style=\"border: 0\" width=\"100%\" height=\"500\" frameborder=\"0\" scrolling=\"no\" class=\"iframe-class\"><\/iframe>\n<\/p>\n<h4>MM3 (T\u00e9rreo)<\/h4>\n<p><strong>Capacidade:<\/strong> 60<\/p>\n<p><strong>Recursos:<\/strong> assentos em longarina c\/ prancheta, desktop (CPU, teclado e mouse), lousa de vidro temperado (grande), tela de proje\u00e7\u00e3o retr\u00e1til (fixa) e projetor multim\u00eddia.<\/p>\n<p style=\"text-align: left;\">\n<!-- iframe plugin v.6.0 wordpress.org\/plugins\/iframe\/ -->\n<iframe src=\"https:\/\/calendar.google.com\/calendar\/embed?src=g87h4ajni1k3622m17lcd2ctq8%40group.calendar.google.com&#038;ctz=America%2FSao_Paulo&#038;showPrint=0&#038;mode=WEEK\" style=\"border: 0\" width=\"100%\" height=\"500\" frameborder=\"0\" scrolling=\"no\" class=\"iframe-class\"><\/iframe>\n<\/p>\n<h4>Sala 104 (T\u00e9rreo). Sala de aula do Programa de P\u00f3s-Gradua\u00e7\u00e3o em F\u00edsica, IFM.<\/h4>\n<p><strong>Capacidade:<\/strong> 40<\/p>\n<p><strong>Recursos:<\/strong><\/p>\n<p style=\"text-align: left;\">\n<!-- iframe plugin v.6.0 wordpress.org\/plugins\/iframe\/ -->\n<iframe src=\"https:\/\/calendar.google.com\/calendar\/embed?src=4ffb6ae4329c37279394fca04f214e95afbcbf1ac8da1921e6dce863479d0624%40group.calendar.google.com&#038;ctz=America%2FSao_Paulo&#038;showPrint=0&#038;mode=WEEK\" style=\"border: 0\" width=\"100%\" height=\"500\" frameborder=\"0\" scrolling=\"no\" class=\"iframe-class\"><\/iframe>\n<\/p>\n<h4>Sala 204 (2\u00ba andar)<\/h4>\n<p><strong>Capacidade:<\/strong> 15<\/p>\n<p><strong>Recursos:<\/strong> cadeiras c\/ prancheta, lousa branca de f\u00f3rmica (grande) e tela de proje\u00e7\u00e3o retr\u00e1til (trip\u00e9).<\/p>\n<p style=\"text-align: left;\">\n<!-- iframe plugin v.6.0 wordpress.org\/plugins\/iframe\/ -->\n<iframe src=\"https:\/\/calendar.google.com\/calendar\/embed?src=ridbs15loggo95r0ru5fd7ej58%40group.calendar.google.com&#038;ctz=America%2FSao_Paulo&#038;showPrint=0&#038;mode=WEEK\" style=\"border: 0\" width=\"100%\" height=\"500\" frameborder=\"0\" scrolling=\"no\" class=\"iframe-class\"><\/iframe>\n<\/p>\n<h4>Sala 208 (2\u00ba andar). Laborat\u00f3rio de Pr\u00e1ticas Pedag\u00f3gicas.<\/h4>\n<p><strong>Capacidade:<\/strong> 10<\/p>\n<p><strong>Recursos:<\/strong> cadeiras, mesas redondas, desktop (tela, CPU, teclado e mouse), lousa branca de f\u00f3rmica (grande), tela de proje\u00e7\u00e3o retr\u00e1til (fixa), projetor multim\u00eddia e retroprojetor.<\/p>\n\n<!-- iframe plugin v.6.0 wordpress.org\/plugins\/iframe\/ -->\n<iframe src=\"https:\/\/calendar.google.com\/calendar\/embed?src=77hae9a5jres14p0echuvjgjk0%40group.calendar.google.com&#038;ctz=America%2FSao_Paulo&#038;showPrint=0&#038;mode=WEEK\" style=\"border: 0\" width=\"100%\" height=\"500\" frameborder=\"0\" scrolling=\"no\" class=\"iframe-class\"><\/iframe>\n\n<h4>Sala 209 (2\u00ba andar)<\/h4>\n<p><strong>Capacidade:<\/strong> 60<\/p>\n<p><strong>Recursos: <\/strong>cadeiras c\/ prancheta, desktop (CPU, teclado e mouse), lousa branca de vidro temperado (grande), tela de proje\u00e7\u00e3o retr\u00e1til (fixa) e projetor multim\u00eddia.<\/p>\n<p style=\"text-align: left;\">\n<!-- iframe plugin v.6.0 wordpress.org\/plugins\/iframe\/ -->\n<iframe src=\"https:\/\/calendar.google.com\/calendar\/embed?src=g2vrhl9o4p0ldom3ngdpmfo7o0%40group.calendar.google.com&#038;ctz=America%2FSao_Paulo&#038;showPrint=0&#038;mode=WEEK\" style=\"border: 0\" width=\"100%\" height=\"500\" frameborder=\"0\" scrolling=\"no\" class=\"iframe-class\"><\/iframe>\n<\/p>\n<h4>Sala 211 (2\u00ba andar). LEMA &#8211; Laborat\u00f3rio de Educa\u00e7\u00e3o Matem\u00e1tica.<\/h4>\n<p><strong>Capacidade:<\/strong> 15<\/p>\n<p><strong>Recursos:<\/strong> cadeiras, mesas redondas, desktop (tela, CPU, teclado e mouse), lousa branca de f\u00f3rmica (grande), lousa branca de vidro temperado (grande), tela de proje\u00e7\u00e3o retr\u00e1til (fixa) e projetor multim\u00eddia.<\/p>\n<p style=\"text-align: left;\">\n<!-- iframe plugin v.6.0 wordpress.org\/plugins\/iframe\/ -->\n<iframe src=\"https:\/\/calendar.google.com\/calendar\/embed?src=5b6b33b3c745f40aa1728eaf278a2533de58faf9a33704c090eeb22949026583%40group.calendar.google.com&#038;ctz=America%2FSao_Paulo&#038;showPrint=0&#038;mode=WEEK\" style=\"border: 0\" width=\"100%\" height=\"500\" frameborder=\"0\" scrolling=\"no\" class=\"iframe-class\"><\/iframe>\n<\/p>\n<h4>Sala 215 (2\u00ba andar). Laborat\u00f3rio de Novas Tecnologias II.<\/h4>\n<p><strong>Capacidade:<\/strong> 15<\/p>\n<p><strong>Recursos:<\/strong> cadeiras, 3 bancadas com 15 desktops (tela, CPU, teclado e mouse), tela de proje\u00e7\u00e3o retr\u00e1til (fixa) e projetor multim\u00eddia.<\/p>\n<p style=\"text-align: left;\">\n<!-- iframe plugin v.6.0 wordpress.org\/plugins\/iframe\/ -->\n<iframe src=\"https:\/\/calendar.google.com\/calendar\/embed?src=0qnlps4enrrd6ipjur60ajupec%40group.calendar.google.com&#038;ctz=America%2FSao_Paulo&#038;showPrint=0&#038;mode=WEEK\" style=\"border: 0\" width=\"100%\" height=\"500\" frameborder=\"0\" scrolling=\"no\" class=\"iframe-class\"><\/iframe>\n<\/p>\n<h4>Sala 217 (2\u00ba andar)<\/h4>\n<p><strong>Capacidade:<\/strong> 30<\/p>\n<p><strong>Recursos:<\/strong> cadeiras c\/ prancheta, lousa branca de f\u00f3rmica (grande) e tela de proje\u00e7\u00e3o retr\u00e1til (trip\u00e9).<\/p>\n<p style=\"text-align: left;\">\n<!-- iframe plugin v.6.0 wordpress.org\/plugins\/iframe\/ -->\n<iframe src=\"https:\/\/calendar.google.com\/calendar\/embed?src=ao1329bn8063ki7n0hmtl1qhqk%40group.calendar.google.com&#038;ctz=America%2FSao_Paulo&#038;showPrint=0&#038;mode=WEEK\" style=\"border: 0\" width=\"100%\" height=\"500\" frameborder=\"0\" scrolling=\"no\" class=\"iframe-class\"><\/iframe>\n<\/p>\n<h4>Sala 304 (3\u00ba andar). Sala de Reuni\u00f5es.<\/h4>\n<p><strong>Capacidade:<\/strong> 32<\/p>\n<p><strong>Recursos:<\/strong> cadeiras, televisor de plasma 54\u201d,\u00a0 mesas grandes retangulares, lousa branca de f\u00f3rmica (grande) e tela de proje\u00e7\u00e3o retr\u00e1til (fixa) el\u00e9trica.<\/p>\n<p style=\"text-align: left;\">\n<!-- iframe plugin v.6.0 wordpress.org\/plugins\/iframe\/ -->\n<iframe src=\"https:\/\/calendar.google.com\/calendar\/embed?src=sbslt9jn2go3c8kr2n23df643g%40group.calendar.google.com&#038;ctz=America%2FSao_Paulo&#038;showPrint=0&#038;mode=WEEK\" style=\"border: 0\" width=\"100%\" height=\"500\" frameborder=\"0\" scrolling=\"no\" class=\"iframe-class\"><\/iframe>\n<\/p>\n","protected":false},"excerpt":{"rendered":"<p>MM1 (T\u00e9rreo) Capacidade: 60 Recursos: cadeiras c\/ prancheta, desktop (tela, CPU, teclado e mouse), lousa branca de vidro temperado (grande), tela de proje\u00e7\u00e3o retr\u00e1til (fixa) e projetor multim\u00eddia. MM2 (T\u00e9rreo) Capacidade: 60 Recursos: cadeiras c\/ prancheta, desktop (CPU, teclado e mouse), lousa branca de vidro temperado (grande), tela de proje\u00e7\u00e3o retr\u00e1til (trip\u00e9) e projetor multim\u00eddia. [&hellip;]<\/p>\n","protected":false},"author":366,"featured_media":0,"parent":3981,"menu_order":0,"comment_status":"closed","ping_status":"closed","template":"","meta":{"jetpack_post_was_ever_published":false,"footnotes":""},"class_list":["post-3966","page","type-page","status-publish","hentry"],"jetpack_sharing_enabled":true,"jetpack_shortlink":"https:\/\/wp.me\/P6RZ9W-11Y","jetpack_likes_enabled":true,"_links":{"self":[{"href":"https:\/\/wp.ufpel.edu.br\/ifm\/wp-json\/wp\/v2\/pages\/3966","targetHints":{"allow":["GET"]}}],"collection":[{"href":"https:\/\/wp.ufpel.edu.br\/ifm\/wp-json\/wp\/v2\/pages"}],"about":[{"href":"https:\/\/wp.ufpel.edu.br\/ifm\/wp-json\/wp\/v2\/types\/page"}],"author":[{"embeddable":true,"href":"https:\/\/wp.ufpel.edu.br\/ifm\/wp-json\/wp\/v2\/users\/366"}],"replies":[{"embeddable":true,"href":"https:\/\/wp.ufpel.edu.br\/ifm\/wp-json\/wp\/v2\/comments?post=3966"}],"version-history":[{"count":32,"href":"https:\/\/wp.ufpel.edu.br\/ifm\/wp-json\/wp\/v2\/pages\/3966\/revisions"}],"predecessor-version":[{"id":4913,"href":"https:\/\/wp.ufpel.edu.br\/ifm\/wp-json\/wp\/v2\/pages\/3966\/revisions\/4913"}],"up":[{"embeddable":true,"href":"https:\/\/wp.ufpel.edu.br\/ifm\/wp-json\/wp\/v2\/pages\/3981"}],"wp:attachment":[{"href":"https:\/\/wp.ufpel.edu.br\/ifm\/wp-json\/wp\/v2\/media?parent=3966"}],"curies":[{"name":"wp","href":"https:\/\/api.w.org\/{rel}","templated":true}]}}