{"id":43,"date":"2023-05-22T14:37:49","date_gmt":"2023-05-22T17:37:49","guid":{"rendered":"https:\/\/wp.ufpel.edu.br\/ifisp\/?page_id=43"},"modified":"2025-10-03T10:51:29","modified_gmt":"2025-10-03T13:51:29","slug":"ppgsociologia","status":"publish","type":"page","link":"https:\/\/wp.ufpel.edu.br\/ifisp\/?page_id=43","title":{"rendered":"Programa de P\u00f3s-Gradua\u00e7\u00e3o em Sociologia"},"content":{"rendered":"<p><a href=\"https:\/\/wp.ufpel.edu.br\/ppgs\/\"><img data-attachment-id=\"2471\" data-permalink=\"https:\/\/wp.ufpel.edu.br\/ifisp\/?attachment_id=2471\" data-orig-file=\"https:\/\/wp.ufpel.edu.br\/ifisp\/files\/2023\/10\/Marca-vertical-programa-de-pos-graduacao-Sociologia-01.png\" data-orig-size=\"461,385\" data-comments-opened=\"0\" data-image-meta=\"{&quot;aperture&quot;:&quot;0&quot;,&quot;credit&quot;:&quot;&quot;,&quot;camera&quot;:&quot;&quot;,&quot;caption&quot;:&quot;&quot;,&quot;created_timestamp&quot;:&quot;0&quot;,&quot;copyright&quot;:&quot;&quot;,&quot;focal_length&quot;:&quot;0&quot;,&quot;iso&quot;:&quot;0&quot;,&quot;shutter_speed&quot;:&quot;0&quot;,&quot;title&quot;:&quot;&quot;,&quot;orientation&quot;:&quot;0&quot;}\" data-image-title=\"Marca vertical programa de pos-gradua\u00e7\u00e3o Sociologia-01\" data-image-description=\"\" data-image-caption=\"\" data-medium-file=\"https:\/\/wp.ufpel.edu.br\/ifisp\/files\/2023\/10\/Marca-vertical-programa-de-pos-graduacao-Sociologia-01-400x334.png\" data-large-file=\"https:\/\/wp.ufpel.edu.br\/ifisp\/files\/2023\/10\/Marca-vertical-programa-de-pos-graduacao-Sociologia-01.png\" class=\"aligncenter wp-image-2471\" src=\"https:\/\/wp.ufpel.edu.br\/ifisp\/files\/2023\/10\/Marca-vertical-programa-de-pos-graduacao-Sociologia-01.png\" alt=\"\" width=\"250\" height=\"209\" srcset=\"https:\/\/wp.ufpel.edu.br\/ifisp\/files\/2023\/10\/Marca-vertical-programa-de-pos-graduacao-Sociologia-01.png 461w, https:\/\/wp.ufpel.edu.br\/ifisp\/files\/2023\/10\/Marca-vertical-programa-de-pos-graduacao-Sociologia-01-400x334.png 400w\" sizes=\"(max-width: 250px) 100vw, 250px\" \/><\/a><\/p>\n<p>O Programa de P\u00f3s-gradua\u00e7\u00e3o em Sociologia da Universidade Federal de Pelotas \u00e9 herdeiro do Programa de P\u00f3s-gradua\u00e7\u00e3o em Ci\u00eancias Sociais, aprovado pela Capes em 2005, e que come\u00e7ou a funcionar em 2006. Para compreender o est\u00e1gio atual do PPG Sociologia \u00e9 necess\u00e1rio enfatizar a hist\u00f3ria do antigo PPG em Ci\u00eancias Sociais. Este programa teve in\u00edcio com uma proposta interdisciplinar que, inicialmente, contemplava diferentes \u00e1reas do conhecimento cient\u00edfico em Ci\u00eancias Sociais. Assim, em 2010, foi aprovado pela CAPES o Programa de P\u00f3s-Gradua\u00e7\u00e3o em Ci\u00eancia Pol\u00edtica, no Instituto de Filosofia, Sociologia e Pol\u00edtica da UFPel. Por sua vez, no final do ano de 2011, tamb\u00e9m foi aprovado o Programa de P\u00f3s-Gradua\u00e7\u00e3o em Antropologia e Arqueologia que \u00e9 situado no Instituto de Ci\u00eancias Humanas da UFPel.<\/p>\n<p>O novo passo, consequ\u00eancia desse processo de consolida\u00e7\u00e3o das \u00e1reas disciplinares, foi dado em 2012.\u00a0 Nesse ano, o PPG em Ci\u00eancias Sociais mudou de nome e passou a se chamar PPG em Sociologia, com curso em n\u00edvel de Mestrado.<\/p>\n<p>Na \u00faltima avalia\u00e7\u00e3o quadrienal da CAPES (2013-2016), o PPG Sociologia conquistou o conceito 4, credenciando-o para abertura do curso de Doutorado, o qual foi aprovado em setembro de 2018, passando a funcionar em mar\u00e7o de 2019.<\/p>\n<p>O Programa conta com um corpo docente qualificado na \u00e1rea de Sociologia e linhas de pesquisa espec\u00edficas que abarcam temas como as cidades, o Estado, o conhecimento na sociedade atual, o desenvolvimento, o trabalho e o meio ambiente.<\/p>\n<p><strong>Os objetivos definidos pelo PPGS<\/strong><\/p>\n<p>O objetivo geral do Programa de P\u00f3s-Gradua\u00e7\u00e3o em Sociologia da Universidade Federal de Pelotas\u2013 Mestrado e Doutorado, \u00e9 o de estimular, promover e orientar trabalhos acad\u00eamicos, sejam eles de ensino, pesquisa ou extens\u00e3o, voltados principalmente \u00e0 realidade brasileira \u2013 aspectos nacionais e regionais (com especial \u00eanfase no cone sul), mas tamb\u00e9m latino-americanos e internacionais, a partir de uma perspectiva sociol\u00f3gica, aberta ao di\u00e1logo, particularmente, com outras Ci\u00eancias Sociais. Neste sentido, visamos formar pesquisadores acad\u00eamicos qualificados na \u00e1rea de sociologia.<\/p>\n<p>Os objetivos espec\u00edficos do PPGS s\u00e3o:<\/p>\n<ol>\n<li>Cultivar os esfor\u00e7os permanentes de consolida\u00e7\u00e3o de uma equipe de soci\u00f3logos, capazes de desenvolver projetos de investiga\u00e7\u00e3o que centrem sua aten\u00e7\u00e3o, por um lado, nas tend\u00eancias de desenvolvimento do Brasil, em seus aspectos s\u00f3cio-pol\u00edtico-econ\u00f4micos e, por outro, nos processos socioculturais que ultrapassam as fronteiras dos pa\u00edses do Mercosul.<\/li>\n<\/ol>\n<p>II.Consolidar a constitui\u00e7\u00e3o de n\u00facleos de pesquisa, vinculados \u00e0s sociologias espec\u00edficas, buscando a integra\u00e7\u00e3o entre discentes e docentes em torno de grupos de pesquisa, de forma a promover a produ\u00e7\u00e3o coletiva do conhecimento. Isso, por\u00e9m, n\u00e3o significa a aus\u00eancia do di\u00e1logo com outras Ci\u00eancias Sociais, pois entende-se que o di\u00e1logo interdisciplinar \u00e9 uma caracter\u00edstica central do conhecimento cient\u00edfico na atualidade.<\/p>\n<p>III.Estabelecer la\u00e7os de coopera\u00e7\u00e3o acad\u00eamica, tais como: interc\u00e2mbio de estudantes e de docentes, novas experi\u00eancias de pesquisa, extens\u00e3o e troca de conhecimento com institui\u00e7\u00f5es de ensino superior brasileiras, e, com especial aten\u00e7\u00e3o para as institui\u00e7\u00f5es do cone sul, visando consolidar a presen\u00e7a dos discentes em centros e universidades de refer\u00eancia, no Brasil e no exterior, sob a modalidade de est\u00e1gio \u201csandu\u00edche\u201d durante realiza\u00e7\u00e3o do doutorado.<\/p>\n<p>IV.Fomentar a integra\u00e7\u00e3o regional do PPGS, efetivando conv\u00eanios e interc\u00e2mbios com os pa\u00edses \u2013 Brasil, Argentina e Uruguai. Esse esfor\u00e7o tem por finalidade estabelecer la\u00e7os duradouros de coopera\u00e7\u00e3o que fortale\u00e7am as potencialidades regionais \u2013 cone sul, no que diz respeito \u00e0s dimens\u00f5es social, cultural, pol\u00edtica<\/p>\n<p><strong>Fontes de Financiamento<\/strong><\/p>\n<p>O PPGS obt\u00e9m todos os anos bolsas de estudos, para seus alunos, subministradas pelas ag\u00eancias de fomento CNPq, CAPES e FAPERGS. Disp\u00f5e tamb\u00e9m de recursos do Programa de Apoio \u00e0 Pos-Gradua\u00e7\u00e3o (Proap) da Capes para apoiar atividades acad\u00eamicas docentes e discentes. Al\u00e9m de tr\u00eas bolsas de p\u00f3s-doutorado, o PNPD outorga recursos econ\u00f4micos para equipamentos e materiais.<\/p>\n<p style=\"text-align: left;\"><strong><a href=\"https:\/\/wp.ufpel.edu.br\/ppgs\/\" target=\"_blank\" rel=\"noopener\">Acesse o site do PPG em Sociologia aqui<\/a><\/strong><\/p>\n","protected":false},"excerpt":{"rendered":"<p>O Programa de P\u00f3s-gradua\u00e7\u00e3o em Sociologia da Universidade Federal de Pelotas \u00e9 herdeiro do Programa de P\u00f3s-gradua\u00e7\u00e3o em Ci\u00eancias Sociais, aprovado pela Capes em 2005, e que come\u00e7ou a funcionar em 2006. Para compreender o est\u00e1gio atual do PPG Sociologia \u00e9 necess\u00e1rio enfatizar a hist\u00f3ria do antigo PPG em Ci\u00eancias Sociais. Este programa teve in\u00edcio [&hellip;]<\/p>\n","protected":false},"author":1247,"featured_media":0,"parent":0,"menu_order":0,"comment_status":"closed","ping_status":"closed","template":"","meta":{"advanced_seo_description":"","jetpack_seo_html_title":"","jetpack_seo_noindex":false,"jetpack_post_was_ever_published":false,"footnotes":""},"class_list":["post-43","page","type-page","status-publish","hentry"],"jetpack_sharing_enabled":true,"_links":{"self":[{"href":"https:\/\/wp.ufpel.edu.br\/ifisp\/index.php?rest_route=\/wp\/v2\/pages\/43","targetHints":{"allow":["GET"]}}],"collection":[{"href":"https:\/\/wp.ufpel.edu.br\/ifisp\/index.php?rest_route=\/wp\/v2\/pages"}],"about":[{"href":"https:\/\/wp.ufpel.edu.br\/ifisp\/index.php?rest_route=\/wp\/v2\/types\/page"}],"author":[{"embeddable":true,"href":"https:\/\/wp.ufpel.edu.br\/ifisp\/index.php?rest_route=\/wp\/v2\/users\/1247"}],"replies":[{"embeddable":true,"href":"https:\/\/wp.ufpel.edu.br\/ifisp\/index.php?rest_route=%2Fwp%2Fv2%2Fcomments&post=43"}],"version-history":[{"count":4,"href":"https:\/\/wp.ufpel.edu.br\/ifisp\/index.php?rest_route=\/wp\/v2\/pages\/43\/revisions"}],"predecessor-version":[{"id":3449,"href":"https:\/\/wp.ufpel.edu.br\/ifisp\/index.php?rest_route=\/wp\/v2\/pages\/43\/revisions\/3449"}],"wp:attachment":[{"href":"https:\/\/wp.ufpel.edu.br\/ifisp\/index.php?rest_route=%2Fwp%2Fv2%2Fmedia&parent=43"}],"curies":[{"name":"wp","href":"https:\/\/api.w.org\/{rel}","templated":true}]}}