{"id":1911,"date":"2023-05-12T17:43:46","date_gmt":"2023-05-12T20:43:46","guid":{"rendered":"https:\/\/wp.ufpel.edu.br\/ifisp\/?page_id=1911"},"modified":"2026-03-19T16:42:02","modified_gmt":"2026-03-19T19:42:02","slug":"area-do-servidor","status":"publish","type":"page","link":"https:\/\/wp.ufpel.edu.br\/ifisp\/?page_id=1911","title":{"rendered":"\u00c1rea do Servidor"},"content":{"rendered":"<p style=\"text-align: left;\"><strong class=\"collapseomatic \" id=\"id69e115a61692b\" rel=\"-highlander\" tabindex=\"0\" title=\"Solicita\u00e7\u00e3o de Afastamento \u00e0 Servi\u00e7o no Pa\u00eds e do Pa\u00eds\"    >Solicita\u00e7\u00e3o de Afastamento \u00e0 Servi\u00e7o no Pa\u00eds e do Pa\u00eds<\/strong><div id=\"target-id69e115a61692b\" class=\"collapseomatic_content \">\n<p>Acesse: <a href=\"https:\/\/wp.ufpel.edu.br\/cdtec\/solicitacao-de-afastamento-a-servico-no-pais-e-do-pais\">https:\/\/wp.ufpel.edu.br\/cdtec\/solicitacao-de-afastamento-a-servico-no-pais-e-do-pais<\/a><\/p>\n<p style=\"text-align: justify;\"><\/div>\n<strong class=\"collapseomatic \" id=\"id69e115a6169de\" rel=\"-highlander\" tabindex=\"0\" title=\"Afastamento para p\u00f3s-gradua\u00e7\u00e3o\/p\u00f3s-doutorado\"    >Afastamento para p\u00f3s-gradua\u00e7\u00e3o\/p\u00f3s-doutorado<\/strong><div id=\"target-id69e115a6169de\" class=\"collapseomatic_content \">\n<p>O processo Seletivo de fluxo cont\u00ednuo para a concess\u00e3o de afastamento de servidores(as) t\u00e9cnico-administrativos(as) e docentes para realiza\u00e7\u00e3o de Programa de P\u00f3s-Gradua\u00e7\u00e3o Stricto Sensu, inclu\u00eddo o P\u00f3s-Doutorado, no pa\u00eds ou no exterior \u00e9 regido por <a href=\"https:\/\/wp.ufpel.edu.br\/progep\/cdp\/afastamento-para-pos-graduacao\/\">editais publicados na p\u00e1gina da PROGEP<\/a>.<\/p>\n<p>&nbsp;<\/p>\n<p><strong>AFASTAMENTO DOCENTE<\/strong><\/p>\n<p>As inscri\u00e7\u00f5es dever\u00e3o ser realizadas atrav\u00e9s da abertura do processo eletr\u00f4nico<em> \u201cPessoal: Afastamento P\u00f3s-Grad\/P\u00f3s-Doc &#8211; DOC\u201d<\/em>, dispon\u00edvel no Sistema Eletr\u00f4nico de Informa\u00e7\u00f5es (SEI), devidamente instru\u00eddo, conforme Base de Conhecimento dispon\u00edvel no SEI e encaminhado \u00e0 Se\u00e7\u00e3o de Desenvolvimento na Carreira dos Servidores (SDCS).<\/p>\n<p>O processo de afastamento do(a) servidor(a), dever\u00e1 conter os seguintes documentos:<\/p>\n<ul>\n<li>Formul\u00e1rio eletr\u00f4nico \u201c<em>PROGEP Afastamento P\u00f3s-Grad\/P\u00f3s-Doc &#8211; DOC<\/em>\u201d, dispon\u00edvel no Sistema Eletr\u00f4nico de Informa\u00e7\u00f5es<\/li>\n<li>Comprova\u00e7\u00e3o de matr\u00edcula ou aceite do curso de P\u00f3s-Gradua\u00e7\u00e3o ou P\u00f3s-Doutorado, contendo o per\u00edodo do afastamento previsto;<\/li>\n<li>Comprova\u00e7\u00e3o do recebimento de bolsa CAPES, CNPq ou outros \u00f3rg\u00e3os, quando for o caso;<\/li>\n<li>Comprova\u00e7\u00e3o da solicita\u00e7\u00e3o de professor(a) substituto(a) para suprir a aus\u00eancia do(a) professor(a) ou comprova\u00e7\u00e3o da distribui\u00e7\u00e3o da carga hor\u00e1ria do(a) docente afastado(a) entre os(as) demais servidores(as) da unidade de lota\u00e7\u00e3o*;<\/li>\n<li>\u00daltimo Relat\u00f3rio Anual de Atividades Docentes (RAAD);<\/li>\n<li>Plano Plurianual da Unidade de Lota\u00e7\u00e3o, contendo o per\u00edodo previsto para afastamento do(a) servidor(a)<\/li>\n<li>Estar prevista no Plano de Desenvolvimento de Pessoas vigente a necessidade de desenvolvimento a ser atendida com o afastamento.\u00a0<a href=\"https:\/\/wp.ufpel.edu.br\/progep\/pdp\/\">CLIQUE E CONFIRA O PDP<\/a><\/li>\n<li>Parecer da autoridade m\u00e1xima da Unidade, dispon\u00edvel no SEI atrav\u00e9s do formul\u00e1rio <em>\u201cPROGEP Manifesta\u00e7\u00e3o autoridade m\u00e1xima DOC\u201d<\/em><\/li>\n<li>Pedido de exonera\u00e7\u00e3o do cargo em comiss\u00e3o ou dispensa da fun\u00e7\u00e3o de confian\u00e7a, quando for o caso; e<\/li>\n<li>Curr\u00edculo atualizado no Banco de Talento do Portal\/aplicativo Sou.Gov<\/li>\n<\/ul>\n<p><strong>*Obs.:<\/strong>\u00a0<strong>Ressaltamos que paralelamente ao processo de afastamento, deve ser encaminhado pelo colegiado o processo para solicita\u00e7\u00e3o de contrata\u00e7\u00e3o de professor substituto, se necess\u00e1rio.<\/strong><\/p>\n<p><strong>T\u00c9CNICO ADMINISTRATIVO<\/strong><\/p>\n<p>As inscri\u00e7\u00f5es dever\u00e3o ser realizadas atrav\u00e9s da abertura do processo eletr\u00f4nico \u201cPessoal: Afastamento P\u00f3s-Grad\/P\u00f3s-Doc &#8211; TAE\u201d, dispon\u00edvel no Sistema Eletr\u00f4nico de Informa\u00e7\u00f5es (SEI), devidamente instru\u00eddo, conforme Base de Conhecimento dispon\u00edvel no SEI e encaminhado \u00e0 Se\u00e7\u00e3o de Desenvolvimento na Carreira dos Servidores (SDCS).<\/p>\n<p>A documenta\u00e7\u00e3o do processo de afastamento do(a) servidor(a), dever\u00e1 ser devidamente instru\u00eddo com os seguintes documentos:<\/p>\n<ul>\n<li>Formul\u00e1rio eletr\u00f4nico \u201cPessoal: Afastamento P\u00f3s-Grad\/P\u00f3s-Doc &#8211; TAE\u201d, dispon\u00edvel no Sistema Eletr\u00f4nico de Informa\u00e7\u00f5es (SEI);<\/li>\n<li>Comprova\u00e7\u00e3o de matr\u00edcula ou aceite do curso de P\u00f3s-Gradua\u00e7\u00e3o ou P\u00f3s-Doutorado, contendo o per\u00edodo do afastamento previsto;<\/li>\n<li>Comprova\u00e7\u00e3o do recebimento de bolsa CAPES, CNPq ou outros \u00f3rg\u00e3os, quando for o caso;<\/li>\n<li>Resultado da \u00faltima Avalia\u00e7\u00e3o de Desempenho;<\/li>\n<li>Plano Plurianual da Unidade de Lota\u00e7\u00e3o, contendo o per\u00edodo previsto para afastamento do(a) servidor(a)<\/li>\n<li>Estar prevista no Plano de Desenvolvimento de Pessoas vigente a necessidade de desenvolvimento a ser atendida com o afastamento.\u00a0<a href=\"https:\/\/wp.ufpel.edu.br\/progep\/pdp\/\">CLIQUE E CONFIRA O PDP<\/a><\/li>\n<li>Parecer da autoridade m\u00e1xima da Unidade, dispon\u00edvel no SEI atrav\u00e9s do formul\u00e1rio &#8220;PROGEP Manifesta\u00e7\u00e3o Autoridade M\u00e1xima TAE\u201d;<\/li>\n<li>Pedido de exonera\u00e7\u00e3o do cargo em comiss\u00e3o ou dispensa da fun\u00e7\u00e3o de confian\u00e7a, quando for o caso; e<\/li>\n<li>Curr\u00edculo atualizado no Banco de Talento do Portal\/aplicativo Sou.Gov.<\/li>\n<\/ul>\n<\/div>\n<p style=\"text-align: justify;\"><strong class=\"collapseomatic \" id=\"id69e115a616a12\" rel=\"-highlander\" tabindex=\"0\" title=\"Cadastro de dependentes\"    >Cadastro de dependentes<\/strong><div id=\"target-id69e115a616a12\" class=\"collapseomatic_content \">\n<p style=\"text-align: justify;\">O cadastro de dependentes deve ser realizado para o servidor solicitar os seguintes benef\u00edcios:<\/p>\n<ul style=\"text-align: justify;\">\n<li>Cadastro de Dependentes para Imposto de Renda, Pr\u00e9-Escolar e\/ou Acompanhamento de Familiar Enfermo;<\/li>\n<li>Aux\u00edlio Natalidade;<\/li>\n<li>Licen\u00e7a Gestante;<\/li>\n<li>Licen\u00e7a Adotante;<\/li>\n<li>Licen\u00e7a Paternidade;<\/li>\n<li>Licen\u00e7a-Sa\u00fade;<\/li>\n<li>Licen\u00e7a para acompanhamento de familiar enfermo;<\/li>\n<li>Isen\u00e7\u00e3o de Imposto de Renda por doen\u00e7a especificada em lei (apenas para inativos).<\/li>\n<\/ul>\n<p style=\"text-align: justify;\"><strong>Orienta\u00e7\u00f5es:\u00a0<\/strong><\/p>\n<p style=\"text-align: justify;\"><span data-contrast=\"auto\">Acessar o SouGov pelo aplicativo ou pela\u00a0<\/span><a href=\"https:\/\/sougov.economia.gov.br\/sougov\/\"><span data-contrast=\"none\">web<\/span><\/a><span data-contrast=\"auto\">,\u00a0<\/span><span data-ccp-props=\"{&quot;201341983&quot;:0,&quot;335551550&quot;:6,&quot;335551620&quot;:6,&quot;335559739&quot;:160,&quot;335559740&quot;:259}\">\u00a0<\/span><\/p>\n<p style=\"text-align: justify;\"><span data-contrast=\"auto\">1\u00ba &#8211;\u00a0 Clique em\u00a0<\/span><b><span data-contrast=\"auto\">&#8220;Solicita\u00e7\u00f5es&#8221;<\/span><\/b><span data-contrast=\"auto\">, selecione\u00a0<\/span><b><span data-contrast=\"auto\">&#8220;ver todas as op\u00e7\u00f5es&#8221;<\/span><\/b><span data-contrast=\"auto\">:<\/span><span data-ccp-props=\"{&quot;201341983&quot;:0,&quot;335551550&quot;:6,&quot;335551620&quot;:6,&quot;335559739&quot;:160,&quot;335559740&quot;:259}\">\u00a0<\/span><\/p>\n<p style=\"text-align: justify;\"><span data-contrast=\"auto\">2\u00ba &#8211; Clique em\u00a0<\/span><b><span data-contrast=\"auto\">&#8220;Cadastro de dependentes&#8221;<\/span><\/b><span data-contrast=\"auto\">\u00a0e, em seguida,\u00a0<\/span><b><span data-contrast=\"auto\">&#8220;cadastrar novo dependente&#8221;\u00a0<\/span><\/b>ou clique no<b><span data-contrast=\"auto\">\u00a0&#8220;\u00edcone de alterar ou excluir&#8221;\u00a0<\/span><\/b>dependente seguindo os demais passos do aplicativo at\u00e9 finalizar a solicita\u00e7\u00e3o.<\/p>\n<p style=\"text-align: justify;\">Para verificar o passo a passo completo\u00a0<a href=\"https:\/\/www.gov.br\/servidor\/pt-br\/acesso-a-informacao\/faq\/sou-gov.br\/cadastrar-dependentes\/capa-cadastrar-dependente\">CLIQUE AQUI<\/a>!<\/p>\n<p style=\"text-align: justify;\"><strong>Para mais informa\u00e7\u00f5es entre em contato com a PROGEP &#8211; Unidade de Atendimento e Secretaria 3284-3970<\/strong><\/p>\n<p style=\"text-align: justify;\"><\/div>\n<p style=\"text-align: justify;\"><strong class=\"collapseomatic \" id=\"id69e115a616a40\" rel=\"-highlander\" tabindex=\"0\" title=\"Cadastro de projetos\"    >Cadastro de projetos<\/strong><div id=\"target-id69e115a616a40\" class=\"collapseomatic_content \">\n<p style=\"text-align: justify;\">O cadastro de projetos de Extens\u00e3o, Ensino e Pesquisa \u00e9 realizado via cobalto. As orienta\u00e7\u00f5es est\u00e3o abaixo:<\/p>\n<ul style=\"text-align: justify;\">\n<li>Cadastro de Projetos:\u00a0<a href=\"https:\/\/wp.ufpel.edu.br\/prec\/files\/2019\/05\/Tutorial-do-Projeto.pdf\" target=\"_blank\" rel=\"noopener\">(<strong>PDF<\/strong>)<\/a>\u00a0|\u00a0<a href=\"https:\/\/youtu.be\/eNcWifh9btA\" target=\"_blank\" rel=\"noopener\">(<strong>V\u00cdDEO<\/strong>)<\/a><\/li>\n<li>Cadastro de Programas:\u00a0<a href=\"https:\/\/wp.ufpel.edu.br\/prec\/files\/2019\/05\/Tutorial-do-Programa.pdf\" target=\"_blank\" rel=\"noopener\">(<strong>PDF<\/strong>)<\/a>\u00a0|\u00a0<a href=\"https:\/\/youtu.be\/8xooejVuSz4\" target=\"_blank\" rel=\"noopener\">(<strong>V\u00cdDEO<\/strong>)<\/a><\/li>\n<li>Cadastro de A\u00e7\u00f5es:\u00a0<a href=\"https:\/\/wp.ufpel.edu.br\/prec\/files\/2019\/05\/Tutorial-de-A%C3%A7%C3%A3o.pdf\" target=\"_blank\" rel=\"noopener\">(<strong>PDF<\/strong>)<\/a>\u00a0|\u00a0<a href=\"https:\/\/youtu.be\/7Er4-j9d6Hc\" target=\"_blank\" rel=\"noopener\">(<strong>V\u00cdDEO<\/strong>)<\/a><\/li>\n<li>Cadastro de Pessoas Externas:\u00a0<a href=\"https:\/\/www.youtube.com\/watch?v=A-dn-OnVzTs\" target=\"_blank\" rel=\"noopener\">(<strong>V\u00cdDEO<\/strong>)<\/a><\/li>\n<li>Processo de Certifica\u00e7\u00e3o \u2013 Instru\u00e7\u00f5es para encaminhamento via SEI: (<strong><a href=\"https:\/\/wp.ufpel.edu.br\/prec\/files\/2021\/06\/Tutorial-SEI-Instrucoes-para-encaminhamento-de-Processo-de-Certificacao-1.pdf\" target=\"_blank\" rel=\"noopener\">PDF<\/a><\/strong>)<\/li>\n<li>Prorroga\u00e7\u00e3o de Projetos:\u00a0<a href=\"https:\/\/wp.ufpel.edu.br\/prec\/files\/2019\/05\/Tutorial-de-Prorroga%C3%A7%C3%A3o.pdf\" target=\"_blank\" rel=\"noopener\">(<strong>PDF<\/strong>)<\/a>\u00a0|\u00a0<a href=\"https:\/\/youtu.be\/fAQrt9QqORU\" target=\"_blank\" rel=\"noopener\">(<strong>V\u00cdDEO<\/strong>)<\/a><\/li>\n<li>Renova\u00e7\u00e3o de Projetos: (<strong>PDF<\/strong>) |\u00a0<a href=\"https:\/\/youtu.be\/B2Ejez-Xjh4\" target=\"_blank\" rel=\"noopener\">(<strong>V\u00cdDEO<\/strong>)<\/a><\/li>\n<li>Relat\u00f3rio:\u00a0<a href=\"https:\/\/wp.ufpel.edu.br\/prec\/files\/2019\/05\/Tutorial-de-Relat%C3%B3rio.pdf\" target=\"_blank\" rel=\"noopener\">(<strong>PDF<\/strong>)<\/a>\u00a0|\u00a0<a href=\"https:\/\/youtu.be\/wYd-SlgU_u4\" target=\"_blank\" rel=\"noopener\">(<strong>V\u00cdDEO<\/strong>)<\/a><\/li>\n<\/ul>\n<p style=\"text-align: justify;\"><strong>Base de conhecimento SEI:<\/strong><\/p>\n<ul style=\"text-align: justify;\">\n<li><a href=\"https:\/\/wp.ufpel.edu.br\/prec\/files\/2020\/11\/SEI-_-UFPel-Cancelamento-de-Acao_Projeto-de-Extensao-NFRA.pdf\" target=\"_blank\" rel=\"noopener\">Cancelamento de A\u00e7\u00e3o Projeto de Extens\u00e3o<\/a><\/li>\n<li><a href=\"https:\/\/wp.ufpel.edu.br\/prec\/files\/2020\/11\/SEI-_-UFPel-Correcao-de-Certificado-NFRA.pdf\" target=\"_blank\" rel=\"noopener\">Corre\u00e7\u00e3o de Certificado<\/a><\/li>\n<li><a href=\"https:\/\/wp.ufpel.edu.br\/prec\/files\/2020\/11\/SEI-_-UFPel-Dados-de-Extensao-NFRA.pdf\" target=\"_blank\" rel=\"noopener\">Dados de Extens\u00e3o<\/a><\/li>\n<li><a href=\"https:\/\/wp.ufpel.edu.br\/prec\/files\/2020\/11\/SEI-_-UFPel-Emissao-de-Certificado-NFRA.pdf\" target=\"_blank\" rel=\"noopener\">Emiss\u00e3o de Certificado<\/a><\/li>\n<li><a href=\"https:\/\/wp.ufpel.edu.br\/prec\/files\/2020\/11\/SEI-_-UFPel-Prorrogacao-de-Prazo-de-Projeto-de-Extensao-NFRA.pdf\" target=\"_blank\" rel=\"noopener\">Prorroga\u00e7\u00e3o de prazo de projeto de Extens\u00e3o<\/a><\/li>\n<li><a href=\"https:\/\/wp.ufpel.edu.br\/prec\/files\/2020\/11\/SEI-_-UFPel-Relatorio-de-Projeto_Acao-de-Extensao-NFRA.pdf\" target=\"_blank\" rel=\"noopener\">Relat\u00f3rio de A\u00e7\u00e3o\/Projeto de Extens\u00e3o<\/a><\/li>\n<li><a href=\"https:\/\/wp.ufpel.edu.br\/prec\/files\/2020\/11\/SEI-_-UFPel-Renovacao-de-Prazo-de-Projeto-de-Extensao-NFRA.pdf\" target=\"_blank\" rel=\"noopener\">Renova\u00e7\u00e3o de prazo de projeto de Extens\u00e3o<\/a><\/li>\n<li><a href=\"https:\/\/wp.ufpel.edu.br\/prec\/files\/2020\/11\/SEI-_-UFPel-Substituicao-da-Coordenacao-de-Projeto-de-Extensao-NFRA.pdf\" target=\"_blank\" rel=\"noopener\">Substitui\u00e7\u00e3o da Coordena\u00e7\u00e3o de Projeto de Extens\u00e3o<\/a><\/li>\n<\/ul>\n<p style=\"text-align: justify;\"><a href=\"https:\/\/wp.ufpel.edu.br\/prec\/files\/2017\/07\/PERGUNTAS-FREQUENTES-PROJETOS.pdf\" target=\"_blank\" rel=\"noopener\">PERGUNTAS FREQUENTES SOBRE PROJETOS<\/a><\/p>\n<p style=\"text-align: justify;\"><a href=\"https:\/\/wp.ufpel.edu.br\/prec\/legislacao\/\" target=\"_blank\" rel=\"noopener\">BASE LEGISLATIVA<\/a><\/p>\n<p style=\"text-align: justify;\">Para mais informa\u00e7\u00f5es\u00a0<a href=\"https:\/\/wp.ufpel.edu.br\/prec\" target=\"_blank\" rel=\"noopener\">clique aqui<\/a>.<\/p>\n<p style=\"text-align: justify;\"><\/div>\n<strong class=\"collapseomatic \" id=\"id69e115a616a6c\" rel=\"-highlander\" tabindex=\"0\" title=\"Guias e-aula\"    >Guias e-aula<\/strong><div id=\"target-id69e115a616a6c\" class=\"collapseomatic_content \">\n<ul>\n<li><a href=\"https:\/\/wp.ufpel.edu.br\/nuped\/files\/2021\/11\/Guia-Docente.pdf\"><span style=\"font-weight: 400;\">Guia docente para o uso da plataforma e-Aula<\/span><\/a><\/li>\n<li><a href=\"https:\/\/wp.ufpel.edu.br\/nate\/files\/2021\/04\/Guia-do-Monitor.pdf\"><span style=\"font-weight: 400;\">Guia pr\u00e1tico de monitoria plataforma e-Aula<\/span><\/a><\/li>\n<li><a href=\"https:\/\/wp.ufpel.edu.br\/nate\/files\/2020\/09\/Manual-do-resgate.pdf\"><span style=\"font-weight: 400;\">Manual de perman\u00eancia para acompanhamento de estudantes na plataforma e-Aula<\/span><\/a><\/li>\n<li><a href=\"https:\/\/youtu.be\/xiwgYRgpMCc?list=PLaSZ-fRauv3ZHnU2aQZ0iVmEIXO80-bJp\">Tutorial em v\u00eddeo: integra\u00e7\u00e3o Cobalto e e-Aula<\/a><\/li>\n<li><a href=\"https:\/\/wp.ufpel.edu.br\/nuped\/curadoria-2\/\">Curadoria NATE para Ambientes Virtuais de Aprendizagem<\/a><\/li>\n<\/ul>\n<\/div>\n<p style=\"text-align: justify;\"><strong class=\"collapseomatic \" id=\"id69e115a616a91\" rel=\"-highlander\" tabindex=\"0\" title=\"Substitui\u00e7\u00e3o de chefias\"    >Substitui\u00e7\u00e3o de chefias<\/strong><div id=\"target-id69e115a616a91\" class=\"collapseomatic_content \">\n<ul style=\"text-align: justify;\">\n<li><span data-contrast=\"auto\">O pagamento de Substitui\u00e7\u00e3o \u00e9 a retribui\u00e7\u00e3o pelo exerc\u00edcio de cargo ou fun\u00e7\u00e3o de dire\u00e7\u00e3o ou chefia nos casos de afastamento ou impedimento legais do titular, paga na propor\u00e7\u00e3o dos dias de efetiva substitui\u00e7\u00e3o.<\/span><span data-ccp-props=\"{&quot;201341983&quot;:0,&quot;335559739&quot;:160,&quot;335559740&quot;:259}\">\u00a0<\/span><\/li>\n<li><span data-ccp-props=\"{&quot;201341983&quot;:0,&quot;335559739&quot;:160,&quot;335559740&quot;:259}\">\u00a0<\/span><span data-contrast=\"auto\">Para os casos em que o substituto n\u00e3o seja o especificado em portaria pr\u00e9via, deve-se, primeiramente fazer o pedido de portaria ao GR via sistema SEI . J\u00e1 havendo portaria de designa\u00e7\u00e3o, como os coordenadores adjuntos, por exemplo, basta solicitar a substitui\u00e7\u00e3o via SOUGOV.<\/span><span data-ccp-props=\"{&quot;134233117&quot;:false,&quot;134233118&quot;:false,&quot;201341983&quot;:0,&quot;335551550&quot;:1,&quot;335551620&quot;:1,&quot;335559685&quot;:0,&quot;335559737&quot;:0,&quot;335559738&quot;:0,&quot;335559739&quot;:160,&quot;335559740&quot;:259}\">\u00a0<\/span><\/li>\n<\/ul>\n<p style=\"text-align: justify;\"><strong>Orienta\u00e7\u00f5es:\u00a0<\/strong><\/p>\n<p style=\"text-align: justify;\"><span data-contrast=\"auto\">Acessar o SouGov pelo aplicativo ou pela\u00a0<\/span><a href=\"https:\/\/sougov.economia.gov.br\/sougov\/\"><span data-contrast=\"none\">web<\/span><\/a><span data-contrast=\"auto\">,\u00a0<\/span><span data-ccp-props=\"{&quot;201341983&quot;:0,&quot;335551550&quot;:6,&quot;335551620&quot;:6,&quot;335559739&quot;:160,&quot;335559740&quot;:259}\">\u00a0<\/span><\/p>\n<p style=\"text-align: justify;\"><span data-contrast=\"auto\">1\u00ba &#8211;\u00a0 Clique em\u00a0<\/span><b><span data-contrast=\"auto\">&#8220;Solicita\u00e7\u00f5es&#8221;<\/span><\/b><span data-contrast=\"auto\">, selecione\u00a0<\/span><b><span data-contrast=\"auto\">&#8220;ver todas as op\u00e7\u00f5es&#8221;<\/span><\/b><span data-contrast=\"auto\">:<\/span><span data-ccp-props=\"{&quot;201341983&quot;:0,&quot;335551550&quot;:6,&quot;335551620&quot;:6,&quot;335559739&quot;:160,&quot;335559740&quot;:259}\">\u00a0<\/span><\/p>\n<p style=\"text-align: justify;\"><span data-contrast=\"auto\">2\u00ba &#8211; Clique em\u00a0<\/span><b><span data-contrast=\"auto\">&#8220;Pagamento de Substitui\u00e7\u00e3o&#8221;<\/span><\/b><span data-contrast=\"auto\">\u00a0e, em seguida,\u00a0<\/span><b><span data-contrast=\"auto\">&#8220;Solicitar&#8221;\u00a0<\/span><\/b>seguindo os demais passos do aplicativo at\u00e9 finalizar a solicita\u00e7\u00e3o.<\/p>\n<p style=\"text-align: justify;\">Para verificar o passo a passo completo\u00a0<a href=\"https:\/\/www.gov.br\/servidor\/pt-br\/acesso-a-informacao\/faq\/sou-gov.br\/pagamento-de-substituicao\/como-solicitar-o-pagamento-de-substituicao\">CLIQUE AQUI<\/a>!<\/p>\n<p>Para consultar as portarias das chefias do IFISP <a href=\"https:\/\/wp.ufpel.edu.br\/ifisp\/chefias\/\">clique aqui<\/a> e em, seguida, clique em Portarias.<\/p>\n<p style=\"text-align: justify;\"><\/div>\n<p style=\"text-align: justify;\">\n","protected":false},"excerpt":{"rendered":"","protected":false},"author":1247,"featured_media":0,"parent":0,"menu_order":0,"comment_status":"closed","ping_status":"closed","template":"","meta":{"advanced_seo_description":"","jetpack_seo_html_title":"","jetpack_seo_noindex":false,"jetpack_post_was_ever_published":false,"footnotes":""},"class_list":["post-1911","page","type-page","status-publish","hentry"],"jetpack_sharing_enabled":true,"_links":{"self":[{"href":"https:\/\/wp.ufpel.edu.br\/ifisp\/index.php?rest_route=\/wp\/v2\/pages\/1911","targetHints":{"allow":["GET"]}}],"collection":[{"href":"https:\/\/wp.ufpel.edu.br\/ifisp\/index.php?rest_route=\/wp\/v2\/pages"}],"about":[{"href":"https:\/\/wp.ufpel.edu.br\/ifisp\/index.php?rest_route=\/wp\/v2\/types\/page"}],"author":[{"embeddable":true,"href":"https:\/\/wp.ufpel.edu.br\/ifisp\/index.php?rest_route=\/wp\/v2\/users\/1247"}],"replies":[{"embeddable":true,"href":"https:\/\/wp.ufpel.edu.br\/ifisp\/index.php?rest_route=%2Fwp%2Fv2%2Fcomments&post=1911"}],"version-history":[{"count":3,"href":"https:\/\/wp.ufpel.edu.br\/ifisp\/index.php?rest_route=\/wp\/v2\/pages\/1911\/revisions"}],"predecessor-version":[{"id":3753,"href":"https:\/\/wp.ufpel.edu.br\/ifisp\/index.php?rest_route=\/wp\/v2\/pages\/1911\/revisions\/3753"}],"wp:attachment":[{"href":"https:\/\/wp.ufpel.edu.br\/ifisp\/index.php?rest_route=%2Fwp%2Fv2%2Fmedia&parent=1911"}],"curies":[{"name":"wp","href":"https:\/\/api.w.org\/{rel}","templated":true}]}}