{"id":91,"date":"2024-07-03T18:23:34","date_gmt":"2024-07-03T21:23:34","guid":{"rendered":"https:\/\/wp.ufpel.edu.br\/ieeesbufpel\/?page_id=91"},"modified":"2024-08-19T13:37:38","modified_gmt":"2024-08-19T16:37:38","slug":"como-participar","status":"publish","type":"page","link":"https:\/\/wp.ufpel.edu.br\/ieeesbufpel\/como-participar\/","title":{"rendered":"Como Participar"},"content":{"rendered":"<p><strong>Quem Pode Participar do Ramo Estudantil?<\/strong><\/p>\n<ul>\n<li>Alunos de gradua\u00e7\u00e3o e p\u00f3s-gradua\u00e7\u00e3o da UFPel que s\u00e3o membros IEEE.<\/li>\n<li>Alunos de gradua\u00e7\u00e3o e p\u00f3s-gradua\u00e7\u00e3o da UFPel n\u00e3o s\u00e3o membros IEEE (volunt\u00e1rios).<\/li>\n<\/ul>\n<p><strong>Como Come\u00e7ar a Participar do Ramo Estudantil?<\/strong><\/p>\n<ul>\n<li>Ficar de olho na programa\u00e7\u00e3o do ramo para participar das pr\u00f3ximas atividades.<\/li>\n<li>Preencher o <a href=\"https:\/\/forms.gle\/Lkk5r1jRc78cinvg8\">formul\u00e1rio<\/a>.<\/li>\n<\/ul>\n","protected":false},"excerpt":{"rendered":"<p>Quem Pode Participar do Ramo Estudantil? Alunos de gradua\u00e7\u00e3o e p\u00f3s-gradua\u00e7\u00e3o da UFPel que s\u00e3o membros IEEE. Alunos de gradua\u00e7\u00e3o e p\u00f3s-gradua\u00e7\u00e3o da UFPel n\u00e3o s\u00e3o membros IEEE (volunt\u00e1rios). Como Come\u00e7ar a Participar do Ramo Estudantil? Ficar de olho na&#8230; <a class=\"more-link\" href=\"https:\/\/wp.ufpel.edu.br\/ieeesbufpel\/como-participar\/\">Continue lendo &rarr;<\/a><\/p>\n","protected":false},"author":1374,"featured_media":0,"parent":0,"menu_order":0,"comment_status":"closed","ping_status":"closed","template":"","meta":{"footnotes":""},"class_list":["post-91","page","type-page","status-publish","hentry"],"_links":{"self":[{"href":"https:\/\/wp.ufpel.edu.br\/ieeesbufpel\/wp-json\/wp\/v2\/pages\/91","targetHints":{"allow":["GET"]}}],"collection":[{"href":"https:\/\/wp.ufpel.edu.br\/ieeesbufpel\/wp-json\/wp\/v2\/pages"}],"about":[{"href":"https:\/\/wp.ufpel.edu.br\/ieeesbufpel\/wp-json\/wp\/v2\/types\/page"}],"author":[{"embeddable":true,"href":"https:\/\/wp.ufpel.edu.br\/ieeesbufpel\/wp-json\/wp\/v2\/users\/1374"}],"replies":[{"embeddable":true,"href":"https:\/\/wp.ufpel.edu.br\/ieeesbufpel\/wp-json\/wp\/v2\/comments?post=91"}],"version-history":[{"count":9,"href":"https:\/\/wp.ufpel.edu.br\/ieeesbufpel\/wp-json\/wp\/v2\/pages\/91\/revisions"}],"predecessor-version":[{"id":276,"href":"https:\/\/wp.ufpel.edu.br\/ieeesbufpel\/wp-json\/wp\/v2\/pages\/91\/revisions\/276"}],"wp:attachment":[{"href":"https:\/\/wp.ufpel.edu.br\/ieeesbufpel\/wp-json\/wp\/v2\/media?parent=91"}],"curies":[{"name":"wp","href":"https:\/\/api.w.org\/{rel}","templated":true}]}}