{"id":66,"date":"2024-07-03T14:28:03","date_gmt":"2024-07-03T17:28:03","guid":{"rendered":"https:\/\/wp.ufpel.edu.br\/ieeesbufpel\/?page_id=66"},"modified":"2025-09-09T18:48:34","modified_gmt":"2025-09-09T21:48:34","slug":"contato","status":"publish","type":"page","link":"https:\/\/wp.ufpel.edu.br\/ieeesbufpel\/contato\/","title":{"rendered":"Contato"},"content":{"rendered":"<ul>\n<li>Para entrar em contato direto com o comit\u00ea executivo do IEEE Student Branch UFPel, voc\u00ea pode enviar um e-mail:\n<ul>\n<li><strong>ieeesbufpel@inf.ufpel.edu.br<\/strong><\/li>\n<\/ul>\n<\/li>\n<li><strong>Aviso:<\/strong> O endere\u00e7o ieeesbufpel-l@inf.ufpel.edu.br \u00e9 a lista de e-mails de todos os participantes do IEEE Student Branch UFPel, n\u00e3o s\u00f3 o comit\u00ea executivo, mas tamb\u00e9m de todos os demais membros que foram cadastrados \u00e0 lista. S\u00f3 poder\u00e1 mandar e receber mensagens por esta lista quem for adicionado a ela.<\/li>\n<\/ul>\n","protected":false},"excerpt":{"rendered":"<p>Para entrar em contato direto com o comit\u00ea executivo do IEEE Student Branch UFPel, voc\u00ea pode enviar um e-mail: ieeesbufpel@inf.ufpel.edu.br Aviso: O endere\u00e7o ieeesbufpel-l@inf.ufpel.edu.br \u00e9 a lista de e-mails de todos os participantes do IEEE Student Branch UFPel, n\u00e3o s\u00f3&#8230; <a class=\"more-link\" href=\"https:\/\/wp.ufpel.edu.br\/ieeesbufpel\/contato\/\">Continue lendo &rarr;<\/a><\/p>\n","protected":false},"author":1374,"featured_media":0,"parent":0,"menu_order":0,"comment_status":"closed","ping_status":"closed","template":"","meta":{"footnotes":""},"class_list":["post-66","page","type-page","status-publish","hentry"],"_links":{"self":[{"href":"https:\/\/wp.ufpel.edu.br\/ieeesbufpel\/wp-json\/wp\/v2\/pages\/66","targetHints":{"allow":["GET"]}}],"collection":[{"href":"https:\/\/wp.ufpel.edu.br\/ieeesbufpel\/wp-json\/wp\/v2\/pages"}],"about":[{"href":"https:\/\/wp.ufpel.edu.br\/ieeesbufpel\/wp-json\/wp\/v2\/types\/page"}],"author":[{"embeddable":true,"href":"https:\/\/wp.ufpel.edu.br\/ieeesbufpel\/wp-json\/wp\/v2\/users\/1374"}],"replies":[{"embeddable":true,"href":"https:\/\/wp.ufpel.edu.br\/ieeesbufpel\/wp-json\/wp\/v2\/comments?post=66"}],"version-history":[{"count":4,"href":"https:\/\/wp.ufpel.edu.br\/ieeesbufpel\/wp-json\/wp\/v2\/pages\/66\/revisions"}],"predecessor-version":[{"id":593,"href":"https:\/\/wp.ufpel.edu.br\/ieeesbufpel\/wp-json\/wp\/v2\/pages\/66\/revisions\/593"}],"wp:attachment":[{"href":"https:\/\/wp.ufpel.edu.br\/ieeesbufpel\/wp-json\/wp\/v2\/media?parent=66"}],"curies":[{"name":"wp","href":"https:\/\/api.w.org\/{rel}","templated":true}]}}