{"id":529,"date":"2025-08-06T15:00:40","date_gmt":"2025-08-06T18:00:40","guid":{"rendered":"https:\/\/wp.ufpel.edu.br\/ieeesbufpel\/?page_id=529"},"modified":"2025-08-06T15:16:20","modified_gmt":"2025-08-06T18:16:20","slug":"comite-executivo-do-capitulo-estudantil-edsoc","status":"publish","type":"page","link":"https:\/\/wp.ufpel.edu.br\/ieeesbufpel\/comite-executivo-do-capitulo-estudantil-edsoc\/","title":{"rendered":"Comit\u00ea Executivo do Cap\u00edtulo Estudantil EdSoc"},"content":{"rendered":"<p><strong>Gest\u00e3o Atual:<\/strong><\/p>\n<ul>\n<li><strong>Presidente do Cap\u00edtulo EdSoc:<\/strong> J\u00falia Veiga da Silva (Mestrado em Computa\u00e7\u00e3o)\n<ul>\n<li><a href=\"http:\/\/lattes.cnpq.br\/1659217666450637\">Lattes<\/a><\/li>\n<\/ul>\n<\/li>\n<li><strong>Vice Presidente do Cap\u00edtulo EdSoc:<\/strong> Lui Gill Aquini (Mestrado em Computa\u00e7\u00e3o)\n<ul>\n<li><a href=\"http:\/\/lattes.cnpq.br\/5797948523709274\">Lattes<\/a><\/li>\n<\/ul>\n<\/li>\n<li><strong>Conselheiro do Cap\u00edtulo EdSoc: <\/strong>Prof. Dr. Guilherme Ribeiro Corr\u00eaa\n<ul>\n<li><a href=\"http:\/\/lattes.cnpq.br\/1389878856201800\">Lattes<\/a><\/li>\n<\/ul>\n<\/li>\n<\/ul>\n","protected":false},"excerpt":{"rendered":"<p>Gest\u00e3o Atual: Presidente do Cap\u00edtulo EdSoc: J\u00falia Veiga da Silva (Mestrado em Computa\u00e7\u00e3o) Lattes Vice Presidente do Cap\u00edtulo EdSoc: Lui Gill Aquini (Mestrado em Computa\u00e7\u00e3o) Lattes Conselheiro do Cap\u00edtulo EdSoc: Prof. Dr. Guilherme Ribeiro Corr\u00eaa Lattes<\/p>\n","protected":false},"author":1374,"featured_media":0,"parent":0,"menu_order":0,"comment_status":"closed","ping_status":"closed","template":"","meta":{"footnotes":""},"class_list":["post-529","page","type-page","status-publish","hentry"],"_links":{"self":[{"href":"https:\/\/wp.ufpel.edu.br\/ieeesbufpel\/wp-json\/wp\/v2\/pages\/529","targetHints":{"allow":["GET"]}}],"collection":[{"href":"https:\/\/wp.ufpel.edu.br\/ieeesbufpel\/wp-json\/wp\/v2\/pages"}],"about":[{"href":"https:\/\/wp.ufpel.edu.br\/ieeesbufpel\/wp-json\/wp\/v2\/types\/page"}],"author":[{"embeddable":true,"href":"https:\/\/wp.ufpel.edu.br\/ieeesbufpel\/wp-json\/wp\/v2\/users\/1374"}],"replies":[{"embeddable":true,"href":"https:\/\/wp.ufpel.edu.br\/ieeesbufpel\/wp-json\/wp\/v2\/comments?post=529"}],"version-history":[{"count":3,"href":"https:\/\/wp.ufpel.edu.br\/ieeesbufpel\/wp-json\/wp\/v2\/pages\/529\/revisions"}],"predecessor-version":[{"id":543,"href":"https:\/\/wp.ufpel.edu.br\/ieeesbufpel\/wp-json\/wp\/v2\/pages\/529\/revisions\/543"}],"wp:attachment":[{"href":"https:\/\/wp.ufpel.edu.br\/ieeesbufpel\/wp-json\/wp\/v2\/media?parent=529"}],"curies":[{"name":"wp","href":"https:\/\/api.w.org\/{rel}","templated":true}]}}