{"id":420,"date":"2024-12-17T15:00:42","date_gmt":"2024-12-17T18:00:42","guid":{"rendered":"https:\/\/wp.ufpel.edu.br\/ieeesbufpel\/?page_id=420"},"modified":"2025-03-12T20:29:54","modified_gmt":"2025-03-12T23:29:54","slug":"comite-executivo-do-capitulo-estudantil-cass","status":"publish","type":"page","link":"https:\/\/wp.ufpel.edu.br\/ieeesbufpel\/comite-executivo-do-capitulo-estudantil-cass\/","title":{"rendered":"Comit\u00ea Executivo do Cap\u00edtulo Estudantil CASS"},"content":{"rendered":"<p><strong>Gest\u00e3o Atual:<\/strong><\/p>\n<ul>\n<li><strong>Presidente do Cap\u00edtulo CASS:<\/strong> V\u00edtor Silva da Costa (Engenharia de Computa\u00e7\u00e3o)\n<ul>\n<li><a href=\"http:\/\/lattes.cnpq.br\/6912684815596897\">Lattes<\/a><\/li>\n<\/ul>\n<\/li>\n<li><strong>Vice Presidente do Cap\u00edtulo CASS:<\/strong> Ramiro Gomes da Silva Viana (Doutorado em Computa\u00e7\u00e3o)\n<ul>\n<li><a href=\"http:\/\/lattes.cnpq.br\/5361131703414450\">Lattes<\/a><\/li>\n<\/ul>\n<\/li>\n<li><strong>Conselheiro do Cap\u00edtulo CASS:<\/strong> Prof. Dr. Marcelo Schiavon Porto\n<ul>\n<li><a href=\"http:\/\/lattes.cnpq.br\/5741927083446578\">Lattes<\/a><\/li>\n<\/ul>\n<\/li>\n<\/ul>\n","protected":false},"excerpt":{"rendered":"<p>Gest\u00e3o Atual: Presidente do Cap\u00edtulo CASS: V\u00edtor Silva da Costa (Engenharia de Computa\u00e7\u00e3o) Lattes Vice Presidente do Cap\u00edtulo CASS: Ramiro Gomes da Silva Viana (Doutorado em Computa\u00e7\u00e3o) Lattes Conselheiro do Cap\u00edtulo CASS: Prof. Dr. Marcelo Schiavon Porto Lattes<\/p>\n","protected":false},"author":1374,"featured_media":0,"parent":0,"menu_order":0,"comment_status":"closed","ping_status":"closed","template":"","meta":{"footnotes":""},"class_list":["post-420","page","type-page","status-publish","hentry"],"_links":{"self":[{"href":"https:\/\/wp.ufpel.edu.br\/ieeesbufpel\/wp-json\/wp\/v2\/pages\/420","targetHints":{"allow":["GET"]}}],"collection":[{"href":"https:\/\/wp.ufpel.edu.br\/ieeesbufpel\/wp-json\/wp\/v2\/pages"}],"about":[{"href":"https:\/\/wp.ufpel.edu.br\/ieeesbufpel\/wp-json\/wp\/v2\/types\/page"}],"author":[{"embeddable":true,"href":"https:\/\/wp.ufpel.edu.br\/ieeesbufpel\/wp-json\/wp\/v2\/users\/1374"}],"replies":[{"embeddable":true,"href":"https:\/\/wp.ufpel.edu.br\/ieeesbufpel\/wp-json\/wp\/v2\/comments?post=420"}],"version-history":[{"count":6,"href":"https:\/\/wp.ufpel.edu.br\/ieeesbufpel\/wp-json\/wp\/v2\/pages\/420\/revisions"}],"predecessor-version":[{"id":471,"href":"https:\/\/wp.ufpel.edu.br\/ieeesbufpel\/wp-json\/wp\/v2\/pages\/420\/revisions\/471"}],"wp:attachment":[{"href":"https:\/\/wp.ufpel.edu.br\/ieeesbufpel\/wp-json\/wp\/v2\/media?parent=420"}],"curies":[{"name":"wp","href":"https:\/\/api.w.org\/{rel}","templated":true}]}}