{"id":39,"date":"2024-07-03T18:20:31","date_gmt":"2024-07-03T21:20:31","guid":{"rendered":"https:\/\/wp.ufpel.edu.br\/ieeesbufpel\/?page_id=39"},"modified":"2025-05-19T22:41:15","modified_gmt":"2025-05-20T01:41:15","slug":"sociedades-ieee","status":"publish","type":"page","link":"https:\/\/wp.ufpel.edu.br\/ieeesbufpel\/sociedades-ieee\/","title":{"rendered":"Sociedades IEEE"},"content":{"rendered":"<ul>\n<li>IEEE possui diversas sociedades que s\u00e3o subdivis\u00f5es especializadas dentro do IEEE que se concentram em \u00e1reas espec\u00edficas da engenharia, ci\u00eancia e tecnologia.<\/li>\n<li>As sociedades permitem que membros com interesses comuns em determinados campos compartilhem conhecimentos, colaborem em projetos e avancem no desenvolvimento de suas \u00e1reas de especializa\u00e7\u00e3o.<\/li>\n<li>Cada sociedade foca em um campo espec\u00edfico.<\/li>\n<li>Algumas das sociedades IEEE que est\u00e3o relacionadas \u00e0s pesquisas sendo realizadas na UFPel s\u00e3o:\n<ul>\n<li><a href=\"https:\/\/ieee-cas.org\/\">Circuits and Systems Society (CASS)<\/a><\/li>\n<li><a href=\"https:\/\/cis.ieee.org\/\">Computational Intelligence Society (CIS)<\/a><\/li>\n<li><a href=\"https:\/\/www.computer.org\/\">Computer Society (CS)<\/a><\/li>\n<li><a href=\"https:\/\/www.ieeecss.org\/\">Control Systems Society (CSS)<\/a><\/li>\n<li><a href=\"https:\/\/ieee-edusociety.org\/\">Education Society (EdSoc)<\/a><\/li>\n<li><a href=\"https:\/\/www.embs.org\/\">Engineering in Medicine and Biology Society (EMBS)<\/a><\/li>\n<li><a href=\"https:\/\/ias.ieee.org\/\">Industry Applications Society (IAS)<\/a><\/li>\n<li><a href=\"https:\/\/ieee-pes.org\/\">Power &amp; Energy Society (PES)<\/a><\/li>\n<li><a href=\"https:\/\/signalprocessingsociety.org\/\">Signal Processing Society (SPS)<\/a><\/li>\n<\/ul>\n<\/li>\n<li>A lista completa das sociedades IEEE pode ser encontrada no <a href=\"https:\/\/www.ieee.org\/communities\/societies\/index.html\">site IEEE<\/a>.<\/li>\n<\/ul>\n","protected":false},"excerpt":{"rendered":"<p>IEEE possui diversas sociedades que s\u00e3o subdivis\u00f5es especializadas dentro do IEEE que se concentram em \u00e1reas espec\u00edficas da engenharia, ci\u00eancia e tecnologia. As sociedades permitem que membros com interesses comuns em determinados campos compartilhem conhecimentos, colaborem em projetos e avancem&#8230; <a class=\"more-link\" href=\"https:\/\/wp.ufpel.edu.br\/ieeesbufpel\/sociedades-ieee\/\">Continue lendo &rarr;<\/a><\/p>\n","protected":false},"author":1374,"featured_media":0,"parent":0,"menu_order":0,"comment_status":"closed","ping_status":"closed","template":"","meta":{"footnotes":""},"class_list":["post-39","page","type-page","status-publish","hentry"],"_links":{"self":[{"href":"https:\/\/wp.ufpel.edu.br\/ieeesbufpel\/wp-json\/wp\/v2\/pages\/39","targetHints":{"allow":["GET"]}}],"collection":[{"href":"https:\/\/wp.ufpel.edu.br\/ieeesbufpel\/wp-json\/wp\/v2\/pages"}],"about":[{"href":"https:\/\/wp.ufpel.edu.br\/ieeesbufpel\/wp-json\/wp\/v2\/types\/page"}],"author":[{"embeddable":true,"href":"https:\/\/wp.ufpel.edu.br\/ieeesbufpel\/wp-json\/wp\/v2\/users\/1374"}],"replies":[{"embeddable":true,"href":"https:\/\/wp.ufpel.edu.br\/ieeesbufpel\/wp-json\/wp\/v2\/comments?post=39"}],"version-history":[{"count":13,"href":"https:\/\/wp.ufpel.edu.br\/ieeesbufpel\/wp-json\/wp\/v2\/pages\/39\/revisions"}],"predecessor-version":[{"id":506,"href":"https:\/\/wp.ufpel.edu.br\/ieeesbufpel\/wp-json\/wp\/v2\/pages\/39\/revisions\/506"}],"wp:attachment":[{"href":"https:\/\/wp.ufpel.edu.br\/ieeesbufpel\/wp-json\/wp\/v2\/media?parent=39"}],"curies":[{"name":"wp","href":"https:\/\/api.w.org\/{rel}","templated":true}]}}