{"id":229,"date":"2024-08-09T18:10:52","date_gmt":"2024-08-09T21:10:52","guid":{"rendered":"https:\/\/wp.ufpel.edu.br\/ieeesbufpel\/?page_id=229"},"modified":"2025-08-06T15:07:38","modified_gmt":"2025-08-06T18:07:38","slug":"chapters","status":"publish","type":"page","link":"https:\/\/wp.ufpel.edu.br\/ieeesbufpel\/chapters\/","title":{"rendered":"Cap\u00edtulos"},"content":{"rendered":"<p>O Ramo Estudantil possui Cap\u00edtulos espec\u00edficos para algumas sociedades IEEE, sendo respons\u00e1veis pelo contato direto com estas sociedades.<\/p>\n<p>Os Cap\u00edtulos presentes no nosso Ramo Estudantil na UFPel s\u00e3o:<\/p>\n<ul>\n<li><a href=\"https:\/\/wp.ufpel.edu.br\/ieeesbufpel\/chapter-cass\/\">Cap\u00edtulo CASS<\/a><\/li>\n<li><a href=\"https:\/\/wp.ufpel.edu.br\/ieeesbufpel\/chapter-sps\/\">Cap\u00edtulo SPS<\/a><\/li>\n<li><a href=\"https:\/\/wp.ufpel.edu.br\/ieeesbufpel\/capitulo-edsoc\/\">Cap\u00edtulo EdSoc<\/a><\/li>\n<\/ul>\n","protected":false},"excerpt":{"rendered":"<p>O Ramo Estudantil possui Cap\u00edtulos espec\u00edficos para algumas sociedades IEEE, sendo respons\u00e1veis pelo contato direto com estas sociedades. Os Cap\u00edtulos presentes no nosso Ramo Estudantil na UFPel s\u00e3o: Cap\u00edtulo CASS Cap\u00edtulo SPS Cap\u00edtulo EdSoc<\/p>\n","protected":false},"author":1374,"featured_media":0,"parent":0,"menu_order":0,"comment_status":"closed","ping_status":"closed","template":"","meta":{"footnotes":""},"class_list":["post-229","page","type-page","status-publish","hentry"],"_links":{"self":[{"href":"https:\/\/wp.ufpel.edu.br\/ieeesbufpel\/wp-json\/wp\/v2\/pages\/229","targetHints":{"allow":["GET"]}}],"collection":[{"href":"https:\/\/wp.ufpel.edu.br\/ieeesbufpel\/wp-json\/wp\/v2\/pages"}],"about":[{"href":"https:\/\/wp.ufpel.edu.br\/ieeesbufpel\/wp-json\/wp\/v2\/types\/page"}],"author":[{"embeddable":true,"href":"https:\/\/wp.ufpel.edu.br\/ieeesbufpel\/wp-json\/wp\/v2\/users\/1374"}],"replies":[{"embeddable":true,"href":"https:\/\/wp.ufpel.edu.br\/ieeesbufpel\/wp-json\/wp\/v2\/comments?post=229"}],"version-history":[{"count":9,"href":"https:\/\/wp.ufpel.edu.br\/ieeesbufpel\/wp-json\/wp\/v2\/pages\/229\/revisions"}],"predecessor-version":[{"id":539,"href":"https:\/\/wp.ufpel.edu.br\/ieeesbufpel\/wp-json\/wp\/v2\/pages\/229\/revisions\/539"}],"wp:attachment":[{"href":"https:\/\/wp.ufpel.edu.br\/ieeesbufpel\/wp-json\/wp\/v2\/media?parent=229"}],"curies":[{"name":"wp","href":"https:\/\/api.w.org\/{rel}","templated":true}]}}