{"id":195,"date":"2024-08-09T18:13:57","date_gmt":"2024-08-09T21:13:57","guid":{"rendered":"https:\/\/wp.ufpel.edu.br\/ieeesbufpel\/?page_id=195"},"modified":"2024-08-13T16:28:48","modified_gmt":"2024-08-13T19:28:48","slug":"chapter-cass","status":"publish","type":"page","link":"https:\/\/wp.ufpel.edu.br\/ieeesbufpel\/chapter-cass\/","title":{"rendered":"Cap\u00edtulo CASS"},"content":{"rendered":"<p>Cap\u00edtulo da Circuits and Systems Society (CASS) no IEEE Student Branch UFPel.<\/p>\n<ul>\n<li>Este cap\u00edtulo \u00e9 focado na \u00e1rea de Circuitos e Sistemas.<\/li>\n<li>A CASS proporciona mais oportunidades de aux\u00edlios para eventos realizados por ela, tais como:\n<ul>\n<li>IEEE International Symposium on Circuits and Systems (ISCAS)<\/li>\n<li>IEEE CASS Latin American Symposium on Circuits and Systems (LASCAS)<\/li>\n<li>Symposium on Integrated Circuits and Systems Design (SBCCI)<\/li>\n<\/ul>\n<\/li>\n<li>Al\u00e9m disso, o Cap\u00edtulo CASS poder\u00e1 oferecer mais conex\u00f5es com profissionais focados na \u00e1rea de circuitos e sistemas.<\/li>\n<li><a href=\"https:\/\/ieee-cas.org\/\">Site da CASS<\/a><\/li>\n<\/ul>\n","protected":false},"excerpt":{"rendered":"<p>Cap\u00edtulo da Circuits and Systems Society (CASS) no IEEE Student Branch UFPel. Este cap\u00edtulo \u00e9 focado na \u00e1rea de Circuitos e Sistemas. A CASS proporciona mais oportunidades de aux\u00edlios para eventos realizados por ela, tais como: IEEE International Symposium on&#8230; <a class=\"more-link\" href=\"https:\/\/wp.ufpel.edu.br\/ieeesbufpel\/chapter-cass\/\">Continue lendo &rarr;<\/a><\/p>\n","protected":false},"author":1374,"featured_media":0,"parent":0,"menu_order":0,"comment_status":"closed","ping_status":"closed","template":"","meta":{"footnotes":""},"class_list":["post-195","page","type-page","status-publish","hentry"],"_links":{"self":[{"href":"https:\/\/wp.ufpel.edu.br\/ieeesbufpel\/wp-json\/wp\/v2\/pages\/195","targetHints":{"allow":["GET"]}}],"collection":[{"href":"https:\/\/wp.ufpel.edu.br\/ieeesbufpel\/wp-json\/wp\/v2\/pages"}],"about":[{"href":"https:\/\/wp.ufpel.edu.br\/ieeesbufpel\/wp-json\/wp\/v2\/types\/page"}],"author":[{"embeddable":true,"href":"https:\/\/wp.ufpel.edu.br\/ieeesbufpel\/wp-json\/wp\/v2\/users\/1374"}],"replies":[{"embeddable":true,"href":"https:\/\/wp.ufpel.edu.br\/ieeesbufpel\/wp-json\/wp\/v2\/comments?post=195"}],"version-history":[{"count":5,"href":"https:\/\/wp.ufpel.edu.br\/ieeesbufpel\/wp-json\/wp\/v2\/pages\/195\/revisions"}],"predecessor-version":[{"id":252,"href":"https:\/\/wp.ufpel.edu.br\/ieeesbufpel\/wp-json\/wp\/v2\/pages\/195\/revisions\/252"}],"wp:attachment":[{"href":"https:\/\/wp.ufpel.edu.br\/ieeesbufpel\/wp-json\/wp\/v2\/media?parent=195"}],"curies":[{"name":"wp","href":"https:\/\/api.w.org\/{rel}","templated":true}]}}