{"id":14,"date":"2013-09-25T16:20:01","date_gmt":"2013-09-25T19:20:01","guid":{"rendered":"https:\/\/wp.ufpel.edu.br\/inovadora\/?page_id=14"},"modified":"2014-07-07T12:10:33","modified_gmt":"2014-07-07T15:10:33","slug":"premio","status":"publish","type":"page","link":"https:\/\/wp.ufpel.edu.br\/ideiasinovadoras\/premio\/","title":{"rendered":"Pr\u00eamios"},"content":{"rendered":"<p>Ser\u00e3o premiadas as tr\u00eas melhores propostas de cada categoria conforme abaixo. A Ideia Inovadora (em ambas as categorias) com maior vota\u00e7\u00e3o do p\u00fablico pela internet receber\u00e1 men\u00e7\u00e3o honrosa.<\/p>\n<p><strong>\u00a0<\/strong><strong>Categoria Externa:<\/strong><\/p>\n<p><strong>1\u00ba pr\u00eamio:<\/strong> 3 di\u00e1rias + passagens para participar de evento nacional de empreendedorismo e inova\u00e7\u00e3o.<\/p>\n<p><strong>2\u00ba pr\u00eamio:<\/strong> 3 di\u00e1rias + passagens para participar de evento estadual de empreendedorismo e inova\u00e7\u00e3o.<\/p>\n<p><strong>3\u00ba pr\u00eamio<\/strong>: 1 di\u00e1rias + passagens para participar de evento estadual de empreendedorismo e inova\u00e7\u00e3o.<\/p>\n<hr \/>\n<p><strong>Categoria Interna:<\/strong><\/p>\n<p><strong>1\u00ba pr\u00eamio<\/strong>: 3 di\u00e1rias + passagens de abrang\u00eancia nacional para realizar curso\/evento\/visita t\u00e9cnica na \u00e1rea de gest\u00e3o e\/ou qualifica\u00e7\u00e3o profissional.<\/p>\n<p><strong>2\u00ba pr\u00eamio<\/strong>: 3 di\u00e1rias + passagens de abrang\u00eancia estadual para realizar curso\/evento\/visita t\u00e9cnica na \u00e1rea gest\u00e3o e\/ou qualifica\u00e7\u00e3o profissional.<\/p>\n<p><strong>3\u00ba pr\u00eamio<\/strong>: 1 di\u00e1rias + passagens de abrang\u00eancia estadual para realizar curso\/evento\/visita t\u00e9cnica na \u00e1rea de gest\u00e3o e\/ou qualifica\u00e7\u00e3o profissional.<\/p>\n","protected":false},"excerpt":{"rendered":"<p>Ser\u00e3o premiadas as tr\u00eas melhores propostas de cada categoria conforme abaixo. A Ideia Inovadora (em ambas as categorias) com maior vota\u00e7\u00e3o do p\u00fablico pela internet receber\u00e1 men\u00e7\u00e3o honrosa. \u00a0Categoria Externa: 1\u00ba pr\u00eamio: 3 di\u00e1rias + passagens para participar de evento nacional de empreendedorismo e inova\u00e7\u00e3o. 2\u00ba pr\u00eamio: 3 di\u00e1rias + passagens para participar de evento &hellip; <\/p>\n<p><a class=\"more-link btn\" href=\"https:\/\/wp.ufpel.edu.br\/ideiasinovadoras\/premio\/\">Continue lendo<\/a><\/p>\n","protected":false},"author":313,"featured_media":0,"parent":0,"menu_order":0,"comment_status":"closed","ping_status":"closed","template":"","meta":{"footnotes":""},"class_list":["post-14","page","type-page","status-publish","hentry","nodate","item-wrap"],"_links":{"self":[{"href":"https:\/\/wp.ufpel.edu.br\/ideiasinovadoras\/wp-json\/wp\/v2\/pages\/14","targetHints":{"allow":["GET"]}}],"collection":[{"href":"https:\/\/wp.ufpel.edu.br\/ideiasinovadoras\/wp-json\/wp\/v2\/pages"}],"about":[{"href":"https:\/\/wp.ufpel.edu.br\/ideiasinovadoras\/wp-json\/wp\/v2\/types\/page"}],"author":[{"embeddable":true,"href":"https:\/\/wp.ufpel.edu.br\/ideiasinovadoras\/wp-json\/wp\/v2\/users\/313"}],"replies":[{"embeddable":true,"href":"https:\/\/wp.ufpel.edu.br\/ideiasinovadoras\/wp-json\/wp\/v2\/comments?post=14"}],"version-history":[{"count":11,"href":"https:\/\/wp.ufpel.edu.br\/ideiasinovadoras\/wp-json\/wp\/v2\/pages\/14\/revisions"}],"predecessor-version":[{"id":166,"href":"https:\/\/wp.ufpel.edu.br\/ideiasinovadoras\/wp-json\/wp\/v2\/pages\/14\/revisions\/166"}],"wp:attachment":[{"href":"https:\/\/wp.ufpel.edu.br\/ideiasinovadoras\/wp-json\/wp\/v2\/media?parent=14"}],"curies":[{"name":"wp","href":"https:\/\/api.w.org\/{rel}","templated":true}]}}