{"id":79,"date":"2017-05-15T21:06:00","date_gmt":"2017-05-16T00:06:00","guid":{"rendered":"https:\/\/wp.ufpel.edu.br\/idad\/?page_id=79"},"modified":"2026-03-27T19:47:04","modified_gmt":"2026-03-27T22:47:04","slug":"pesquisas-em-andamento","status":"publish","type":"page","link":"https:\/\/wp.ufpel.edu.br\/idad\/pesquisas\/pesquisas-em-andamento\/","title":{"rendered":"Pesquisas em andamento"},"content":{"rendered":"<p style=\"text-align: center;\"><span style=\"color: #000000;\">PESQUISA GERAL<\/span><\/p>\n<p><span style=\"color: #000000;\">T\u00edtulo: Populismos contempor\u00e2neos: compreens\u00f5es a partir da an\u00e1lise de discurso de Laclau e Mouffe<\/span><\/p>\n<p><span style=\"color: #000000;\">Coordenadores: Bianca de Freitas Linhares e Daniel de Mendon\u00e7a<\/span><\/p>\n<p><span style=\"color: #000000;\">Resumo: A pesquisa visa compreender as constru\u00e7\u00f5es populistas que t\u00eam emergido nos \u00faltimos anos em diversas partes do globo. Com base em um arcabou\u00e7o te\u00f3rico contempor\u00e2neo, entende-se que n\u00e3o h\u00e1 populismo (no singular), mas populismos que se diferenciam, fundamentalmente, em termos ideol\u00f3gicos embora essa compreens\u00e3o n\u00e3o esgote as distin\u00e7\u00f5es entre os populismos que se apresentam hoje, e mesmo os que vigoraram em outros momentos. \u00c9 no sentido de buscar entendimento mais completo e complexo desse fen\u00f4meno, suas causas e consequ\u00eancias, que a pesquisa se desenvolve.<\/span><\/p>\n<p>&nbsp;<\/p>\n<p style=\"text-align: center;\"><span style=\"color: #000000;\">PESQUISAS DISCENTES<\/span><\/p>\n<hr \/>\n<div>T\u00edtulo: Tijolos s\u00e3o discursos: uma an\u00e1lise do \u00e1lbum The Wall (1979) de Pink Floyd baseada na teoria de Laclau e Mouffe<\/div>\n<div><\/div>\n<div>Pesquisadora: Laura Silva Costa<\/div>\n<div><\/div>\n<div>Resumo: O presente trabalho tem por objetivo analisar o \u00e1lbum The Wall, lan\u00e7ado em 1979, pela banda brit\u00e2nica Pink Floyd, como um objeto de discurso pol\u00edtico. Ancorada pela teoria do discurso de Ernesto Laclau e Chantal Mouffe, a pesquisa investiga os elementos articulat\u00f3rios que formam o discurso do \u00e1lbum, a partir de uma perspectiva p\u00f3s-estruturalista e p\u00f3s-marxista desenvolvida pelos autores. O \u00e1lbum, que aborda uma diversidade de cr\u00edticas ao autoritarismo, \u00e0 aliena\u00e7\u00e3o, \u00e0 viol\u00eancia estatal e \u00e0 opress\u00e3o, re\u00fane um conjunto de elementos que se articulam entre si, dentro de toda sua narrativa, sendo capaz de produzir sentido e, consequentemente, um discurso. Tais elementos cr\u00edticos do \u00e1lbum resultam de processos pol\u00edtico-sociais vivenciados pelo grupo e, em espec\u00edfico, pelo baixista Roger Waters durante o per\u00edodo em que a obra foi constru\u00edda, sendo uma narrativa autobiogr\u00e1fica de momentos hist\u00f3ricos que produziram condi\u00e7\u00f5es de emerg\u00eancia, culminando na cria\u00e7\u00e3o do muro metaf\u00f3rico expresso em The Wall. No entanto, a partir de uma an\u00e1lise qualitativa dos dados e da diversidade de conceitos-chave da teoria do discurso, que buscam embasar o estudo, o cerne da pesquisa est\u00e1 em analisar cada elemento produtor de sentido existente na obra, sob a perspectiva de que um produto cultural, dentro da Ci\u00eancia Pol\u00edtica e, mais especificamente, a partir da \u00f3tica laclauniana, contribui para ampliar o teor epistemol\u00f3gico da \u00e1rea como um objeto capaz de produzir um discurso pol\u00edtico e incentivar o pensamento cr\u00edtico social.<\/div>\n<div><\/div>\n<p><span style=\"color: #000000;\">T\u00edtulo:\u00a0A constru\u00e7\u00e3o do Discurso sobre a transi\u00e7\u00e3o energ\u00e9tica no Governo Lula da (2023-PATEN) sob a perspectiva de Laclau<\/span><\/p>\n<p><span style=\"color: #000000;\">Pesquisador: Caio Menezes dos Santos<\/span><\/p>\n<p><span style=\"color: #000000;\">Resumo: A presente pesquisa tem como foco compreender o discurso sobre a transi\u00e7\u00e3o energ\u00e9tica no Brasil, considerando os pronunciamentos realizados por Luiz In\u00e1cio Lula da Silva no \u00e2mbito internacional. Durante a campanha para o Executivo nacional em 2022, o ent\u00e3o candidato Lula apontou como meta realizar a transi\u00e7\u00e3o da matriz energ\u00e9tica brasileira para uma energia sustent\u00e1vel, sendo esse compromisso novamente assumido ap\u00f3s o pleito que consagrou sua vit\u00f3ria. Contudo, um conjunto de a\u00e7\u00f5es colocam em questionamento o compromisso assumido por Lula para seu terceiro governo. Sendo assim, esse trabalho prop\u00f5e a se buscar como a transi\u00e7\u00e3o energ\u00e9tica \u00e9 significada no discurso de Luiz Inacio Lula da Silva em seu terceiro governo. Sendo utilizado como referencial te\u00f3rico-metodol\u00f3gico a teoria do discurso proposta por Ernesto Laclau e Chantal Mouffe.<\/span><\/p>\n<p>&nbsp;<\/p>\n<p><span style=\"color: #000000;\">T\u00edtulo: O conceito de povo na Am\u00e9rica do Sul: uma an\u00e1lise dos discursos pol\u00edticos dos presidentes da Argentina, Brasil e Venezuela<\/span><\/p>\n<p><span style=\"color: #000000;\">Pesquisadora: Renata da Silva<\/span><\/p>\n<p><span style=\"color: #000000;\">Resumo: Desde a chega de Hugo Ch\u00e1vez \u00e0 presid\u00eancia da Venezuela em 1999, os pa\u00edses da Am\u00e9rica do Sul tiveram diferentes l\u00edderes pol\u00edticos de esquerda assumindo o cargo de presidente dos pa\u00edses. Por\u00e9m, com as demandas que o contexto neoliberal exigia, a esquerda sul-americana foi perdendo espa\u00e7o nos anos seguintes, sendo substitu\u00eddas por sujeitos pol\u00edticos com medidas econ\u00f4micas e pol\u00edticas neoliberais. Ao final da d\u00e9cada de 2010, esse cen\u00e1rio se altera novamente com a esquerda retomando ao poder na Am\u00e9rica do Sul, colocando de volta o povo em seus discursos. Nesse sentido, essa pesquisa tem como objetivo compreender as novas identidades da esquerda sul-americana e suas especifica\u00e7\u00f5es no contexto neoliberal. Para isso, se tem como objeto de an\u00e1lise os discursos de campanha dos presidentes da Argentina, com Alberto Fern\u00e1ndez em 2019, do Brasil, com Lu\u00eds In\u00e1cio Lula da Silva em 2022, e da Venezuela, com Nicol\u00e1s Maduro em 2018.\u00a0<\/span><\/p>\n<p>&nbsp;<\/p>\n<p><span style=\"color: #000000;\">T\u00edtulo: Do bolsonarismo para o lulismo: a viragem da agenda ambiental entre populismos<\/span><\/p>\n<p><span style=\"color: #000000;\">Pesquisador: Lucas Garcia da Silva<\/span><\/p>\n<p><span style=\"color: #000000;\">Resumo: O projeto de tese busca investigar as rela\u00e7\u00f5es pol\u00edticas na esfera federal que emergem da viragem do populismo bolsonarista para o populismo lulista, com foco na agenda ambiental. Nos \u00faltimos anos, o ressurgimento de pol\u00edticos que desafiam as pr\u00e1ticas das democracias liberais t\u00eam impulsionado novos estudos sobre o populismo. Contudo, muitos desses estudos abordam o fen\u00f4meno de maneira inadequada, tratando-o como uma anomalia. Este trabalho prop\u00f5e uma perspectiva diferente, compreendendo o populismo como uma constru\u00e7\u00e3o pol\u00edtica que se baseia na articula\u00e7\u00e3o discursiva de um &#8220;povo&#8221; contra um antagonista. Com esse enfoque, a pesquisa busca entender as din\u00e2micas e as consequ\u00eancias de experi\u00eancia populista a partir dos casos brasileiros, especificamente a transi\u00e7\u00e3o do governo de extrema direita de Jair Bolsonaro para o governo de esquerda de Lula da Silva, tendo como foco de an\u00e1lise principal a agenda ambiental dos dois governos.<\/span><\/p>\n<p>&nbsp;<\/p>\n<p style=\"font-weight: 400;\">T\u00edtulo: Rumo a uma democracia radical ambiental<\/p>\n<p style=\"font-weight: 400;\">Pesquisador: Lucas Antonio Penna Rey<\/p>\n<p style=\"font-weight: 400;\">Resumo: O estudo parte das crises ambiental e democr\u00e1tica, procurando compreender as bases e conex\u00f5es entre elas. Inspirada em ideias p\u00f3s-estruturalistas e p\u00f3s-fundacionalistas \u2013 em especial nas cr\u00edticas desconstrucionistas de Jacques Derrida e na Teoria do Discurso de Ernesto Laclau e Chantal Mouffe \u2013 e em ontologias de saberes tradicionais \u2013 como as relacionais amer\u00edndias e as quilombolas \u2013, defende-se que ambas as crises s\u00e3o reflexo de uma crise dos fundamentos da Modernidade. Deste modo, a pesquisa prop\u00f5e uma democracia radical ambiental, a partir da ideia de que um <em>demos <\/em>contempor\u00e2neo, enquanto parcela oprimida por uma oligarquia neoliberal, n\u00e3o \u00e9 composto apenas por Humanos, contudo por viventes.<\/p>\n<p>&nbsp;<\/p>\n<p>&nbsp;<\/p>\n<p>&nbsp;<\/p>\n<p>&nbsp;<\/p>\n<p>&nbsp;<\/p>\n<p><span style=\"color: #000000;\"><b>\u00a0<\/b><\/span><\/p>\n","protected":false},"excerpt":{"rendered":"<p>PESQUISA GERAL T\u00edtulo: Populismos contempor\u00e2neos: compreens\u00f5es a partir da an\u00e1lise de discurso de Laclau e Mouffe Coordenadores: Bianca de Freitas Linhares e Daniel de Mendon\u00e7a Resumo: A pesquisa visa compreender as constru\u00e7\u00f5es populistas que t\u00eam emergido nos \u00faltimos anos em diversas partes do globo. Com base em um arcabou\u00e7o te\u00f3rico contempor\u00e2neo, entende-se que n\u00e3o h\u00e1 [&hellip;]<\/p>\n","protected":false},"author":689,"featured_media":0,"parent":14,"menu_order":0,"comment_status":"closed","ping_status":"closed","template":"","meta":{"advanced_seo_description":"","jetpack_seo_html_title":"","jetpack_seo_noindex":false,"footnotes":""},"class_list":["post-79","page","type-page","status-publish","hentry"],"jetpack_sharing_enabled":true,"jetpack_shortlink":"https:\/\/wp.me\/PgDXwR-1h","_links":{"self":[{"href":"https:\/\/wp.ufpel.edu.br\/idad\/wp-json\/wp\/v2\/pages\/79","targetHints":{"allow":["GET"]}}],"collection":[{"href":"https:\/\/wp.ufpel.edu.br\/idad\/wp-json\/wp\/v2\/pages"}],"about":[{"href":"https:\/\/wp.ufpel.edu.br\/idad\/wp-json\/wp\/v2\/types\/page"}],"author":[{"embeddable":true,"href":"https:\/\/wp.ufpel.edu.br\/idad\/wp-json\/wp\/v2\/users\/689"}],"replies":[{"embeddable":true,"href":"https:\/\/wp.ufpel.edu.br\/idad\/wp-json\/wp\/v2\/comments?post=79"}],"version-history":[{"count":4,"href":"https:\/\/wp.ufpel.edu.br\/idad\/wp-json\/wp\/v2\/pages\/79\/revisions"}],"predecessor-version":[{"id":1334,"href":"https:\/\/wp.ufpel.edu.br\/idad\/wp-json\/wp\/v2\/pages\/79\/revisions\/1334"}],"up":[{"embeddable":true,"href":"https:\/\/wp.ufpel.edu.br\/idad\/wp-json\/wp\/v2\/pages\/14"}],"wp:attachment":[{"href":"https:\/\/wp.ufpel.edu.br\/idad\/wp-json\/wp\/v2\/media?parent=79"}],"curies":[{"name":"wp","href":"https:\/\/api.w.org\/{rel}","templated":true}]}}