{"id":63,"date":"2017-05-14T22:34:58","date_gmt":"2017-05-15T01:34:58","guid":{"rendered":"https:\/\/wp.ufpel.edu.br\/idad\/?page_id=63"},"modified":"2025-12-19T10:46:57","modified_gmt":"2025-12-19T13:46:57","slug":"destaques-e-premiacoes","status":"publish","type":"page","link":"https:\/\/wp.ufpel.edu.br\/idad\/destaques-e-premiacoes\/","title":{"rendered":"Destaques e Premia\u00e7\u00f5es"},"content":{"rendered":"<p style=\"text-align: center;\"><strong>2025<\/strong><\/p>\n<p><em><strong><span style=\"color: #000000;\">Renata da Silva<\/span><\/strong><\/em><br \/>\n<span style=\"color: #000000;\">II Semin\u00e1rio Discente do Programa de P\u00f3s-Gradua\u00e7\u00e3o em Ci\u00eancia Pol\u00edtica da UFPel<br \/>\nTrabalho: A constru\u00e7\u00e3o do povo uruguaio: o discurso eleitoral de Yamand\u00fa Orsi em 2024<br \/>\nDestaque do GT &#8220;Teorias Pol\u00edticas Contempor\u00e2neas e o Debate das Democracias&#8221;<\/span><\/p>\n<p><em><strong><span style=\"color: #000000;\">Lucas Ant\u00f4nio Penna Rey<\/span><\/strong><\/em><br \/>\n<span style=\"color: #000000;\">XI Semana Integrada de Inova\u00e7\u00e3o, Ensino, Pesquisa e Extens\u00e3o (SIIEPE) da UFPel<br \/>\nXXVII Encontro de P\u00f3s-Gradua\u00e7\u00e3o\/UFPel<br \/>\nTrabalho: Endemonizar a democracia: esbo\u00e7o de uma ideia para adiar o fim do mundo<br \/>\nDestaque de Sess\u00e3o<br \/>\n<\/span><\/p>\n<p><em><strong><span style=\"color: #000000;\">Thales Morbach Lange<\/span><\/strong><\/em><br \/>\n<span style=\"color: #000000;\">XI Semana Integrada de Inova\u00e7\u00e3o, Ensino, Pesquisa e Extens\u00e3o (SIIEPE) da UFPel<\/span><br \/>\n<span style=\"color: #000000;\">XXXIV Congresso de Inicia\u00e7\u00e3o Cient\u00edfica\/UFPel<br \/>\nTrabalho: A constru\u00e7\u00e3o do outsider: an\u00e1lise do discurso eleitoral de Marciano Perondi nas elei\u00e7\u00f5es municipais de 2024 em Pelotas (RS)<br \/>\nDestaque de Sess\u00e3o<br \/>\n<\/span><\/p>\n<p><em><strong><span style=\"color: #000000;\">Thales Morbach Lange<\/span><\/strong><\/em><br \/>\n<span style=\"color: #000000;\">XI Semana Integrada de Inova\u00e7\u00e3o, Ensino, Pesquisa e Extens\u00e3o (SIIEPE) da UFPel<\/span><br \/>\n<span style=\"color: #000000;\">IX Congresso de Inova\u00e7\u00e3o Tecnol\u00f3gica\/UFPel<br \/>\nTrabalho: Redes Sociais, pesquisa cr\u00edtica e autonomia tecnol\u00f3gica: o projeto InstaData<br \/>\nDestaque de Sess\u00e3o<br \/>\n<\/span><\/p>\n<p>&nbsp;<\/p>\n<p style=\"text-align: center;\"><strong>2024<\/strong><\/p>\n<p><em><strong><span style=\"color: #000000;\">Laura da Silva Rhoden Machado<\/span><br \/>\n<\/strong><\/em><span style=\"color: #000000;\">X Semana Integrada de Inova\u00e7\u00e3o, Ensino, Pesquisa e Extens\u00e3o (SIIEPE) da UFPel<br \/>\nXXXIII Congresso de Inicia\u00e7\u00e3o Cient\u00edfica\/UFPel<br \/>\nTrabalho: An\u00e1lise do discurso de Donald Trump no debate presidencial norte-americano de 2024<br \/>\nDestaque de Sess\u00e3o<br \/>\n<\/span><\/p>\n<p>&nbsp;<\/p>\n<p style=\"text-align: center;\"><strong>2023<\/strong><\/p>\n<p><em><strong><span style=\"color: #000000;\">Beatriz Franco Pereira do Vale<\/span><\/strong><\/em><br \/>\n<span style=\"color: #000000;\">IX Semana Integrada de Inova\u00e7\u00e3o, Ensino, Pesquisa e Extens\u00e3o (SIIEPE) da UFPel<\/span><br \/>\n<span style=\"color: #000000;\">XXV Encontro de P\u00f3s-Gradua\u00e7\u00e3o\/UFPel<\/span><br \/>\n<span style=\"color: #000000;\">Trabalho: A apropria\u00e7\u00e3o de s\u00edmbolos nacionais pelo bolsonarismo: resultados de uma disserta\u00e7\u00e3o de mestrado<\/span><br \/>\n<span style=\"color: #000000;\">Destaque de Sess\u00e3o<\/span><\/p>\n<p style=\"text-align: center;\"><strong>2018<\/strong><\/p>\n<p><span style=\"color: #000000;\"><em><strong>Daniel de Mendon\u00e7a<\/strong><\/em><\/span><br \/>\n<span style=\"color: #000000;\">11. Encontro da ABCP<\/span><br \/>\n<span style=\"color: #000000;\">Livro: 1961-1964: a ditadura brasileira em dois golpes. Curitiba: Editora Appris, 2017.<\/span><br \/>\n<span style=\"color: #000000;\">Pr\u00eamio Victor Nunes Leal, 2. lugar &#8211; Melhor livro<\/span><\/p>\n<p><span style=\"color: #000000;\"><em><strong>Amanda Albuquerque Peres<\/strong><\/em><\/span><br \/>\n<span style=\"color: #000000;\">IV Semana Integrada de Ensino, Pesquisa e Extens\u00e3o (Siepe) da UFPel.<\/span><br \/>\n<span style=\"color: #000000;\">XXVII Congresso de Inicia\u00e7\u00e3o Cient\u00edfica.<\/span><br \/>\n<span style=\"color: #000000;\">Trabalho: Breve an\u00e1lise acerca da significa\u00e7\u00e3o atribu\u00edda pelos deputados brasileiros \u00e0 Proposta de Emenda \u00e0 Constitui\u00e7\u00e3o n\u00ba 241<\/span><br \/>\n<span style=\"color: #000000;\">Destaque de Sess\u00e3o<\/span><\/p>\n<p><span style=\"color: #000000;\"><em><strong>Sandra Barbosa Parzianello<\/strong><\/em><\/span><br \/>\n<span style=\"color: #000000;\">IV Semana Integrada de Ensino, Pesquisa e Extens\u00e3o (Siepe) da UFPel.<\/span><br \/>\n<span style=\"color: #000000;\">XX Encontro da P\u00f3s-Gradua\u00e7\u00e3o\/UFPel<\/span><br \/>\n<span style=\"color: #000000;\">Trabalho: O populismo como discurso pol\u00edtico na Argentina e no Brasil<\/span><br \/>\n<span style=\"color: #000000;\">Destaque de Sess\u00e3o\u00a0<\/span><\/p>\n<p>&nbsp;<\/p>\n<p style=\"text-align: center;\"><span style=\"color: #000000;\"><strong>2016<\/strong><\/span><\/p>\n<p><span style=\"color: #000000;\"><em><strong>Mariele Afonso Domingues<\/strong><\/em><\/span><br \/>\n<span style=\"color: #000000;\"> II Semana Integrada de Ensino, Pesquisa e Extens\u00e3o (Siepe) da UFPel.\u00a0XXV Congresso de Inicia\u00e7\u00e3o Cient\u00edfica.<\/span><br \/>\n<span style=\"color: #000000;\"> Trabalho: <em>Uma an\u00e1lise dos discursos do processo de impeachment contra a Presidenta\u00a0Dilma Rousseff<\/em><\/span><br \/>\n<span style=\"color: #000000;\"> 1\u00b0 Lugar na \u00e1rea de Ci\u00eancias Humanas<\/span><br \/>\n<span style=\"color: #000000;\"> Destaque de Sess\u00e3o<\/span><\/p>\n<p><span style=\"color: #000000;\"><em><strong>Michele Diana da Luz<\/strong><\/em><\/span><br \/>\n<span style=\"color: #000000;\"> II Semana Integrada de Ensino, Pesquisa e Extens\u00e3o (Siepe) da UFPel.\u00a0XVIII Encontro de P\u00f3s-Gradua\u00e7\u00e3o.<\/span><br \/>\n<span style=\"color: #000000;\"> Trabalho: <em>Combate \u00e0s desigualdades e ideologia: o debate parlamentar no primeiro\u00a0mandato de Luiz In\u00e1cio Lula da Silva (2003-2006)<\/em><\/span><br \/>\n<span style=\"color: #000000;\"> Destaque de Sess\u00e3o<\/span><\/p>\n<p style=\"text-align: center;\"><span style=\"color: #000000;\"><strong>2015<\/strong><\/span><\/p>\n<p><span style=\"color: #000000;\"><em><strong>Michele Diana da Luz<\/strong><\/em><\/span><br \/>\n<span style=\"color: #000000;\"> Universidade Federal de Pelotas.<\/span><br \/>\n<span style=\"color: #000000;\"> Men\u00e7\u00e3o Honrosa &#8211; 1\u00ba Lugar no Curso de Ci\u00eancias Sociais (Bacharelado), turma 2011-2014<\/span><\/p>\n<p style=\"text-align: center;\"><span style=\"color: #000000;\"><strong>2014<\/strong><\/span><\/p>\n<p><span style=\"color: #000000;\"><em><strong>Larissa Russo Gon\u00e7alves<\/strong><\/em><\/span><br \/>\n<span style=\"color: #000000;\"> XXIII Congresso de Inicia\u00e7\u00e3o Cient\u00edfica da\u00a0UFPel.<\/span><br \/>\n<span style=\"color: #000000;\"> Trabalho: <em>Concep\u00e7\u00f5es acerca dos sentidos de ideologia para pensar uma nova classifica\u00e7\u00e3o ideol\u00f3gica dos partidos pol\u00edticos brasileiros<\/em><\/span><br \/>\n<span style=\"color: #000000;\"> 2\u00ba Lugar na \u00e1rea de Ci\u00eancias Humanas<\/span><br \/>\n<span style=\"color: #000000;\"> Destaque de sess\u00e3o<\/span><\/p>\n<p><span style=\"color: #000000;\"><em><strong>Michele Diana da Luz<\/strong><\/em><\/span><br \/>\n<span style=\"color: #000000;\"> XXIII Congresso de Inicia\u00e7\u00e3o Cient\u00edfica da UFPel.<\/span><br \/>\n<span style=\"color: #000000;\"> Trabalho: <em>Di\u00e1logos de surdos? Uma an\u00e1lise ideol\u00f3gica dos sentidos de democracia\u00a0segundo os partidos pol\u00edticos brasileiros<\/em><\/span><br \/>\n<span style=\"color: #000000;\"> Destaque de Sess\u00e3o<\/span><\/p>\n<p style=\"text-align: center;\"><span style=\"color: #000000;\"><strong>2013<\/strong><\/span><\/p>\n<p><span style=\"color: #000000;\"><em><strong>Michele Diana da Luz<\/strong><\/em><\/span><br \/>\n<span style=\"color: #000000;\"> XXII Congresso de Inicia\u00e7\u00e3o Cient\u00edfica da UFPel.<\/span><br \/>\n<span style=\"color: #000000;\"> Trabalho: <em>A classifica\u00e7\u00e3o partid\u00e1ria brasileira: uma proposta a partir da significa\u00e7\u00e3o\u00a0ideol\u00f3gica de direita<\/em><\/span><br \/>\n<span style=\"color: #000000;\"> 3\u00ba Lugar na \u00e1rea de Ci\u00eancias Humanas<\/span><br \/>\n<span style=\"color: #000000;\"> Destaque de Sess\u00e3o<\/span><\/p>\n","protected":false},"excerpt":{"rendered":"<p>2025 Renata da Silva II Semin\u00e1rio Discente do Programa de P\u00f3s-Gradua\u00e7\u00e3o em Ci\u00eancia Pol\u00edtica da UFPel Trabalho: A constru\u00e7\u00e3o do povo uruguaio: o discurso eleitoral de Yamand\u00fa Orsi em 2024 Destaque do GT &#8220;Teorias Pol\u00edticas Contempor\u00e2neas e o Debate das Democracias&#8221; Lucas Ant\u00f4nio Penna Rey XI Semana Integrada de Inova\u00e7\u00e3o, Ensino, Pesquisa e Extens\u00e3o (SIIEPE) [&hellip;]<\/p>\n","protected":false},"author":689,"featured_media":0,"parent":0,"menu_order":0,"comment_status":"closed","ping_status":"closed","template":"","meta":{"advanced_seo_description":"","jetpack_seo_html_title":"","jetpack_seo_noindex":false,"footnotes":""},"class_list":["post-63","page","type-page","status-publish","hentry"],"jetpack_sharing_enabled":true,"jetpack_shortlink":"https:\/\/wp.me\/PgDXwR-11","_links":{"self":[{"href":"https:\/\/wp.ufpel.edu.br\/idad\/wp-json\/wp\/v2\/pages\/63","targetHints":{"allow":["GET"]}}],"collection":[{"href":"https:\/\/wp.ufpel.edu.br\/idad\/wp-json\/wp\/v2\/pages"}],"about":[{"href":"https:\/\/wp.ufpel.edu.br\/idad\/wp-json\/wp\/v2\/types\/page"}],"author":[{"embeddable":true,"href":"https:\/\/wp.ufpel.edu.br\/idad\/wp-json\/wp\/v2\/users\/689"}],"replies":[{"embeddable":true,"href":"https:\/\/wp.ufpel.edu.br\/idad\/wp-json\/wp\/v2\/comments?post=63"}],"version-history":[{"count":4,"href":"https:\/\/wp.ufpel.edu.br\/idad\/wp-json\/wp\/v2\/pages\/63\/revisions"}],"predecessor-version":[{"id":1303,"href":"https:\/\/wp.ufpel.edu.br\/idad\/wp-json\/wp\/v2\/pages\/63\/revisions\/1303"}],"wp:attachment":[{"href":"https:\/\/wp.ufpel.edu.br\/idad\/wp-json\/wp\/v2\/media?parent=63"}],"curies":[{"name":"wp","href":"https:\/\/api.w.org\/{rel}","templated":true}]}}