{"id":1164,"date":"2025-08-02T23:59:03","date_gmt":"2025-08-03T02:59:03","guid":{"rendered":"https:\/\/wp.ufpel.edu.br\/idad\/?page_id=1164"},"modified":"2026-03-27T19:56:47","modified_gmt":"2026-03-27T22:56:47","slug":"equipe","status":"publish","type":"page","link":"https:\/\/wp.ufpel.edu.br\/idad\/equipe\/","title":{"rendered":"Quem somos"},"content":{"rendered":"<p style=\"text-align: justify;\"><span style=\"color: #000000; font-family: tahoma, arial, helvetica, sans-serif; font-size: 18pt;\"><strong>Bianca de Freitas Linhares<\/strong><\/span><br \/>\n<span style=\"color: #000000;\"> <img class=\"wp-image-1166 alignleft\" src=\"https:\/\/wp.ufpel.edu.br\/idad\/files\/2025\/08\/bianca.png\" alt=\"\" width=\"150\" height=\"150\" srcset=\"https:\/\/wp.ufpel.edu.br\/idad\/files\/2025\/08\/bianca.png 400w, https:\/\/wp.ufpel.edu.br\/idad\/files\/2025\/08\/bianca-200x200.png 200w\" sizes=\"(max-width: 150px) 100vw, 150px\" \/>Doutora em Ci\u00eancia Pol\u00edtica (UFRGS). Gradua\u00e7\u00e3o (bacharelado e licenciatura) em Ci\u00eancias Sociais (2003) e Mestrado em Ci\u00eancia Pol\u00edtica (2006) pela Universidade Federal do Rio Grande do Sul. \u00c9 professora Associada do Departamento de Sociologia e Pol\u00edtica e do Programa de P\u00f3s-Gradua\u00e7\u00e3o em Ci\u00eancia Pol\u00edtica (PPGCPol) da UFPel.<\/span><\/p>\n<p><img class=\"alignnone size-full wp-image-1196\" src=\"https:\/\/wp.ufpel.edu.br\/idad\/files\/2025\/08\/icone_lattes.gif\" alt=\"\" width=\"17\" height=\"16\" \/> <a href=\"http:\/\/lattes.cnpq.br\/7261471162878192\">Lattes<\/a> \u00a0<img class=\"alignnone size-full wp-image-1200\" src=\"https:\/\/wp.ufpel.edu.br\/idad\/files\/2025\/08\/ORCIDiD_icon16x16.png\" alt=\"\" width=\"16\" height=\"16\" \/>\u00a0<a style=\"font-family: var(--fonte-corpo);\" href=\"https:\/\/orcid.org\/0000-0002-0009-214X\">Orcid<\/a><\/p>\n<hr \/>\n<p><span style=\"font-family: tahoma, arial, helvetica, sans-serif; font-size: 18pt;\"><strong><span style=\"color: #000000;\">Caio Menezes dos Santos<\/span><\/strong><\/span><br \/>\n<span style=\"color: #000000;\"><img class=\"wp-image-1080 alignleft\" src=\"https:\/\/wp.ufpel.edu.br\/idad\/files\/2025\/07\/caio-400x400.jpg\" alt=\"\" width=\"150\" height=\"150\" srcset=\"https:\/\/wp.ufpel.edu.br\/idad\/files\/2025\/07\/caio-400x400.jpg 400w, https:\/\/wp.ufpel.edu.br\/idad\/files\/2025\/07\/caio-1024x1024.jpg 1024w, https:\/\/wp.ufpel.edu.br\/idad\/files\/2025\/07\/caio-200x200.jpg 200w, https:\/\/wp.ufpel.edu.br\/idad\/files\/2025\/07\/caio-768x768.jpg 768w, https:\/\/wp.ufpel.edu.br\/idad\/files\/2025\/07\/caio.jpg 1080w\" sizes=\"(max-width: 150px) 100vw, 150px\" \/><\/span><\/p>\n<p><span style=\"color: #000000;\">Mestrando em Ci\u00eancia Pol\u00edtica pelo Programa de P\u00f3s-Gradua\u00e7\u00e3o em Ci\u00eancia Pol\u00edtica da Universidade Federal de Pelotas (UFPel). Graduado em Rela\u00e7\u00f5es Internacionais pela UFPEL.<br \/>\n<\/span><img class=\"size-full wp-image-1196 alignnone\" src=\"https:\/\/wp.ufpel.edu.br\/idad\/files\/2025\/08\/icone_lattes.gif\" alt=\"\" width=\"17\" height=\"16\" \/> <a href=\"http:\/\/lattes.cnpq.br\/5218157035985795\">Lattes<\/a> <img class=\"alignnone size-full wp-image-1200\" src=\"https:\/\/wp.ufpel.edu.br\/idad\/files\/2025\/08\/ORCIDiD_icon16x16.png\" alt=\"\" width=\"16\" height=\"16\" \/> <a href=\"https:\/\/orcid.org\/0000-0002-0169-2307\">Orcid<\/a><\/p>\n<p>&nbsp;<\/p>\n<hr \/>\n<p><span style=\"color: #000000; font-family: tahoma, arial, helvetica, sans-serif; font-size: 18pt;\"><strong>Corina Gonsales Vega<\/strong><\/span><br \/>\n<span style=\"color: #000000;\"><img class=\"wp-image-1083 alignleft\" src=\"https:\/\/wp.ufpel.edu.br\/idad\/files\/2025\/07\/IMG-20250707-WA0010-400x391.jpg\" alt=\"\" width=\"150\" height=\"147\" srcset=\"https:\/\/wp.ufpel.edu.br\/idad\/files\/2025\/07\/IMG-20250707-WA0010-400x391.jpg 400w, https:\/\/wp.ufpel.edu.br\/idad\/files\/2025\/07\/IMG-20250707-WA0010-1024x1001.jpg 1024w, https:\/\/wp.ufpel.edu.br\/idad\/files\/2025\/07\/IMG-20250707-WA0010-768x751.jpg 768w, https:\/\/wp.ufpel.edu.br\/idad\/files\/2025\/07\/IMG-20250707-WA0010.jpg 1179w\" sizes=\"(max-width: 150px) 100vw, 150px\" \/><\/span><\/p>\n<p><span style=\"color: #000000;\">Graduanda em Ci\u00eancias Sociais pela UFPe<\/span>l.<br \/>\n<img class=\"alignnone size-full wp-image-1196\" src=\"https:\/\/wp.ufpel.edu.br\/idad\/files\/2025\/08\/icone_lattes.gif\" alt=\"\" width=\"17\" height=\"16\" \/> <a href=\"http:\/\/lattes.cnpq.br\/9177713725772384\">Lattes<\/a> \u00a0<img class=\"alignnone size-full wp-image-1200\" src=\"https:\/\/wp.ufpel.edu.br\/idad\/files\/2025\/08\/ORCIDiD_icon16x16.png\" alt=\"\" width=\"16\" height=\"16\" \/> <a href=\"https:\/\/orcid.org\/0009-0005-6060-9058\">Orcid<\/a><\/p>\n<p>&nbsp;<\/p>\n<p>&nbsp;<\/p>\n<hr \/>\n<p><span style=\"color: #000000; font-family: tahoma, arial, helvetica, sans-serif; font-size: 18pt;\"><strong>Daniel de Mendon\u00e7a<\/strong><\/span><br \/>\n<span style=\"color: #000000;\"> <img class=\"wp-image-1088 alignleft\" src=\"https:\/\/wp.ufpel.edu.br\/idad\/files\/2025\/07\/IMG-20250707-WA0013-400x400.jpg\" alt=\"\" width=\"150\" height=\"150\" srcset=\"https:\/\/wp.ufpel.edu.br\/idad\/files\/2025\/07\/IMG-20250707-WA0013-400x400.jpg 400w, https:\/\/wp.ufpel.edu.br\/idad\/files\/2025\/07\/IMG-20250707-WA0013-200x200.jpg 200w, https:\/\/wp.ufpel.edu.br\/idad\/files\/2025\/07\/IMG-20250707-WA0013-768x768.jpg 768w, https:\/\/wp.ufpel.edu.br\/idad\/files\/2025\/07\/IMG-20250707-WA0013.jpg 960w\" sizes=\"(max-width: 150px) 100vw, 150px\" \/>Graduado em Ci\u00eancias Jur\u00eddicas e Sociais pela Pontif\u00edcia Universidade Cat\u00f3lica do Rio Grande do Sul (1997), mestrado (2001) e doutorado (2006) em Ci\u00eancia Pol\u00edtica pela Universidade Federal do Rio Grande do Sul e est\u00e1gio p\u00f3s-doutoral em Ideology and Discourse Analysis (2009) na University of Essex. \u00c9 Professor Associado na Universidade Federal de Pelotas (UFPel).<\/span><br \/>\n<img class=\"alignnone size-full wp-image-1196\" src=\"https:\/\/wp.ufpel.edu.br\/idad\/files\/2025\/08\/icone_lattes.gif\" alt=\"\" width=\"17\" height=\"16\" \/> <a href=\"http:\/\/lattes.cnpq.br\/9251787953915517\">Lattes<\/a> \u00a0<img class=\"alignnone size-full wp-image-1200\" src=\"https:\/\/wp.ufpel.edu.br\/idad\/files\/2025\/08\/ORCIDiD_icon16x16.png\" alt=\"\" width=\"16\" height=\"16\" \/> <a href=\"https:\/\/orcid.org\/0000-0002-8920-4709\">Orcid<\/a><\/p>\n<hr \/>\n<p><span style=\"font-family: tahoma, arial, helvetica, sans-serif;\"><strong><span style=\"font-size: 18pt; color: #000000;\">\u00c9verton Garcia da Costa<\/span><\/strong><\/span><\/p>\n<p><img class=\"wp-image-1277 alignleft\" src=\"https:\/\/wp.ufpel.edu.br\/idad\/files\/2025\/10\/everton-e1761220717362-400x400.jpeg\" alt=\"\" width=\"150\" height=\"150\" srcset=\"https:\/\/wp.ufpel.edu.br\/idad\/files\/2025\/10\/everton-e1761220717362-400x400.jpeg 400w, https:\/\/wp.ufpel.edu.br\/idad\/files\/2025\/10\/everton-e1761220717362-1024x1024.jpeg 1024w, https:\/\/wp.ufpel.edu.br\/idad\/files\/2025\/10\/everton-e1761220717362-200x200.jpeg 200w, https:\/\/wp.ufpel.edu.br\/idad\/files\/2025\/10\/everton-e1761220717362-768x768.jpeg 768w, https:\/\/wp.ufpel.edu.br\/idad\/files\/2025\/10\/everton-e1761220717362.jpeg 1110w\" sizes=\"(max-width: 150px) 100vw, 150px\" \/><\/p>\n<p><span style=\"color: #000000;\">Professor Adjunto do Departamento de Sociologia e Permanente do Programa de P\u00f3s-Gradua\u00e7\u00e3o em Sociologia da Universidade Federal do Rio Grande do Sul (UFRGS). Doutor em Sociologia pela UFRGS. Mestre em Ci\u00eancias Sociais e Licenciado em Letras pela Universidade Federal de Pelotas (UFPel). L\u00edder do Grupo de Pesquisas sobre Games, Cultura e Sociedade (GamePesq).<\/span><\/p>\n<p><img class=\"alignnone size-full wp-image-1196\" src=\"https:\/\/wp.ufpel.edu.br\/idad\/files\/2025\/08\/icone_lattes.gif\" alt=\"\" width=\"17\" height=\"16\" \/> <a href=\"http:\/\/lattes.cnpq.br\/4996903913348992\">Lattes<\/a> \u00a0<img class=\"alignnone size-full wp-image-1200\" src=\"https:\/\/wp.ufpel.edu.br\/idad\/files\/2025\/08\/ORCIDiD_icon16x16.png\" alt=\"\" width=\"16\" height=\"16\" \/> <a href=\"https:\/\/orcid.org\/0000-0002-4446-2173\">Orcid<\/a><\/p>\n<hr \/>\n<p><span style=\"color: #000000; font-family: tahoma, arial, helvetica, sans-serif; font-size: 18pt;\"><strong>Felipe Corral de Freitas<br \/>\n<\/strong><\/span><span style=\"color: #000000;\"><span style=\"color: #000000;\"><span style=\"font-family: var(--fonte-corpo);\"><img class=\" wp-image-1178 alignleft\" src=\"https:\/\/wp.ufpel.edu.br\/idad\/files\/2025\/08\/felipe.png\" alt=\"\" width=\"150\" height=\"150\" \/>Doutor em Ci\u00eancia Pol\u00edtica (UnB). Gradua\u00e7\u00e3o (bacharelado) em Ci\u00eancias Sociais (2010) e Mestrado em Ci\u00eancia Pol\u00edtica (2013) pela Universidade Federal de Pelotas. \u00c9 professor Adjunto do Departamento de Ci\u00eancias Sociais e do Programa de P\u00f3s-Gradua\u00e7\u00e3o em Ci\u00eancias Sociais (PPGCS) da UFSM.<br \/>\n<\/span><\/span><\/span><span style=\"color: #000000;\"><img class=\"alignnone size-full wp-image-1196\" src=\"https:\/\/wp.ufpel.edu.br\/idad\/files\/2025\/08\/icone_lattes.gif\" alt=\"\" width=\"17\" height=\"16\" \/> <a href=\"http:\/\/lattes.cnpq.br\/7347955214540668\">Lattes<\/a> \u00a0<img class=\"alignnone size-full wp-image-1200\" src=\"https:\/\/wp.ufpel.edu.br\/idad\/files\/2025\/08\/ORCIDiD_icon16x16.png\" alt=\"\" width=\"16\" height=\"16\" \/> <a href=\"https:\/\/orcid.org\/0000-0002-7831-6342\">Orcid<\/a><\/span><\/p>\n<p>&nbsp;<\/p>\n<hr \/>\n<h2 class=\"nome\" tabindex=\"0\"><span style=\"font-family: tahoma, arial, helvetica, sans-serif;\"><strong><span style=\"color: #000000;\">Gabriel Bandeira Coelho<\/span><\/strong><\/span><\/h2>\n<p><img class=\"wp-image-1278 alignleft\" src=\"https:\/\/wp.ufpel.edu.br\/idad\/files\/2025\/10\/gabriel-e1761220896746-400x400.jpeg\" alt=\"\" width=\"150\" height=\"150\" srcset=\"https:\/\/wp.ufpel.edu.br\/idad\/files\/2025\/10\/gabriel-e1761220896746-400x400.jpeg 400w, https:\/\/wp.ufpel.edu.br\/idad\/files\/2025\/10\/gabriel-e1761220896746-200x200.jpeg 200w, https:\/\/wp.ufpel.edu.br\/idad\/files\/2025\/10\/gabriel-e1761220896746-768x768.jpeg 768w, https:\/\/wp.ufpel.edu.br\/idad\/files\/2025\/10\/gabriel-e1761220896746.jpeg 895w\" sizes=\"(max-width: 150px) 100vw, 150px\" \/><\/p>\n<p><span style=\"color: #000000;\">Professor Adjunto do Departamento de Sociologia (UFRGS). Doutor em Sociologia pela Universidade Federal do Rio Grande do Sul (UFRGS) (2020), com doutorado sandu\u00edche na Universidade Nacional de Quilmes (Argentina) (2019). Mestre em Sociologia (2015) e Graduado em Ci\u00eancias Sociais Licenciatura pela Universidade Federal de Pelotas (UFPel) (2012).<\/span><\/p>\n<p><img class=\"alignnone size-full wp-image-1196\" src=\"https:\/\/wp.ufpel.edu.br\/idad\/files\/2025\/08\/icone_lattes.gif\" alt=\"\" width=\"17\" height=\"16\" \/> <a href=\"http:\/\/lattes.cnpq.br\/5520537266860368\">Lattes<\/a> \u00a0<img class=\"alignnone size-full wp-image-1200\" src=\"https:\/\/wp.ufpel.edu.br\/idad\/files\/2025\/08\/ORCIDiD_icon16x16.png\" alt=\"\" width=\"16\" height=\"16\" \/> <a href=\"https:\/\/orcid.org\/0000-0003-3579-582X\">Orcid<\/a><\/p>\n<hr \/>\n<p style=\"text-align: justify;\"><span style=\"font-family: tahoma, arial, helvetica, sans-serif; font-size: 18pt;\"><strong><span style=\"color: #000000;\">Laura Silva Costa<\/span><\/strong><\/span><br \/>\n<span style=\"color: #000000;\"><img class=\"wp-image-1096 alignleft\" src=\"https:\/\/wp.ufpel.edu.br\/idad\/files\/2025\/07\/laura-400x400.jpg\" alt=\"\" width=\"150\" height=\"150\" srcset=\"https:\/\/wp.ufpel.edu.br\/idad\/files\/2025\/07\/laura-400x400.jpg 400w, https:\/\/wp.ufpel.edu.br\/idad\/files\/2025\/07\/laura-200x200.jpg 200w, https:\/\/wp.ufpel.edu.br\/idad\/files\/2025\/07\/laura.jpg 682w\" sizes=\"(max-width: 150px) 100vw, 150px\" \/><\/span><\/p>\n<p style=\"text-align: justify;\"><span style=\"color: #000000;\">Mestranda em Ci\u00eancia Pol\u00edtica pelo Programa de P\u00f3s-Gradua\u00e7\u00e3o em Ci\u00eancia Pol\u00edtica da Universidade Federal de Pelotas (PPGCPol\/UFPel). Graduada em Ci\u00eancias Sociais &#8211; Bacharelado pela UFPel.<\/span><br \/>\n<img class=\"alignnone size-full wp-image-1196\" src=\"https:\/\/wp.ufpel.edu.br\/idad\/files\/2025\/08\/icone_lattes.gif\" alt=\"\" width=\"17\" height=\"16\" \/> <a href=\"http:\/\/lattes.cnpq.br\/2665096257784249\">Lattes<\/a> <img class=\"alignnone size-full wp-image-1200\" src=\"https:\/\/wp.ufpel.edu.br\/idad\/files\/2025\/08\/ORCIDiD_icon16x16.png\" alt=\"\" width=\"16\" height=\"16\" \/> <a href=\"https:\/\/orcid.org\/0009-0006-7878-2681\">Orcid<\/a><\/p>\n<p>&nbsp;<\/p>\n<hr \/>\n<p><span style=\"font-family: tahoma, arial, helvetica, sans-serif; font-size: 18pt;\"><strong><span style=\"color: #000000;\">Laura da Silva Rhoden Machado<\/span><\/strong><\/span><br \/>\n<span style=\"color: #000000;\"><img class=\"wp-image-1179 alignleft\" src=\"https:\/\/wp.ufpel.edu.br\/idad\/files\/2025\/08\/laura.png\" alt=\"\" width=\"150\" height=\"150\" \/><\/span><\/p>\n<p><span style=\"color: #000000;\">Graduanda em Ci\u00eancias Sociais pela UFPel.<\/span><br \/>\n<img class=\"alignnone size-full wp-image-1196\" src=\"https:\/\/wp.ufpel.edu.br\/idad\/files\/2025\/08\/icone_lattes.gif\" alt=\"\" width=\"17\" height=\"16\" \/> <a href=\"https:\/\/lattes.cnpq.br\/6976901354997809\">Lattes<\/a> \u00a0<img class=\"alignnone size-full wp-image-1200\" src=\"https:\/\/wp.ufpel.edu.br\/idad\/files\/2025\/08\/ORCIDiD_icon16x16.png\" alt=\"\" width=\"16\" height=\"16\" \/> <a href=\"https:\/\/orcid.org\/0009-0004-5184-5457\">Orcid<\/a><\/p>\n<p>&nbsp;<\/p>\n<p>&nbsp;<\/p>\n<hr \/>\n<p><span style=\"color: #000000;\"><strong><span style=\"font-family: tahoma, arial, helvetica, sans-serif; font-size: 18pt; color: #000000;\">Let\u00edcia Baron<\/span><br \/>\n<\/strong><img class=\"wp-image-1104 alignleft\" src=\"https:\/\/wp.ufpel.edu.br\/idad\/files\/2025\/07\/462264669_555522766980495_6113955533969943712_n-400x400.jpg\" alt=\"\" width=\"150\" height=\"150\" srcset=\"https:\/\/wp.ufpel.edu.br\/idad\/files\/2025\/07\/462264669_555522766980495_6113955533969943712_n-400x400.jpg 400w, https:\/\/wp.ufpel.edu.br\/idad\/files\/2025\/07\/462264669_555522766980495_6113955533969943712_n-1024x1024.jpg 1024w, https:\/\/wp.ufpel.edu.br\/idad\/files\/2025\/07\/462264669_555522766980495_6113955533969943712_n-200x200.jpg 200w, https:\/\/wp.ufpel.edu.br\/idad\/files\/2025\/07\/462264669_555522766980495_6113955533969943712_n-768x768.jpg 768w, https:\/\/wp.ufpel.edu.br\/idad\/files\/2025\/07\/462264669_555522766980495_6113955533969943712_n.jpg 1080w\" sizes=\"(max-width: 150px) 100vw, 150px\" \/>Doutora e Mestra em Ci\u00eancia Pol\u00edtica pelo Programa de P\u00f3s Gradua\u00e7\u00e3o em Ci\u00eancia Pol\u00edtica da Universidade Federal de Pelotas, Graduada em Direito pela Universidade Federal de Pelotas. \u00c9 professora substituta do Departamento de Sociologia e Pol\u00edtica da Uiversidade Federal de Pelotas.<strong><br \/>\n<\/strong><\/span> <img class=\"alignnone size-full wp-image-1196\" src=\"https:\/\/wp.ufpel.edu.br\/idad\/files\/2025\/08\/icone_lattes.gif\" alt=\"\" width=\"17\" height=\"16\" \/> <a href=\"http:\/\/lattes.cnpq.br\/2280696641501693\">Lattes<\/a> \u00a0<img class=\"alignnone size-full wp-image-1200\" src=\"https:\/\/wp.ufpel.edu.br\/idad\/files\/2025\/08\/ORCIDiD_icon16x16.png\" alt=\"\" width=\"16\" height=\"16\" \/> <a href=\"https:\/\/orcid.org\/0000-0003-2784-2163\">Orcid<\/a><\/p>\n<p>&nbsp;<\/p>\n<hr \/>\n<p><span style=\"color: #000000;\"><strong><span class=\"Apple-style-span\"><span style=\"font-family: tahoma, arial, helvetica, sans-serif; font-size: 18pt;\">Lucas Garcia da Silva<\/span><br \/>\n<\/span><\/strong><span class=\"Apple-style-span\"><img class=\"wp-image-1112 alignleft\" src=\"https:\/\/wp.ufpel.edu.br\/idad\/files\/2025\/07\/IMG-20250707-WA0009-400x400.jpg\" alt=\"\" width=\"150\" height=\"150\" srcset=\"https:\/\/wp.ufpel.edu.br\/idad\/files\/2025\/07\/IMG-20250707-WA0009-400x400.jpg 400w, https:\/\/wp.ufpel.edu.br\/idad\/files\/2025\/07\/IMG-20250707-WA0009-200x200.jpg 200w, https:\/\/wp.ufpel.edu.br\/idad\/files\/2025\/07\/IMG-20250707-WA0009.jpg 640w\" sizes=\"(max-width: 150px) 100vw, 150px\" \/><\/span><\/span><\/p>\n<p><span style=\"color: #000000;\"><span class=\"Apple-style-span\">Doutorando e Mestre em Ci\u00eancia Pol\u00edtica pelo Programa de P\u00f3s-Gradua\u00e7\u00e3o em Ci\u00eancia Pol\u00edtica da Universidade Federal de Pelotas (UFPel). Graduado Ci\u00eancias Sociais &#8211; Bacharelado pela UFPEL.<\/span><\/span><strong><span class=\"Apple-style-span\"><br \/>\n<\/span><\/strong><span class=\"Apple-style-span\"><img class=\"alignnone size-full wp-image-1196\" src=\"https:\/\/wp.ufpel.edu.br\/idad\/files\/2025\/08\/icone_lattes.gif\" alt=\"\" width=\"17\" height=\"16\" \/> <a href=\"http:\/\/lattes.cnpq.br\/8429045191719321\">Lattes<\/a> \u00a0<img class=\"alignnone size-full wp-image-1200\" src=\"https:\/\/wp.ufpel.edu.br\/idad\/files\/2025\/08\/ORCIDiD_icon16x16.png\" alt=\"\" width=\"16\" height=\"16\" \/> <a href=\"https:\/\/orcid.org\/0000-0003-2393-9531\">Orcid<\/a><\/span><\/p>\n<p>&nbsp;<\/p>\n<hr \/>\n<p><span style=\"font-family: tahoma, arial, helvetica, sans-serif; font-size: 18pt;\"><strong><span style=\"color: #000000;\">Paulo C\u00e9sar Neves Barboza<\/span><\/strong><\/span><br \/>\n<span style=\"color: #000000;\"><img class=\"wp-image-1116 alignleft\" src=\"https:\/\/wp.ufpel.edu.br\/idad\/files\/2025\/07\/IMG-20250707-WA0007-400x400.jpg\" alt=\"\" width=\"150\" height=\"150\" srcset=\"https:\/\/wp.ufpel.edu.br\/idad\/files\/2025\/07\/IMG-20250707-WA0007-400x400.jpg 400w, https:\/\/wp.ufpel.edu.br\/idad\/files\/2025\/07\/IMG-20250707-WA0007-1024x1024.jpg 1024w, https:\/\/wp.ufpel.edu.br\/idad\/files\/2025\/07\/IMG-20250707-WA0007-200x200.jpg 200w, https:\/\/wp.ufpel.edu.br\/idad\/files\/2025\/07\/IMG-20250707-WA0007-768x768.jpg 768w, https:\/\/wp.ufpel.edu.br\/idad\/files\/2025\/07\/IMG-20250707-WA0007.jpg 1250w\" sizes=\"(max-width: 150px) 100vw, 150px\" \/>Graduado em Direito pela Universidade Federal de Pelotas, Mestre em Direito pela Universidade Federal de Santa Catarina (2007) e Doutor (2023) em Ci\u00eancia Pol\u00edtica pela Universidade Federal de Pelotas. \u00c9 Professor Associado na Universidade Federal de Pelotas, lotado, desde 2014, no Centro de Ci\u00eancias S\u00f3cio-Organizacionais (CCSO).<\/span><br \/>\n<img class=\"alignnone size-full wp-image-1196\" src=\"https:\/\/wp.ufpel.edu.br\/idad\/files\/2025\/08\/icone_lattes.gif\" alt=\"\" width=\"17\" height=\"16\" \/> <a href=\"http:\/\/lattes.cnpq.br\/8100945678722999\">Lattes<\/a> \u00a0<img class=\"alignnone size-full wp-image-1200\" src=\"https:\/\/wp.ufpel.edu.br\/idad\/files\/2025\/08\/ORCIDiD_icon16x16.png\" alt=\"\" width=\"16\" height=\"16\" \/> <a href=\"https:\/\/orcid.org\/0000-0002-0353-1590\">Orcid<\/a><\/p>\n<hr \/>\n<p><span style=\"color: #000000; font-family: tahoma, arial, helvetica, sans-serif; font-size: 18pt;\"><strong>Renata da Silva<\/strong><\/span><br \/>\n<span style=\"color: #000000;\"><span class=\"Apple-style-span\"><img class=\"wp-image-1180 alignleft\" src=\"https:\/\/wp.ufpel.edu.br\/idad\/files\/2025\/08\/renata.png\" alt=\"\" width=\"150\" height=\"150\" \/><\/span><\/span><\/p>\n<p><span style=\"color: #000000;\"><span class=\"Apple-style-span\">Doutoranda e Mestra em Ci\u00eancia Pol\u00edtica pelo Programa de P\u00f3s-Gradua\u00e7\u00e3o em Ci\u00eancia Pol\u00edtica da Universidade Federal de Pelotas (UFPel). G<\/span>raduada em Jornalismo pela UNIPAMPA.<\/span><br \/>\n<img class=\"alignnone size-full wp-image-1196\" src=\"https:\/\/wp.ufpel.edu.br\/idad\/files\/2025\/08\/icone_lattes.gif\" alt=\"\" width=\"17\" height=\"16\" \/> <a href=\"http:\/\/lattes.cnpq.br\/4374713962057950\">Lattes<\/a> \u00a0<img class=\"alignnone size-full wp-image-1200\" src=\"https:\/\/wp.ufpel.edu.br\/idad\/files\/2025\/08\/ORCIDiD_icon16x16.png\" alt=\"\" width=\"16\" height=\"16\" \/> <a href=\"https:\/\/orcid.org\/0000-0002-9295-6805\">Orcid<\/a><\/p>\n<p>&nbsp;<\/p>\n<p>&nbsp;<\/p>\n<hr \/>\n<p>&nbsp;<\/p>\n<p><span style=\"color: #000000; font-size: 12pt; font-family: tahoma, arial, helvetica, sans-serif;\"><strong class=\"collapseomatic \" id=\"id69d8fd05474fe\" rel=\"-highlander\" tabindex=\"0\" title=\"&lt;strong&gt;Egressos\/as&lt;\/strong&gt;\"    ><strong>Egressos\/as<\/strong><\/strong><div id=\"target-id69d8fd05474fe\" class=\"collapseomatic_content \"><\/span><\/p>\n<p><span style=\"color: #000000;\"><strong>Agnes Bezerra Mendes &#8211; <\/strong><a href=\"http:\/\/lattes.cnpq.br\/4186603214476042\">http:\/\/lattes.cnpq.br\/4186603214476042<\/a><\/span><\/p>\n<p><span style=\"color: #000000;\"><strong>Amanda Albuquerque Peres &#8211; <\/strong><a href=\"http:\/\/lattes.cnpq.br\/4643765634010869\">http:\/\/lattes.cnpq.br\/4643765634010869<\/a><\/span><\/p>\n<p><span style=\"color: #000000;\"><strong>Beatriz Franco Pereira do Vale &#8211;\u00a0<\/strong><\/span><a href=\"http:\/\/lattes.cnpq.br\/6261961146934479\">http:\/\/lattes.cnpq.br\/6261961146934479<\/a><\/p>\n<p><strong><span style=\"color: #000000;\">Camila M\u00fcller Cardoso &#8211; <\/span><\/strong><a href=\"http:\/\/lattes.cnpq.br\/5740587462924199\">http:\/\/lattes.cnpq.br\/5740587462924199<\/a><\/p>\n<p><span class=\"Apple-style-span\"><span style=\"color: #000000;\"><strong>Carolina Costa Dos Santos &#8211;\u00a0<\/strong><\/span><\/span><span class=\"Apple-style-span\"><a href=\"http:\/\/lattes.cnpq.br\/8265553620024075\">http:\/\/lattes.cnpq.br\/8265553620024075<\/a><\/span><\/p>\n<p><span style=\"color: #000000;\"><strong>Ian Botelho Soares &#8211;\u00a0<\/strong><\/span><a href=\"http:\/\/lattes.cnpq.br\/6405420757940764\">http:\/\/lattes.cnpq.br\/6405420757940764<\/a><\/p>\n<p><strong><span style=\"color: #000000;\">Isabela Rodrigues do Nascimento &#8211;\u00a0<\/span><\/strong><a href=\"http:\/\/lattes.cnpq.br\/5228959123956079\">http:\/\/lattes.cnpq.br\/5228959123956079<\/a><\/p>\n<p><span style=\"color: #000000;\"><strong>Jordana Ferreira Ribeiro &#8211; <\/strong><a href=\"http:\/\/lattes.cnpq.br\/2344028351133913\">http:\/\/lattes.cnpq.br\/2344028351133913<\/a><\/span><\/p>\n<p><span class=\"Apple-style-span\"><span style=\"color: #000000;\"><strong>Larissa Russo Gon\u00e7alves &#8211; <\/strong><\/span><a href=\"http:\/\/lattes.cnpq.br\/1264233110712720\">http:\/\/lattes.cnpq.br\/1264233110712720<\/a><\/span><\/p>\n<p><span style=\"color: #000000;\"><strong>Luana Dias Lameira &#8211; <\/strong><\/span><a href=\"http:\/\/lattes.cnpq.br\/8984249205455935\">http:\/\/lattes.cnpq.br\/8984249205455935<\/a><\/p>\n<p><strong>Lucas Antonio Penna Rey &#8211;<\/strong> <a href=\"http:\/\/lattes.cnpq.br\/7721466281824516\">http:\/\/lattes.cnpq.br\/7721466281824516<\/a><\/p>\n<p><span style=\"color: #000000;\"><strong>Luisa Lislie Both Griebler &#8211; <\/strong><a href=\"http:\/\/lattes.cnpq.br\/8958305871692182\">http:\/\/lattes.cnpq.br\/8958305871692182<\/a><\/span><\/p>\n<p><span style=\"color: #000000;\"><strong>Mariele Afonso Domingues &#8211;\u00a0<\/strong><\/span><a href=\"http:\/\/lattes.cnpq.br\/7772488102975348\">http:\/\/lattes.cnpq.br\/7772488102975348<\/a><\/p>\n<p><span style=\"color: #000000;\"><strong>Michele Diana da Luz &#8211; <\/strong><\/span><a href=\"https:\/\/wwws.cnpq.br\/cvlattesweb\/PKG_MENU.menu?f_cod=3E5C5E0477B2EE108C2B98EBCC5A81D2\">http:\/\/lattes.cnpq.br\/3617160037674935<\/a><\/p>\n<p><span style=\"color: #000000;\"><strong>Nat\u00e1lia de Azevedo Pereira &#8211;\u00a0<\/strong><\/span><a href=\"http:\/\/lattes.cnpq.br\/8178338150386382\">http:\/\/lattes.cnpq.br\/8178338150386382<\/a><\/p>\n<p><span class=\"Apple-style-span\"><span style=\"color: #000000;\"><strong>Rosana Alves Gomes &#8211;\u00a0<\/strong><\/span><a href=\"http:\/\/lattes.cnpq.br\/5903052413876683\">http:\/\/lattes.cnpq.br\/5903052413876683<\/a><\/span><\/p>\n<p><span style=\"color: #000000;\"><strong>Samira Marques da Silveira &#8211;\u00a0<\/strong><\/span><a href=\"http:\/\/lattes.cnpq.br\/1618404354585365\">http:\/\/lattes.cnpq.br\/1618404354585365<\/a><\/p>\n<p><strong><span style=\"color: #000000;\">Sandra Regina Barbosa Parzianello &#8211; <\/span><\/strong><a href=\"http:\/\/lattes.cnpq.br\/4976097506780798\">http:\/\/lattes.cnpq.br\/4976097506780798<\/a><\/p>\n<p><span style=\"color: #000000;\"><strong>Simone Muniz Puyo &#8211; <\/strong><a href=\"http:\/\/lattes.cnpq.br\/8631329168889259\">http:\/\/lattes.cnpq.br\/863132916888925<\/a><\/span><\/p>\n<p><strong>Thales Morbach Lange &#8211;<\/strong> <a href=\"http:\/\/lattes.cnpq.br\/3650755639394586\">http:\/\/lattes.cnpq.br\/3650755639394586<\/a><\/p>\n<\/div>\n","protected":false},"excerpt":{"rendered":"<p>Bianca de Freitas Linhares Doutora em Ci\u00eancia Pol\u00edtica (UFRGS). Gradua\u00e7\u00e3o (bacharelado e licenciatura) em Ci\u00eancias Sociais (2003) e Mestrado em Ci\u00eancia Pol\u00edtica (2006) pela Universidade Federal do Rio Grande do Sul. \u00c9 professora Associada do Departamento de Sociologia e Pol\u00edtica e do Programa de P\u00f3s-Gradua\u00e7\u00e3o em Ci\u00eancia Pol\u00edtica (PPGCPol) da UFPel. Lattes \u00a0\u00a0Orcid Caio Menezes [&hellip;]<\/p>\n","protected":false},"author":689,"featured_media":0,"parent":0,"menu_order":0,"comment_status":"closed","ping_status":"closed","template":"","meta":{"advanced_seo_description":"","jetpack_seo_html_title":"","jetpack_seo_noindex":false,"footnotes":""},"class_list":["post-1164","page","type-page","status-publish","hentry"],"jetpack_sharing_enabled":true,"jetpack_shortlink":"https:\/\/wp.me\/PgDXwR-iM","_links":{"self":[{"href":"https:\/\/wp.ufpel.edu.br\/idad\/wp-json\/wp\/v2\/pages\/1164","targetHints":{"allow":["GET"]}}],"collection":[{"href":"https:\/\/wp.ufpel.edu.br\/idad\/wp-json\/wp\/v2\/pages"}],"about":[{"href":"https:\/\/wp.ufpel.edu.br\/idad\/wp-json\/wp\/v2\/types\/page"}],"author":[{"embeddable":true,"href":"https:\/\/wp.ufpel.edu.br\/idad\/wp-json\/wp\/v2\/users\/689"}],"replies":[{"embeddable":true,"href":"https:\/\/wp.ufpel.edu.br\/idad\/wp-json\/wp\/v2\/comments?post=1164"}],"version-history":[{"count":5,"href":"https:\/\/wp.ufpel.edu.br\/idad\/wp-json\/wp\/v2\/pages\/1164\/revisions"}],"predecessor-version":[{"id":1337,"href":"https:\/\/wp.ufpel.edu.br\/idad\/wp-json\/wp\/v2\/pages\/1164\/revisions\/1337"}],"wp:attachment":[{"href":"https:\/\/wp.ufpel.edu.br\/idad\/wp-json\/wp\/v2\/media?parent=1164"}],"curies":[{"name":"wp","href":"https:\/\/api.w.org\/{rel}","templated":true}]}}