{"id":764,"date":"2015-04-17T11:31:32","date_gmt":"2015-04-17T14:31:32","guid":{"rendered":"https:\/\/wp.ufpel.edu.br\/ich\/?page_id=764"},"modified":"2015-04-17T11:31:32","modified_gmt":"2015-04-17T14:31:32","slug":"laboratorio-de-estudos-agrarios-e-ambientais-leaa","status":"publish","type":"page","link":"https:\/\/wp.ufpel.edu.br\/ich\/pesquisaextensao\/laboratorio-de-estudos-agrarios-e-ambientais-leaa\/","title":{"rendered":"Laborat\u00f3rio de Estudos Agr\u00e1rios e Ambientais &#8211; LEAA"},"content":{"rendered":"<p><a title=\"LEAA\" href=\"https:\/\/wp.ufpel.edu.br\/leaa\/\" target=\"_blank\">Acesse AQUI \u00a0a p\u00e1gina do Laborat\u00f3rio de Estudos Agr\u00e1rios e Ambientais &#8211; LEAA<\/a><\/p>\n<p>&nbsp;<\/p>\n","protected":false},"excerpt":{"rendered":"<p>Acesse AQUI \u00a0a p\u00e1gina do Laborat\u00f3rio de Estudos Agr\u00e1rios e Ambientais &#8211; LEAA &nbsp;<\/p>\n","protected":false},"author":332,"featured_media":0,"parent":21,"menu_order":0,"comment_status":"closed","ping_status":"closed","template":"","meta":{"jetpack_post_was_ever_published":false,"footnotes":""},"class_list":["post-764","page","type-page","status-publish","hentry"],"jetpack_sharing_enabled":true,"jetpack_shortlink":"https:\/\/wp.me\/P5MuF3-ck","_links":{"self":[{"href":"https:\/\/wp.ufpel.edu.br\/ich\/wp-json\/wp\/v2\/pages\/764","targetHints":{"allow":["GET"]}}],"collection":[{"href":"https:\/\/wp.ufpel.edu.br\/ich\/wp-json\/wp\/v2\/pages"}],"about":[{"href":"https:\/\/wp.ufpel.edu.br\/ich\/wp-json\/wp\/v2\/types\/page"}],"author":[{"embeddable":true,"href":"https:\/\/wp.ufpel.edu.br\/ich\/wp-json\/wp\/v2\/users\/332"}],"replies":[{"embeddable":true,"href":"https:\/\/wp.ufpel.edu.br\/ich\/wp-json\/wp\/v2\/comments?post=764"}],"version-history":[{"count":1,"href":"https:\/\/wp.ufpel.edu.br\/ich\/wp-json\/wp\/v2\/pages\/764\/revisions"}],"predecessor-version":[{"id":765,"href":"https:\/\/wp.ufpel.edu.br\/ich\/wp-json\/wp\/v2\/pages\/764\/revisions\/765"}],"up":[{"embeddable":true,"href":"https:\/\/wp.ufpel.edu.br\/ich\/wp-json\/wp\/v2\/pages\/21"}],"wp:attachment":[{"href":"https:\/\/wp.ufpel.edu.br\/ich\/wp-json\/wp\/v2\/media?parent=764"}],"curies":[{"name":"wp","href":"https:\/\/api.w.org\/{rel}","templated":true}]}}