{"id":33,"date":"2013-12-06T18:41:02","date_gmt":"2013-12-06T20:41:02","guid":{"rendered":"https:\/\/wp.ufpel.edu.br\/ich\/?page_id=33"},"modified":"2022-01-18T12:03:20","modified_gmt":"2022-01-18T15:03:20","slug":"contato","status":"publish","type":"page","link":"https:\/\/wp.ufpel.edu.br\/ich\/contato\/","title":{"rendered":"Contato"},"content":{"rendered":"<p style=\"text-align: center\">Secretaria Geral\u00a0do ICH<br \/>\nRua Coronel Alberto Rosa, 154<\/p>\n<p style=\"text-align: center\">96020-220 Pelotas \/ RS<\/p>\n<p style=\"text-align: center\">Telefone:<br \/>\n3284 5522 ou 3284 5523<\/p>\n<p style=\"text-align: center\">E-mail<br \/>\nsecretariaich@gmail.com<\/p>\n<p style=\"text-align: center\">Hor\u00e1rio de funcionamento:<br \/>\n14:30h \u00e0s 22:30h<\/p>\n<p style=\"text-align: center\"><strong>A partir de 01\/01\/2022, os atendimentos ser\u00e3o realizados de segunda a sexta-feira, <\/strong><\/p>\n<p style=\"text-align: center\"><strong>mediante agendamento pr\u00e9vio via e-mail da Secretaria Geral.<\/strong><\/p>\n<p style=\"text-align: center\"><em>DIRE\u00c7\u00c3O<\/em><\/p>\n<p style=\"text-align: center\">Diretor: Sebasti\u00e3o Peres<\/p>\n<p style=\"text-align: center\">Vice-Diretora: Andrea Bachettini<\/p>\n<p style=\"text-align: center\"><em>SECRETARIA<\/em><\/p>\n<p style=\"text-align: center\">Secret\u00e1rio: Camilo Cardoso His\u00e9 Rodrigues<\/p>\n<p style=\"text-align: center\">E-mail: secretariaich@gmail,com<\/p>\n<p style=\"text-align: center\"><em>N\u00daCLEO ADMINISTRATIVO<\/em><\/p>\n<p style=\"text-align: center\">Chefia do N\u00facleo: Mariuza Toledo Pinheiro<\/p>\n<p style=\"text-align: center\">E-mail: nucleoadm.ich@gmail.com<\/p>\n","protected":false},"excerpt":{"rendered":"<p>Secretaria Geral\u00a0do ICH Rua Coronel Alberto Rosa, 154 96020-220 Pelotas \/ RS Telefone: 3284 5522 ou 3284 5523 E-mail secretariaich@gmail.com Hor\u00e1rio de funcionamento: 14:30h \u00e0s 22:30h A partir de 01\/01\/2022, os atendimentos ser\u00e3o realizados de segunda a sexta-feira, mediante agendamento pr\u00e9vio via e-mail da Secretaria Geral. DIRE\u00c7\u00c3O Diretor: Sebasti\u00e3o Peres Vice-Diretora: Andrea Bachettini SECRETARIA Secret\u00e1rio: [&hellip;]<\/p>\n","protected":false},"author":332,"featured_media":0,"parent":0,"menu_order":0,"comment_status":"closed","ping_status":"closed","template":"","meta":{"jetpack_post_was_ever_published":false,"footnotes":""},"class_list":["post-33","page","type-page","status-publish","hentry"],"jetpack_sharing_enabled":true,"jetpack_shortlink":"https:\/\/wp.me\/P5MuF3-x","_links":{"self":[{"href":"https:\/\/wp.ufpel.edu.br\/ich\/wp-json\/wp\/v2\/pages\/33","targetHints":{"allow":["GET"]}}],"collection":[{"href":"https:\/\/wp.ufpel.edu.br\/ich\/wp-json\/wp\/v2\/pages"}],"about":[{"href":"https:\/\/wp.ufpel.edu.br\/ich\/wp-json\/wp\/v2\/types\/page"}],"author":[{"embeddable":true,"href":"https:\/\/wp.ufpel.edu.br\/ich\/wp-json\/wp\/v2\/users\/332"}],"replies":[{"embeddable":true,"href":"https:\/\/wp.ufpel.edu.br\/ich\/wp-json\/wp\/v2\/comments?post=33"}],"version-history":[{"count":11,"href":"https:\/\/wp.ufpel.edu.br\/ich\/wp-json\/wp\/v2\/pages\/33\/revisions"}],"predecessor-version":[{"id":3897,"href":"https:\/\/wp.ufpel.edu.br\/ich\/wp-json\/wp\/v2\/pages\/33\/revisions\/3897"}],"wp:attachment":[{"href":"https:\/\/wp.ufpel.edu.br\/ich\/wp-json\/wp\/v2\/media?parent=33"}],"curies":[{"name":"wp","href":"https:\/\/api.w.org\/{rel}","templated":true}]}}

<p style="text-align: center">Secretaria Geral do ICH<br />
Rua Coronel Alberto Rosa, 154</p>
<p style="text-align: center">96020-220 Pelotas / RS</p>
<p style="text-align: center">Telefone:<br />
3284 5522 ou 3284 5523</p>
<p style="text-align: center">E-mail<br />
secretariaich@gmail.com</p>
<p style="text-align: center">Horário de funcionamento:<br />
14:30h às 22:30h</p>
<p style="text-align: center"><strong>A partir de 01/01/2022, os atendimentos serão realizados de segunda a sexta-feira, </strong></p>
<p style="text-align: center"><strong>mediante agendamento prévio via e-mail da Secretaria Geral.</strong></p>
<p style="text-align: center"><em>DIREÇÃO</em></p>
<p style="text-align: center">Diretor: Sebastião Peres</p>
<p style="text-align: center">Vice-Diretora: Andrea Bachettini</p>
<p style="text-align: center"><em>SECRETARIA</em></p>
<p style="text-align: center">Secretário: Camilo Cardoso Hisé Rodrigues</p>
<p style="text-align: center">E-mail: secretariaich@gmail,com</p>
<p style="text-align: center"><em>NÚCLEO ADMINISTRATIVO</em></p>
<p style="text-align: center">Chefia do Núcleo: Mariuza Toledo Pinheiro</p>
<p style="text-align: center">E-mail: nucleoadm.ich@gmail.com</p>

<p>Secretaria Geral do ICH Rua Coronel Alberto Rosa, 154 96020-220 Pelotas / RS Telefone: 3284 5522 ou 3284 5523 E-mail secretariaich@gmail.com Horário de funcionamento: 14:30h às 22:30h A partir de 01/01/2022, os atendimentos serão realizados de segunda a sexta-feira, mediante agendamento prévio via e-mail da Secretaria Geral. DIREÇÃO Diretor: Sebastião Peres Vice-Diretora: Andrea Bachettini SECRETARIA Secretário: [&hellip;]</p>
