{"id":2604,"date":"2017-08-09T17:55:17","date_gmt":"2017-08-09T20:55:17","guid":{"rendered":"https:\/\/wp.ufpel.edu.br\/ich\/?page_id=2604"},"modified":"2018-08-17T14:33:45","modified_gmt":"2018-08-17T17:33:45","slug":"sala-323","status":"publish","type":"page","link":"https:\/\/wp.ufpel.edu.br\/ich\/sala-323\/","title":{"rendered":"Solicita\u00e7\u00e3o Sala 323 CCHS"},"content":{"rendered":"<p><span style=\"font-size: 14pt\"><strong>Agendamento para uso da Sala 323<\/strong><\/span><\/p>\n<p>A Sala 323, no Campus das Ci\u00eancias Humanas e Sociais (CCHS) na Rua Alberto Rosa, 154, \u00e9 de uso compartilhado entre o Instituto de Ci\u00eancias Humanas (ICH), a Faculdade de Educa\u00e7\u00e3o (FaE) e o Instituto de Filosofia Sociologia e Pol\u00edtica (IFISP).<\/p>\n<p>O uso da sala \u00e9 para atividades espor\u00e1dicas que n\u00e3o estejam alocadas pelas unidades ou pela Se\u00e7\u00e3o de Aloca\u00e7\u00e3o e Compartilhamento de Espa\u00e7os da Pr\u00f3-Reitoria de Planejamento e Desenvolvimento (SACE\/PROPLAN).<\/p>\n<p>O agendamento, A PARTIR DE 2017\/2 \u00e9 feito pela Secretaria do ICH mediante o envio do <a href=\"https:\/\/wp.ufpel.edu.br\/ich\/files\/2017\/08\/Formul\u00e1rio_Sala_323-1.docx\">Formul\u00e1rio_Sala_323<\/a>\u00a0 para o endere\u00e7o eletr\u00f4nico secretariaich@gmail.com.<\/p>\n<p>Antes de enviar a solicita\u00e7\u00e3o, confira na agenda abaixo a disponibilidade da sala.<\/p>\n<iframe src=\"https:\/\/calendar.google.com\/calendar\/embed?src=8pfsohvjv241r0ies3sj7tqsdg%40group.calendar.google.com&#038;ctz=America%2FSao_Paulo\" frameborder=\"0\" width=\"100%\" height=\"600\" marginheight=\"0\" marginwidth=\"0\" allowfullscreen=\"true\" mozallowfullscreen=\"true\" webkitallowfullscreen=\"true\"><\/iframe>\n<p>&nbsp;<\/p>\n","protected":false},"excerpt":{"rendered":"<p>Agendamento para uso da Sala 323 A Sala 323, no Campus das Ci\u00eancias Humanas e Sociais (CCHS) na Rua Alberto Rosa, 154, \u00e9 de uso compartilhado entre o Instituto de Ci\u00eancias Humanas (ICH), a Faculdade de Educa\u00e7\u00e3o (FaE) e o Instituto de Filosofia Sociologia e Pol\u00edtica (IFISP). O uso da sala \u00e9 para atividades espor\u00e1dicas [&hellip;]<\/p>\n","protected":false},"author":332,"featured_media":0,"parent":0,"menu_order":0,"comment_status":"closed","ping_status":"closed","template":"","meta":{"jetpack_post_was_ever_published":false,"footnotes":""},"class_list":["post-2604","page","type-page","status-publish","hentry"],"jetpack_sharing_enabled":true,"jetpack_shortlink":"https:\/\/wp.me\/P5MuF3-G0","_links":{"self":[{"href":"https:\/\/wp.ufpel.edu.br\/ich\/wp-json\/wp\/v2\/pages\/2604","targetHints":{"allow":["GET"]}}],"collection":[{"href":"https:\/\/wp.ufpel.edu.br\/ich\/wp-json\/wp\/v2\/pages"}],"about":[{"href":"https:\/\/wp.ufpel.edu.br\/ich\/wp-json\/wp\/v2\/types\/page"}],"author":[{"embeddable":true,"href":"https:\/\/wp.ufpel.edu.br\/ich\/wp-json\/wp\/v2\/users\/332"}],"replies":[{"embeddable":true,"href":"https:\/\/wp.ufpel.edu.br\/ich\/wp-json\/wp\/v2\/comments?post=2604"}],"version-history":[{"count":17,"href":"https:\/\/wp.ufpel.edu.br\/ich\/wp-json\/wp\/v2\/pages\/2604\/revisions"}],"predecessor-version":[{"id":3224,"href":"https:\/\/wp.ufpel.edu.br\/ich\/wp-json\/wp\/v2\/pages\/2604\/revisions\/3224"}],"wp:attachment":[{"href":"https:\/\/wp.ufpel.edu.br\/ich\/wp-json\/wp\/v2\/media?parent=2604"}],"curies":[{"name":"wp","href":"https:\/\/api.w.org\/{rel}","templated":true}]}}

Solicitação Sala 323 CCHS

<p><span style="font-size: 14pt"><strong>Agendamento para uso da Sala 323</strong></span></p>
<p>A Sala 323, no Campus das Ciências Humanas e Sociais (CCHS) na Rua Alberto Rosa, 154, é de uso compartilhado entre o Instituto de Ciências Humanas (ICH), a Faculdade de Educação (FaE) e o Instituto de Filosofia Sociologia e Política (IFISP).</p>
<p>O uso da sala é para atividades esporádicas que não estejam alocadas pelas unidades ou pela Seção de Alocação e Compartilhamento de Espaços da Pró-Reitoria de Planejamento e Desenvolvimento (SACE/PROPLAN).</p>
<p>O agendamento, A PARTIR DE 2017/2 é feito pela Secretaria do ICH mediante o envio do <a href="https://wp.ufpel.edu.br/ich/files/2017/08/Formulário_Sala_323-1.docx">Formulário_Sala_323</a>  para o endereço eletrônico secretariaich@gmail.com.</p>
<p>Antes de enviar a solicitação, confira na agenda abaixo a disponibilidade da sala.</p>
<iframe src="https://calendar.google.com/calendar/embed?src=8pfsohvjv241r0ies3sj7tqsdg%40group.calendar.google.com&#038;ctz=America%2FSao_Paulo" frameborder="0" width="100%" height="600" marginheight="0" marginwidth="0" allowfullscreen="true" mozallowfullscreen="true" webkitallowfullscreen="true"></iframe>
<p>&nbsp;</p>

<p>Agendamento para uso da Sala 323 A Sala 323, no Campus das Ciências Humanas e Sociais (CCHS) na Rua Alberto Rosa, 154, é de uso compartilhado entre o Instituto de Ciências Humanas (ICH), a Faculdade de Educação (FaE) e o Instituto de Filosofia Sociologia e Política (IFISP). O uso da sala é para atividades esporádicas [&hellip;]</p>
