{"id":229,"date":"2015-02-22T02:39:24","date_gmt":"2015-02-22T05:39:24","guid":{"rendered":"https:\/\/wp.ufpel.edu.br\/ich\/?page_id=229"},"modified":"2023-05-18T13:17:54","modified_gmt":"2023-05-18T16:17:54","slug":"geografia","status":"publish","type":"page","link":"https:\/\/wp.ufpel.edu.br\/ich\/departamentos\/geografia\/","title":{"rendered":"Geografia"},"content":{"rendered":"<p><strong>Departamento de Geografia<\/strong><\/p>\n<p>Chefe do Departamento de Geografia: Prof. CESAR AUGUSTO FERRARI MARTINEZ<\/p>\n<p>E-mail: <a class=\"\" href=\"mailto:cesar.martinez@ufpel.edu.br\" data-usuario=\"cesar.martinez\">cesar.martinez@ufpel.edu.br<\/a><\/p>\n<p>E-mail:\u00a0<a href=\"mailto:departamento.geoufpel@yahoo.com.br\" target=\"_blank\" rel=\"noopener noreferrer\">departamento.geoufpel@yahoo.com.br<\/a><\/p>\n<p>Telefone: 53-3284 4310<\/p>\n<p>&nbsp;<\/p>\n<p><a href=\"http:\/\/wp.ufpel.edu.br\/geografia\"><strong>Coordena\u00e7\u00e3o dos Colegiados dos Cursos de Geografia<\/strong><\/a><\/p>\n<p>Coordenador: Prof. TIARAJU SALINI DUARTE<\/p>\n<p>E-mail: <a class=\"\" href=\"mailto:tiaraju.salini@ufpel.edu.br\" data-usuario=\"tiaraju.salini\">tiaraju.salini@ufpel.edu.br<\/a><\/p>\n<p>TAE: Aline Pereira<\/p>\n<p>E-mail:\u00a0<a href=\"mailto:col.geografia@hotmail.com\" target=\"_blank\" rel=\"noopener noreferrer\"><span class=\"il\">col.geografia@hotmail.com<\/span><\/a><\/p>\n<p>Hor\u00e1rio: das 08h \u00e0s 20h<\/p>\n<p>Rua Alberto Rosa, 154 &#8211; Sala 121<\/p>\n<p>Telefone: 53-32845525<\/p>\n<p>&nbsp;<\/p>\n<div>\n<p><strong><a title=\"Mestrado em Geografia\" href=\"https:\/\/wp.ufpel.edu.br\/ppgeo\" target=\"_blank\" rel=\"noopener noreferrer\" data-saferedirecturl=\"https:\/\/www.google.com\/url?q=https:\/\/wp.ufpel.edu.br\/ppgeo&amp;source=gmail&amp;ust=1591749697868000&amp;usg=AFQjCNHC-pbkzegxFF2eVw9xwZYq5lPW8Q\">Programa de P\u00f3s-Gradua\u00e7\u00e3o em Geografia<\/a><\/strong><\/p>\n<p><strong>Coordenadora: Liz Cristiane Dias\u00a0<\/strong><\/p>\n<p>E-mail: lizcdias@gmail.com<\/p>\n<p><strong>TAE: <span class=\"gmail_default\">Veridiana Magalh\u00e3es<\/span><\/strong><\/p>\n<p>E-mail: ppgeoufpel@gmail.com<\/p>\n<p>&nbsp;<\/p>\n<p>&nbsp;<\/p>\n<p>&nbsp;<\/p>\n<\/div>\n","protected":false},"excerpt":{"rendered":"<p>Departamento de Geografia Chefe do Departamento de Geografia: Prof. CESAR AUGUSTO FERRARI MARTINEZ E-mail: cesar.martinez@ufpel.edu.br E-mail:\u00a0departamento.geoufpel@yahoo.com.br Telefone: 53-3284 4310 &nbsp; Coordena\u00e7\u00e3o dos Colegiados dos Cursos de Geografia Coordenador: Prof. TIARAJU SALINI DUARTE E-mail: tiaraju.salini@ufpel.edu.br TAE: Aline Pereira E-mail:\u00a0col.geografia@hotmail.com Hor\u00e1rio: das 08h \u00e0s 20h Rua Alberto Rosa, 154 &#8211; Sala 121 Telefone: 53-32845525 &nbsp; Programa de [&hellip;]<\/p>\n","protected":false},"author":332,"featured_media":0,"parent":13,"menu_order":0,"comment_status":"closed","ping_status":"closed","template":"","meta":{"jetpack_post_was_ever_published":false,"footnotes":""},"class_list":["post-229","page","type-page","status-publish","hentry"],"jetpack_sharing_enabled":true,"jetpack_shortlink":"https:\/\/wp.me\/P5MuF3-3H","_links":{"self":[{"href":"https:\/\/wp.ufpel.edu.br\/ich\/wp-json\/wp\/v2\/pages\/229","targetHints":{"allow":["GET"]}}],"collection":[{"href":"https:\/\/wp.ufpel.edu.br\/ich\/wp-json\/wp\/v2\/pages"}],"about":[{"href":"https:\/\/wp.ufpel.edu.br\/ich\/wp-json\/wp\/v2\/types\/page"}],"author":[{"embeddable":true,"href":"https:\/\/wp.ufpel.edu.br\/ich\/wp-json\/wp\/v2\/users\/332"}],"replies":[{"embeddable":true,"href":"https:\/\/wp.ufpel.edu.br\/ich\/wp-json\/wp\/v2\/comments?post=229"}],"version-history":[{"count":17,"href":"https:\/\/wp.ufpel.edu.br\/ich\/wp-json\/wp\/v2\/pages\/229\/revisions"}],"predecessor-version":[{"id":4053,"href":"https:\/\/wp.ufpel.edu.br\/ich\/wp-json\/wp\/v2\/pages\/229\/revisions\/4053"}],"up":[{"embeddable":true,"href":"https:\/\/wp.ufpel.edu.br\/ich\/wp-json\/wp\/v2\/pages\/13"}],"wp:attachment":[{"href":"https:\/\/wp.ufpel.edu.br\/ich\/wp-json\/wp\/v2\/media?parent=229"}],"curies":[{"name":"wp","href":"https:\/\/api.w.org\/{rel}","templated":true}]}}

<p><strong>Departamento de Geografia</strong></p>
<p>Chefe do Departamento de Geografia: Prof. CESAR AUGUSTO FERRARI MARTINEZ</p>
<p>E-mail: <a class="" href="mailto:cesar.martinez@ufpel.edu.br" data-usuario="cesar.martinez">cesar.martinez@ufpel.edu.br</a></p>
<p>E-mail: <a href="mailto:departamento.geoufpel@yahoo.com.br" target="_blank" rel="noopener noreferrer">departamento.geoufpel@yahoo.com.br</a></p>
<p>Telefone: 53-3284 4310</p>
<p>&nbsp;</p>
<p><a href="http://wp.ufpel.edu.br/geografia"><strong>Coordenação dos Colegiados dos Cursos de Geografia</strong></a></p>
<p>Coordenador: Prof. TIARAJU SALINI DUARTE</p>
<p>E-mail: <a class="" href="mailto:tiaraju.salini@ufpel.edu.br" data-usuario="tiaraju.salini">tiaraju.salini@ufpel.edu.br</a></p>
<p>TAE: Aline Pereira</p>
<p>E-mail: <a href="mailto:col.geografia@hotmail.com" target="_blank" rel="noopener noreferrer"><span class="il">col.geografia@hotmail.com</span></a></p>
<p>Horário: das 08h às 20h</p>
<p>Rua Alberto Rosa, 154 &#8211; Sala 121</p>
<p>Telefone: 53-32845525</p>
<p>&nbsp;</p>
<div>
<p><strong><a title="Mestrado em Geografia" href="https://wp.ufpel.edu.br/ppgeo" target="_blank" rel="noopener noreferrer" data-saferedirecturl="https://www.google.com/url?q=https://wp.ufpel.edu.br/ppgeo&amp;source=gmail&amp;ust=1591749697868000&amp;usg=AFQjCNHC-pbkzegxFF2eVw9xwZYq5lPW8Q">Programa de Pós-Graduação em Geografia</a></strong></p>
<p><strong>Coordenadora: Liz Cristiane Dias </strong></p>
<p>E-mail: lizcdias@gmail.com</p>
<p><strong>TAE: <span class="gmail_default">Veridiana Magalhães</span></strong></p>
<p>E-mail: ppgeoufpel@gmail.com</p>
<p>&nbsp;</p>
<p>&nbsp;</p>
<p>&nbsp;</p>
</div>

<p>Departamento de Geografia Chefe do Departamento de Geografia: Prof. CESAR AUGUSTO FERRARI MARTINEZ E-mail: cesar.martinez@ufpel.edu.br E-mail: departamento.geoufpel@yahoo.com.br Telefone: 53-3284 4310 &nbsp; Coordenação dos Colegiados dos Cursos de Geografia Coordenador: Prof. TIARAJU SALINI DUARTE E-mail: tiaraju.salini@ufpel.edu.br TAE: Aline Pereira E-mail: col.geografia@hotmail.com Horário: das 08h às 20h Rua Alberto Rosa, 154 &#8211; Sala 121 Telefone: 53-32845525 &nbsp; Programa de [&hellip;]</p>
