{"id":227,"date":"2015-02-22T02:38:48","date_gmt":"2015-02-22T05:38:48","guid":{"rendered":"https:\/\/wp.ufpel.edu.br\/ich\/?page_id=227"},"modified":"2023-06-15T10:17:44","modified_gmt":"2023-06-15T13:17:44","slug":"historia","status":"publish","type":"page","link":"https:\/\/wp.ufpel.edu.br\/ich\/departamentos\/historia\/","title":{"rendered":"Hist\u00f3ria"},"content":{"rendered":"<p>&nbsp;<\/p>\n<p><a href=\"http:\/\/wp.ufpel.edu.br\/historia\">Cursos de Licenciatura e Bacharelado em Hist\u00f3ria<\/a><\/p>\n<p><strong>Campus ICH ALBERTO ROSA<\/strong><\/p>\n<p>Rua Alberto Rosa, 154<\/p>\n<p>96010-770 Pelotas \/ RS<\/p>\n<p>Telefone: 3284 5525<\/p>\n<p>&nbsp;<\/p>\n<p><strong>Departamento de Hist\u00f3ria<\/strong><\/p>\n<p>Chefe do Departamento: Prof. Wilian Junior Bonete<\/p>\n<p>E-mail: wjbonete@gmail.com<\/p>\n<p>Telefone: 3284 5525<\/p>\n<p>Hor\u00e1rio: das 08h \u00e0s 20h<\/p>\n<p>&nbsp;<\/p>\n<p><strong>Colegiado dos Cursos de Hist\u00f3ria<\/strong><\/p>\n<p>Coordenadora: Prof. Aristeu Elisandro Machado Lopes<\/p>\n<p>E-mail: aristeuufpel@yahoo.com.br<\/p>\n<p>Secret\u00e1ria do Colegiado: Fernanda de Medeiros Cunha<\/p>\n<p>E-mail: hist.ufpel@gmail.com<\/p>\n<p>Telefone: 3284 5525<\/p>\n<p>Hor\u00e1rio: das 08h \u00e0s 20h<\/p>\n<p>&nbsp;<\/p>\n<p>&nbsp;<\/p>\n","protected":false},"excerpt":{"rendered":"<p>&nbsp; Cursos de Licenciatura e Bacharelado em Hist\u00f3ria Campus ICH ALBERTO ROSA Rua Alberto Rosa, 154 96010-770 Pelotas \/ RS Telefone: 3284 5525 &nbsp; Departamento de Hist\u00f3ria Chefe do Departamento: Prof. Wilian Junior Bonete E-mail: wjbonete@gmail.com Telefone: 3284 5525 Hor\u00e1rio: das 08h \u00e0s 20h &nbsp; Colegiado dos Cursos de Hist\u00f3ria Coordenadora: Prof. Aristeu Elisandro Machado [&hellip;]<\/p>\n","protected":false},"author":332,"featured_media":0,"parent":13,"menu_order":0,"comment_status":"closed","ping_status":"closed","template":"","meta":{"jetpack_post_was_ever_published":false,"footnotes":""},"class_list":["post-227","page","type-page","status-publish","hentry"],"jetpack_sharing_enabled":true,"jetpack_shortlink":"https:\/\/wp.me\/P5MuF3-3F","_links":{"self":[{"href":"https:\/\/wp.ufpel.edu.br\/ich\/wp-json\/wp\/v2\/pages\/227","targetHints":{"allow":["GET"]}}],"collection":[{"href":"https:\/\/wp.ufpel.edu.br\/ich\/wp-json\/wp\/v2\/pages"}],"about":[{"href":"https:\/\/wp.ufpel.edu.br\/ich\/wp-json\/wp\/v2\/types\/page"}],"author":[{"embeddable":true,"href":"https:\/\/wp.ufpel.edu.br\/ich\/wp-json\/wp\/v2\/users\/332"}],"replies":[{"embeddable":true,"href":"https:\/\/wp.ufpel.edu.br\/ich\/wp-json\/wp\/v2\/comments?post=227"}],"version-history":[{"count":20,"href":"https:\/\/wp.ufpel.edu.br\/ich\/wp-json\/wp\/v2\/pages\/227\/revisions"}],"predecessor-version":[{"id":4063,"href":"https:\/\/wp.ufpel.edu.br\/ich\/wp-json\/wp\/v2\/pages\/227\/revisions\/4063"}],"up":[{"embeddable":true,"href":"https:\/\/wp.ufpel.edu.br\/ich\/wp-json\/wp\/v2\/pages\/13"}],"wp:attachment":[{"href":"https:\/\/wp.ufpel.edu.br\/ich\/wp-json\/wp\/v2\/media?parent=227"}],"curies":[{"name":"wp","href":"https:\/\/api.w.org\/{rel}","templated":true}]}}