{"id":188,"date":"2015-02-19T09:01:17","date_gmt":"2015-02-19T11:01:17","guid":{"rendered":"https:\/\/wp.ufpel.edu.br\/ich\/?page_id=188"},"modified":"2018-10-30T09:06:29","modified_gmt":"2018-10-30T12:06:29","slug":"atas-do-cd","status":"publish","type":"page","link":"https:\/\/wp.ufpel.edu.br\/ich\/portarias-do-ich-2\/atas-do-cd\/","title":{"rendered":"Atas do CD"},"content":{"rendered":"<p>A seguir est\u00e3o dispon\u00edveis c\u00f3pias das atas das reuni\u00f5es do Conselho Departamental do Instituto de Ci\u00eancias Humanas. Os documentos servem apenas para dar publicidade aos temas discutidos nas respectivas reuni\u00f5es. Os documentos originais, assinados, est\u00e3o arquivados na Secretaria do instituto.<\/p>\n<p><span style=\"font-size: 14pt\"><strong>2017<\/strong><\/span><\/p>\n<p><a href=\"https:\/\/wp.ufpel.edu.br\/ich\/files\/2015\/02\/CD_Ata_01_01022017_1430_.pdf\">CD_Ata_01_01022017_1430_<\/a><\/p>\n<p><a href=\"https:\/\/wp.ufpel.edu.br\/ich\/files\/2015\/02\/CD_Ata_02_01022017_1600.pdf\">CD_Ata_02_01022017_1600<\/a><\/p>\n<p><a href=\"https:\/\/wp.ufpel.edu.br\/ich\/files\/2015\/02\/CD_Ata_03_23022017_1430.pdf\">CD_Ata_03_23022017_1430<\/a><\/p>\n<p><a href=\"https:\/\/wp.ufpel.edu.br\/ich\/files\/2015\/02\/CD_Ata_04_23022017_1630.pdf\">CD_Ata_04_23022017_1630<\/a><\/p>\n<p><a href=\"https:\/\/wp.ufpel.edu.br\/ich\/files\/2015\/02\/CD_Ata_05_20032017_1430_RAAD.pdf\">CD_Ata_05_20032017_1430_RAAD<\/a><\/p>\n<p><a href=\"https:\/\/wp.ufpel.edu.br\/ich\/files\/2015\/02\/CD_Ata_06_20032017_1530.pdf\">CD_Ata_06_20032017_1530<\/a><\/p>\n<p><a href=\"https:\/\/wp.ufpel.edu.br\/ich\/files\/2015\/02\/CD_Ata_08_31052017_1430-1.pdf\">CD_Ata_08_31052017_1430<\/a><\/p>\n<p><a href=\"https:\/\/wp.ufpel.edu.br\/ich\/files\/2015\/02\/CD_Ata_10_22062017_1430.pdf\">CD_Ata_10_22062017_1430<\/a><\/p>\n<p><a href=\"https:\/\/wp.ufpel.edu.br\/ich\/files\/2015\/02\/CD_Ata_12_21072017_1430.pdf\">CD_Ata_12_21072017_1430<\/a><\/p>\n<p><a href=\"https:\/\/wp.ufpel.edu.br\/ich\/files\/2015\/02\/CD_Ata_14_14082017_1430.pdf\">CD_Ata_14_14082017_1430<\/a><\/p>\n<p><a href=\"https:\/\/wp.ufpel.edu.br\/ich\/files\/2015\/02\/CD_Ata_16_05102017_1430_APCN_Hist\u00f3ria_Economia.pdf\">CD_Ata_16_05102017_1430_APCN_Hist\u00f3ria_Economia<\/a><\/p>\n<p><a href=\"https:\/\/wp.ufpel.edu.br\/ich\/files\/2015\/02\/CD_Ata_17_09102017_1430.pdf\">CD_Ata_17_09102017_1430<\/a><\/p>\n<p>&nbsp;<\/p>\n<p>&nbsp;<\/p>\n<p><span style=\"font-size: 14pt\"><strong>2016<\/strong><\/span><\/p>\n<p><a href=\"https:\/\/wp.ufpel.edu.br\/ich\/files\/2015\/02\/CD_Ata_01_16032016.pdf\">CD_Ata_01_16032016<\/a><\/p>\n<p><a href=\"https:\/\/wp.ufpel.edu.br\/ich\/files\/2015\/02\/CD_Ata_02_16032016.pdf\">CD_Ata_02_16032016<\/a><\/p>\n<p><a href=\"https:\/\/wp.ufpel.edu.br\/ich\/files\/2015\/02\/CD_Ata_03_16032016.pdf\">CD_Ata_03_16032016<\/a><\/p>\n<p><a href=\"https:\/\/wp.ufpel.edu.br\/ich\/files\/2015\/02\/CD_Ata_04_16032016.pdf\">CD_Ata_04_16032016]<\/a><\/p>\n<p>CD_Ata_05_23032016<\/p>\n<p><a href=\"https:\/\/wp.ufpel.edu.br\/ich\/files\/2015\/02\/CD_Ata_06_11042016.pdf\">CD_Ata_06_11042016<\/a><\/p>\n<p>CD_Ata_07_11042016<\/p>\n<p><a href=\"https:\/\/wp.ufpel.edu.br\/ich\/files\/2015\/02\/CD_Ata_08_0305016.pdf\">CD_Ata_08_0305016<\/a><\/p>\n<p><a href=\"https:\/\/wp.ufpel.edu.br\/ich\/files\/2015\/02\/CD_Ata_09_03052016.pdf\">CD_Ata_09_03052016<\/a><\/p>\n<p><a href=\"https:\/\/wp.ufpel.edu.br\/ich\/files\/2017\/02\/CD_Ata_21_03102016.pdf\">CD_Ata_21_03102016<\/a><\/p>\n<p>&nbsp;<\/p>\n<p>&nbsp;<\/p>\n<p>&nbsp;<\/p>\n<p><strong>2015<\/strong><\/p>\n<p><a href=\"https:\/\/wp.ufpel.edu.br\/ich\/files\/2015\/02\/CD_Ata_01_09032015.pdf\">CD_Ata_01_09032015<\/a><\/p>\n<p><a href=\"https:\/\/wp.ufpel.edu.br\/ich\/files\/2015\/02\/CD_Ata_02_09032015.pdf\">CD_Ata_02_09032015<\/a><\/p>\n<p><a href=\"https:\/\/wp.ufpel.edu.br\/ich\/files\/2015\/02\/CD_Ata_03_09032015.pdf\">CD_Ata_03_09032015<\/a><\/p>\n<p><a href=\"https:\/\/wp.ufpel.edu.br\/ich\/files\/2015\/02\/CD_Ata_04_19032015.pdf\">CD_Ata_04_19032015<\/a><\/p>\n<p><a href=\"https:\/\/wp.ufpel.edu.br\/ich\/files\/2015\/02\/CD_Ata_05_19032015.pdf\">CD_Ata_05_19032015<\/a><\/p>\n<p><a href=\"https:\/\/wp.ufpel.edu.br\/ich\/files\/2015\/02\/CD_Ata_06_19032015.pdf\">CD_Ata_06_19032015<\/a><\/p>\n<p><a href=\"https:\/\/wp.ufpel.edu.br\/ich\/files\/2015\/02\/CD_Ata_07_31032015.pdf\">CD_Ata_07_31032015<\/a><\/p>\n<p><a href=\"https:\/\/wp.ufpel.edu.br\/ich\/files\/2015\/02\/CD_Ata_08_31032015.pdf\">CD_Ata_08_31032015<\/a><\/p>\n<p><a href=\"https:\/\/wp.ufpel.edu.br\/ich\/files\/2015\/02\/CD_Ata_09_22042015.pdf\">CD_Ata_09_22042015<\/a><\/p>\n<p><a href=\"https:\/\/wp.ufpel.edu.br\/ich\/files\/2015\/02\/CD_Ata_10_22042015.pdf\">CD_Ata_10_22042015<\/a><\/p>\n<p><a href=\"https:\/\/wp.ufpel.edu.br\/ich\/files\/2015\/02\/CD_Ata_11_07052015.pdf\">CD_Ata_11_07052015<\/a><\/p>\n<p><a href=\"https:\/\/wp.ufpel.edu.br\/ich\/files\/2015\/02\/CD_Ata_12_15052015.pdf\">CD_Ata_12_15052015<\/a><\/p>\n<p><a href=\"https:\/\/wp.ufpel.edu.br\/ich\/files\/2015\/02\/CD_Ata_13_15052015.pdf\">CD_Ata_13_15052015<\/a><\/p>\n<p><a href=\"https:\/\/wp.ufpel.edu.br\/ich\/files\/2015\/02\/CD_Ata_14_15052015.pdf\">CD_Ata_14_15052015<\/a><\/p>\n<p><a href=\"https:\/\/wp.ufpel.edu.br\/ich\/files\/2015\/02\/CD_Ata_15_29052015.pdf\">CD_Ata_15_29052015<\/a><\/p>\n<p><a href=\"https:\/\/wp.ufpel.edu.br\/ich\/files\/2015\/02\/CD_Ata_16_29052015.pdf\">CD_Ata_16_29052015<\/a><\/p>\n<p><a href=\"https:\/\/wp.ufpel.edu.br\/ich\/files\/2015\/02\/CD_Ata_17_22062015.pdf\">CD_Ata_17_22062015<\/a><\/p>\n<p><a href=\"https:\/\/wp.ufpel.edu.br\/ich\/files\/2015\/02\/CD_Ata_18_30062015.pdf\">CD_Ata_18_30062015<\/a><\/p>\n<p><a href=\"https:\/\/wp.ufpel.edu.br\/ich\/files\/2015\/02\/CD_Ata_19_07072015_.pdf\">CD_Ata_19_07072015_<\/a><\/p>\n<p><a href=\"https:\/\/wp.ufpel.edu.br\/ich\/files\/2015\/02\/CD_Ata_20_18082015_.pdf\">CD_Ata_20_18082015_<\/a><\/p>\n<p><a href=\"https:\/\/wp.ufpel.edu.br\/ich\/files\/2015\/02\/CD_Ata_21_09092015_.pdf\">CD_Ata_21_09092015_<\/a><\/p>\n<p><a href=\"https:\/\/wp.ufpel.edu.br\/ich\/files\/2015\/02\/CD_Ata_22_01102015_.pdf\">CD_Ata_22_01102015_<\/a><\/p>\n<p><a href=\"https:\/\/wp.ufpel.edu.br\/ich\/files\/2015\/02\/CD_Ata_23_23102015_.pdf\">CD_Ata_23_23102015_<\/a><\/p>\n<p><a href=\"https:\/\/wp.ufpel.edu.br\/ich\/files\/2015\/02\/CD_Ata_25_23102015_.pdf\">CD_Ata_25_23102015_<\/a><\/p>\n<p><a href=\"https:\/\/wp.ufpel.edu.br\/ich\/files\/2015\/02\/CD_Ata_26_16112015_.pdf\">CD_Ata_26_16112015_<\/a><\/p>\n<p><a href=\"https:\/\/wp.ufpel.edu.br\/ich\/files\/2015\/02\/CD_Ata_28_08122015_.pdf\">CD_Ata_28_08122015_<\/a><\/p>\n<p><a href=\"https:\/\/wp.ufpel.edu.br\/ich\/files\/2015\/02\/CD_Ata_30_16122015.pdf\">CD_Ata_30_16122015<\/a><\/p>\n<p><a href=\"https:\/\/wp.ufpel.edu.br\/ich\/files\/2015\/02\/CD_Ata_32_16122015_.pdf\">CD_Ata_32_16122015_<\/a><\/p>\n<p>&nbsp;<\/p>\n<p>&nbsp;<\/p>\n<p>&nbsp;<\/p>\n<p>&nbsp;<\/p>\n<p>&nbsp;<\/p>\n<p>&nbsp;<\/p>\n<p>&nbsp;<\/p>\n<p>&nbsp;<\/p>\n","protected":false},"excerpt":{"rendered":"<p>A seguir est\u00e3o dispon\u00edveis c\u00f3pias das atas das reuni\u00f5es do Conselho Departamental do Instituto de Ci\u00eancias Humanas. Os documentos servem apenas para dar publicidade aos temas discutidos nas respectivas reuni\u00f5es. Os documentos originais, assinados, est\u00e3o arquivados na Secretaria do instituto. 2017 CD_Ata_01_01022017_1430_ CD_Ata_02_01022017_1600 CD_Ata_03_23022017_1430 CD_Ata_04_23022017_1630 CD_Ata_05_20032017_1430_RAAD CD_Ata_06_20032017_1530 CD_Ata_08_31052017_1430 CD_Ata_10_22062017_1430 CD_Ata_12_21072017_1430 CD_Ata_14_14082017_1430 CD_Ata_16_05102017_1430_APCN_Hist\u00f3ria_Economia CD_Ata_17_09102017_1430 &nbsp; &nbsp; [&hellip;]<\/p>\n","protected":false},"author":332,"featured_media":0,"parent":172,"menu_order":0,"comment_status":"closed","ping_status":"closed","template":"","meta":{"jetpack_post_was_ever_published":false,"footnotes":""},"class_list":["post-188","page","type-page","status-publish","hentry"],"jetpack_sharing_enabled":true,"jetpack_shortlink":"https:\/\/wp.me\/P5MuF3-32","_links":{"self":[{"href":"https:\/\/wp.ufpel.edu.br\/ich\/wp-json\/wp\/v2\/pages\/188","targetHints":{"allow":["GET"]}}],"collection":[{"href":"https:\/\/wp.ufpel.edu.br\/ich\/wp-json\/wp\/v2\/pages"}],"about":[{"href":"https:\/\/wp.ufpel.edu.br\/ich\/wp-json\/wp\/v2\/types\/page"}],"author":[{"embeddable":true,"href":"https:\/\/wp.ufpel.edu.br\/ich\/wp-json\/wp\/v2\/users\/332"}],"replies":[{"embeddable":true,"href":"https:\/\/wp.ufpel.edu.br\/ich\/wp-json\/wp\/v2\/comments?post=188"}],"version-history":[{"count":32,"href":"https:\/\/wp.ufpel.edu.br\/ich\/wp-json\/wp\/v2\/pages\/188\/revisions"}],"predecessor-version":[{"id":2736,"href":"https:\/\/wp.ufpel.edu.br\/ich\/wp-json\/wp\/v2\/pages\/188\/revisions\/2736"}],"up":[{"embeddable":true,"href":"https:\/\/wp.ufpel.edu.br\/ich\/wp-json\/wp\/v2\/pages\/172"}],"wp:attachment":[{"href":"https:\/\/wp.ufpel.edu.br\/ich\/wp-json\/wp\/v2\/media?parent=188"}],"curies":[{"name":"wp","href":"https:\/\/api.w.org\/{rel}","templated":true}]}}